{"id":996,"date":"2018-10-10T14:09:26","date_gmt":"2018-10-10T12:09:26","guid":{"rendered":"http:\/\/www.texty.santegidio.cz?page_id=996"},"modified":"2018-10-10T14:09:26","modified_gmt":"2018-10-10T12:09:26","slug":"vanocni-modlitba","status":"publish","type":"page","link":"https:\/\/www.texty.santegidio.cz\/?page_id=996","title":{"rendered":"V\u00e1no\u010dn\u00ed modlitba"},"content":{"rendered":"<p>Po\u017eehnan&eacute; d&iacute;t\u011b, <br \/> kter&eacute; dnes naplnilo Betl&eacute;m j&aacute;sotem.<br \/> Po\u017eehnan&yacute; ten,<br \/> kter&yacute; dal oml&aacute;dnout lidstvu.<br \/> Po\u017eehnan&yacute; ten,<br \/> kter&yacute; se sklonil,<br \/> aby uti&scaron;il n&aacute;&scaron; hlad. <br \/> Po\u017eehnan&yacute; dobrotiv&yacute;,<br \/> jen\u017e obohatil na&scaron;i chudobu<br \/> a&nbsp;pomohl n&aacute;m p\u0159eklenout na&scaron;i nouzi.<br \/> Po\u017eehnan&yacute; ten, jen\u017e se sklonil,<br \/> aby na sebe vzal na&scaron;e slabosti.<br \/> Po\u017eehnan&yacute; ten, jen\u017e pro n&aacute;s p\u0159elo\u017eil <br \/> sv&aacute; tajemstv&iacute; do na&scaron;eho jazyka.<br \/> Sl&aacute;va tomu, jen\u017e n&aacute;s osvobodil<br \/> a&nbsp;byl spout&aacute;n m&iacute;sto n&aacute;s.<br \/> Sl&aacute;va tomu, kdo se stal pot\u0159ebn&yacute;m,<br \/> proto\u017ee n&aacute;s miluje,<br \/> tomu, kdo \u017e&iacute;zn&iacute;,<br \/> nebo\u0165 n&aacute;s m&aacute; r&aacute;d,<br \/> a&nbsp;\u017e&aacute;dal od n&aacute;s,<br \/> abychom byli s&nbsp;n&iacute;m.<br \/> Nyn&iacute; i&nbsp;v\u017edycky. Amen.<br \/> <em>(Efrem Syrsk&yacute;<\/em><br \/> &nbsp;<\/p>\n","protected":false},"excerpt":{"rendered":"<p>Po\u017eehnan&eacute; d&iacute;t\u011b, kter&eacute; dnes naplnilo Betl&eacute;m j&aacute;sotem. Po\u017eehnan&yacute; ten, kter&yacute; dal oml&aacute;dnout lidstvu. Po\u017eehnan&yacute; ten, kter&yacute; se sklonil, aby uti&scaron;il n&aacute;&scaron; hlad. Po\u017eehnan&yacute; dobrotiv&yacute;, jen\u017e obohatil na&scaron;i chudobu a&nbsp;pomohl n&aacute;m p\u0159eklenout na&scaron;i nouzi. Po\u017eehnan&yacute; ten, jen\u017e se sklonil, aby na sebe vzal na&scaron;e slabosti. Po\u017eehnan&yacute; ten, jen\u017e pro n&aacute;s p\u0159elo\u017eil sv&aacute; tajemstv&iacute; do na&scaron;eho jazyka. &#8230; <a title=\"V\u00e1no\u010dn\u00ed modlitba\" class=\"read-more\" href=\"https:\/\/www.texty.santegidio.cz\/?page_id=996\" aria-label=\"More on V\u00e1no\u010dn\u00ed modlitba\">Read more<\/a><\/p>\n","protected":false},"author":1,"featured_media":0,"parent":702,"menu_order":0,"comment_status":"open","ping_status":"open","template":"","meta":{"_uag_custom_page_level_css":"","jetpack_post_was_ever_published":false,"footnotes":""},"class_list":["post-996","page","type-page","status-publish"],"uagb_featured_image_src":{"full":false,"thumbnail":false,"medium":false,"medium_large":false,"large":false,"1536x1536":false,"2048x2048":false},"uagb_author_info":{"display_name":"Pavel","author_link":"https:\/\/www.texty.santegidio.cz\/?author=1"},"uagb_comment_info":0,"uagb_excerpt":"Po\u017eehnan&eacute; d&iacute;t\u011b, kter&eacute; dnes naplnilo Betl&eacute;m j&aacute;sotem. Po\u017eehnan&yacute; ten, kter&yacute; dal oml&aacute;dnout lidstvu. Po\u017eehnan&yacute; ten, kter&yacute; se sklonil, aby uti&scaron;il n&aacute;&scaron; hlad. Po\u017eehnan&yacute; dobrotiv&yacute;, jen\u017e obohatil na&scaron;i chudobu a&nbsp;pomohl n&aacute;m p\u0159eklenout na&scaron;i nouzi. Po\u017eehnan&yacute; ten, jen\u017e se sklonil, aby na sebe vzal na&scaron;e slabosti. Po\u017eehnan&yacute; ten, jen\u017e pro n&aacute;s p\u0159elo\u017eil sv&aacute; tajemstv&iacute; do na&scaron;eho jazyka.&hellip;","jetpack_sharing_enabled":true,"jetpack_shortlink":"https:\/\/wp.me\/PawMsT-g4","_links":{"self":[{"href":"https:\/\/www.texty.santegidio.cz\/index.php?rest_route=\/wp\/v2\/pages\/996","targetHints":{"allow":["GET"]}}],"collection":[{"href":"https:\/\/www.texty.santegidio.cz\/index.php?rest_route=\/wp\/v2\/pages"}],"about":[{"href":"https:\/\/www.texty.santegidio.cz\/index.php?rest_route=\/wp\/v2\/types\/page"}],"author":[{"embeddable":true,"href":"https:\/\/www.texty.santegidio.cz\/index.php?rest_route=\/wp\/v2\/users\/1"}],"replies":[{"embeddable":true,"href":"https:\/\/www.texty.santegidio.cz\/index.php?rest_route=%2Fwp%2Fv2%2Fcomments&post=996"}],"version-history":[{"count":0,"href":"https:\/\/www.texty.santegidio.cz\/index.php?rest_route=\/wp\/v2\/pages\/996\/revisions"}],"up":[{"embeddable":true,"href":"https:\/\/www.texty.santegidio.cz\/index.php?rest_route=\/wp\/v2\/pages\/702"}],"wp:attachment":[{"href":"https:\/\/www.texty.santegidio.cz\/index.php?rest_route=%2Fwp%2Fv2%2Fmedia&parent=996"}],"curies":[{"name":"wp","href":"https:\/\/api.w.org\/{rel}","templated":true}]}}