{"id":978,"date":"2018-10-10T14:09:17","date_gmt":"2018-10-10T12:09:17","guid":{"rendered":"http:\/\/www.texty.santegidio.cz?page_id=978"},"modified":"2018-10-10T14:09:17","modified_gmt":"2018-10-10T12:09:17","slug":"modlitba-za-ochranu-komunity","status":"publish","type":"page","link":"https:\/\/www.texty.santegidio.cz\/?page_id=978","title":{"rendered":"Modlitba za ochranu Komunity"},"content":{"rendered":"<p>&Oacute;&nbsp;Pane, n&aacute;&scaron; Bo\u017ee,<br \/> nal&eacute;hav\u011b t\u011b s&nbsp;v&iacute;rou pros&iacute;me,<br \/> abys r&aacute;\u010dil chr&aacute;nit<br \/> tuto na&scaron;i Komunitu<br \/> od &uacute;klad\u016f zla,<br \/> od nen&aacute;visti nep\u0159&iacute;tele,<br \/> od lidsk&eacute; z&aacute;visti,<br \/> od ducha tohoto sv\u011bta,<br \/> od rozd\u011blen&iacute; a&nbsp;trpkosti.<br \/> Po\u017eehnej na&scaron;emu \u017eivotu<br \/> sv&yacute;m milosrdenstv&iacute;m,<br \/> dej, a\u0165 na&scaron;e l&aacute;ska nese plody,<br \/> a\u0165 jsme opravdov&yacute;mi sv\u011bdky tv&eacute;ho slova,<br \/> u\u010dedn&iacute;ky hodn&yacute;mi milosti,<br \/> ji\u017e jsme obdr\u017eeli.<br \/> Nyn&iacute; i&nbsp;v\u017edycky. Amen.<\/p>\n<p><\/p>\n","protected":false},"excerpt":{"rendered":"<p>&Oacute;&nbsp;Pane, n&aacute;&scaron; Bo\u017ee, nal&eacute;hav\u011b t\u011b s&nbsp;v&iacute;rou pros&iacute;me, abys r&aacute;\u010dil chr&aacute;nit tuto na&scaron;i Komunitu od &uacute;klad\u016f zla, od nen&aacute;visti nep\u0159&iacute;tele, od lidsk&eacute; z&aacute;visti, od ducha tohoto sv\u011bta, od rozd\u011blen&iacute; a&nbsp;trpkosti. Po\u017eehnej na&scaron;emu \u017eivotu sv&yacute;m milosrdenstv&iacute;m, dej, a\u0165 na&scaron;e l&aacute;ska nese plody, a\u0165 jsme opravdov&yacute;mi sv\u011bdky tv&eacute;ho slova, u\u010dedn&iacute;ky hodn&yacute;mi milosti, ji\u017e jsme obdr\u017eeli. Nyn&iacute; i&nbsp;v\u017edycky. Amen.<\/p>\n","protected":false},"author":1,"featured_media":0,"parent":698,"menu_order":0,"comment_status":"open","ping_status":"open","template":"","meta":{"_uag_custom_page_level_css":"","jetpack_post_was_ever_published":false,"footnotes":""},"class_list":["post-978","page","type-page","status-publish"],"uagb_featured_image_src":{"full":false,"thumbnail":false,"medium":false,"medium_large":false,"large":false,"1536x1536":false,"2048x2048":false},"uagb_author_info":{"display_name":"Pavel","author_link":"https:\/\/www.texty.santegidio.cz\/?author=1"},"uagb_comment_info":0,"uagb_excerpt":"&Oacute;&nbsp;Pane, n&aacute;&scaron; Bo\u017ee, nal&eacute;hav\u011b t\u011b s&nbsp;v&iacute;rou pros&iacute;me, abys r&aacute;\u010dil chr&aacute;nit tuto na&scaron;i Komunitu od &uacute;klad\u016f zla, od nen&aacute;visti nep\u0159&iacute;tele, od lidsk&eacute; z&aacute;visti, od ducha tohoto sv\u011bta, od rozd\u011blen&iacute; a&nbsp;trpkosti. Po\u017eehnej na&scaron;emu \u017eivotu sv&yacute;m milosrdenstv&iacute;m, dej, a\u0165 na&scaron;e l&aacute;ska nese plody, a\u0165 jsme opravdov&yacute;mi sv\u011bdky tv&eacute;ho slova, u\u010dedn&iacute;ky hodn&yacute;mi milosti, ji\u017e jsme obdr\u017eeli. Nyn&iacute; i&nbsp;v\u017edycky. Amen.","jetpack_sharing_enabled":true,"jetpack_shortlink":"https:\/\/wp.me\/PawMsT-fM","_links":{"self":[{"href":"https:\/\/www.texty.santegidio.cz\/index.php?rest_route=\/wp\/v2\/pages\/978","targetHints":{"allow":["GET"]}}],"collection":[{"href":"https:\/\/www.texty.santegidio.cz\/index.php?rest_route=\/wp\/v2\/pages"}],"about":[{"href":"https:\/\/www.texty.santegidio.cz\/index.php?rest_route=\/wp\/v2\/types\/page"}],"author":[{"embeddable":true,"href":"https:\/\/www.texty.santegidio.cz\/index.php?rest_route=\/wp\/v2\/users\/1"}],"replies":[{"embeddable":true,"href":"https:\/\/www.texty.santegidio.cz\/index.php?rest_route=%2Fwp%2Fv2%2Fcomments&post=978"}],"version-history":[{"count":0,"href":"https:\/\/www.texty.santegidio.cz\/index.php?rest_route=\/wp\/v2\/pages\/978\/revisions"}],"up":[{"embeddable":true,"href":"https:\/\/www.texty.santegidio.cz\/index.php?rest_route=\/wp\/v2\/pages\/698"}],"wp:attachment":[{"href":"https:\/\/www.texty.santegidio.cz\/index.php?rest_route=%2Fwp%2Fv2%2Fmedia&parent=978"}],"curies":[{"name":"wp","href":"https:\/\/api.w.org\/{rel}","templated":true}]}}