{"id":973,"date":"2018-10-10T14:09:17","date_gmt":"2018-10-10T12:09:17","guid":{"rendered":"http:\/\/www.texty.santegidio.cz?page_id=973"},"modified":"2018-10-10T14:09:17","modified_gmt":"2018-10-10T12:09:17","slug":"modlitba-za-znameni-pokoje","status":"publish","type":"page","link":"https:\/\/www.texty.santegidio.cz\/?page_id=973","title":{"rendered":"Modlitba za znamen\u00ed pokoje"},"content":{"rendered":"<p>Pane, n&aacute;&scaron; Bo\u017ee,<br \/> u\u010di\u0148 n&aacute;s hodn&yacute;mi sv&eacute;ho pokoje,<br \/> p\u0159es na&scaron;i b&iacute;du.<br \/> Dej, a\u0165 jsme skute\u010dn\u011b jednotn&iacute; bez klamu,<br \/> pokrytectv&iacute;, marn&yacute;ch z&aacute;jm\u016f.<br \/> A\u0165 n&aacute;s sjednocuje jen pouto tv&eacute;ho pokoje<br \/> a&nbsp;tv&eacute; l&aacute;sky.<br \/> Upevni na&scaron;e spojen&iacute;<br \/> p\u0159&iacute;tomnost&iacute; sv&eacute;ho Ducha,<br \/> abychom mohli sv\u011btu sv\u011bd\u010dit<br \/> o&nbsp;pokoji, kter&yacute; d&aacute;v&aacute;&scaron; pouze ty.<br \/> Ty, kter&yacute; jsi Bohem pokoje,<br \/> l&aacute;sky, odpu&scaron;t\u011bn&iacute;<br \/> a&nbsp;milosrdenstv&iacute;,<br \/> nyn&iacute; i&nbsp;v\u017edycky<br \/> a&nbsp;na v\u011bky v\u011bk\u016f.<br \/> Amen.<\/p>\n","protected":false},"excerpt":{"rendered":"<p>Pane, n&aacute;&scaron; Bo\u017ee, u\u010di\u0148 n&aacute;s hodn&yacute;mi sv&eacute;ho pokoje, p\u0159es na&scaron;i b&iacute;du. Dej, a\u0165 jsme skute\u010dn\u011b jednotn&iacute; bez klamu, pokrytectv&iacute;, marn&yacute;ch z&aacute;jm\u016f. A\u0165 n&aacute;s sjednocuje jen pouto tv&eacute;ho pokoje a&nbsp;tv&eacute; l&aacute;sky. Upevni na&scaron;e spojen&iacute; p\u0159&iacute;tomnost&iacute; sv&eacute;ho Ducha, abychom mohli sv\u011btu sv\u011bd\u010dit o&nbsp;pokoji, kter&yacute; d&aacute;v&aacute;&scaron; pouze ty. Ty, kter&yacute; jsi Bohem pokoje, l&aacute;sky, odpu&scaron;t\u011bn&iacute; a&nbsp;milosrdenstv&iacute;, nyn&iacute; i&nbsp;v\u017edycky &#8230; <a title=\"Modlitba za znamen\u00ed pokoje\" class=\"read-more\" href=\"https:\/\/www.texty.santegidio.cz\/?page_id=973\" aria-label=\"More on Modlitba za znamen\u00ed pokoje\">Read more<\/a><\/p>\n","protected":false},"author":1,"featured_media":0,"parent":698,"menu_order":0,"comment_status":"open","ping_status":"open","template":"","meta":{"_uag_custom_page_level_css":"","jetpack_post_was_ever_published":false,"footnotes":""},"class_list":["post-973","page","type-page","status-publish"],"uagb_featured_image_src":{"full":false,"thumbnail":false,"medium":false,"medium_large":false,"large":false,"1536x1536":false,"2048x2048":false},"uagb_author_info":{"display_name":"Pavel","author_link":"https:\/\/www.texty.santegidio.cz\/?author=1"},"uagb_comment_info":0,"uagb_excerpt":"Pane, n&aacute;&scaron; Bo\u017ee, u\u010di\u0148 n&aacute;s hodn&yacute;mi sv&eacute;ho pokoje, p\u0159es na&scaron;i b&iacute;du. Dej, a\u0165 jsme skute\u010dn\u011b jednotn&iacute; bez klamu, pokrytectv&iacute;, marn&yacute;ch z&aacute;jm\u016f. A\u0165 n&aacute;s sjednocuje jen pouto tv&eacute;ho pokoje a&nbsp;tv&eacute; l&aacute;sky. Upevni na&scaron;e spojen&iacute; p\u0159&iacute;tomnost&iacute; sv&eacute;ho Ducha, abychom mohli sv\u011btu sv\u011bd\u010dit o&nbsp;pokoji, kter&yacute; d&aacute;v&aacute;&scaron; pouze ty. Ty, kter&yacute; jsi Bohem pokoje, l&aacute;sky, odpu&scaron;t\u011bn&iacute; a&nbsp;milosrdenstv&iacute;, nyn&iacute; i&nbsp;v\u017edycky&hellip;","jetpack_sharing_enabled":true,"jetpack_shortlink":"https:\/\/wp.me\/PawMsT-fH","_links":{"self":[{"href":"https:\/\/www.texty.santegidio.cz\/index.php?rest_route=\/wp\/v2\/pages\/973","targetHints":{"allow":["GET"]}}],"collection":[{"href":"https:\/\/www.texty.santegidio.cz\/index.php?rest_route=\/wp\/v2\/pages"}],"about":[{"href":"https:\/\/www.texty.santegidio.cz\/index.php?rest_route=\/wp\/v2\/types\/page"}],"author":[{"embeddable":true,"href":"https:\/\/www.texty.santegidio.cz\/index.php?rest_route=\/wp\/v2\/users\/1"}],"replies":[{"embeddable":true,"href":"https:\/\/www.texty.santegidio.cz\/index.php?rest_route=%2Fwp%2Fv2%2Fcomments&post=973"}],"version-history":[{"count":0,"href":"https:\/\/www.texty.santegidio.cz\/index.php?rest_route=\/wp\/v2\/pages\/973\/revisions"}],"up":[{"embeddable":true,"href":"https:\/\/www.texty.santegidio.cz\/index.php?rest_route=\/wp\/v2\/pages\/698"}],"wp:attachment":[{"href":"https:\/\/www.texty.santegidio.cz\/index.php?rest_route=%2Fwp%2Fv2%2Fmedia&parent=973"}],"curies":[{"name":"wp","href":"https:\/\/api.w.org\/{rel}","templated":true}]}}