{"id":969,"date":"2018-10-10T14:09:05","date_gmt":"2018-10-10T12:09:05","guid":{"rendered":"http:\/\/www.texty.santegidio.cz?page_id=969"},"modified":"2018-10-10T14:09:05","modified_gmt":"2018-10-10T12:09:05","slug":"modlitba-za-ochranu-a-mir","status":"publish","type":"page","link":"https:\/\/www.texty.santegidio.cz\/?page_id=969","title":{"rendered":"Modlitba za ochranu a m\u00edr"},"content":{"rendered":"<p>&Oacute;&nbsp;Pane,<br \/> zjev n&aacute;m svoji tv&aacute;\u0159<br \/> pro dobro a&nbsp;pokoj,<br \/> aby n&aacute;s chr&aacute;nila tv&aacute; siln&aacute; pa\u017ee<br \/> a&nbsp;byli jsme osvobozeni od ka\u017ed&eacute;ho h\u0159&iacute;chu<br \/> d&iacute;ky tv&eacute; vzta\u017een&eacute; pa\u017ei,<br \/> osvobozeni od t\u011bch, co n&aacute;s nespravedliv\u011b nen&aacute;vid&iacute;.<br \/> Dej svornost a&nbsp;m&iacute;r n&aacute;m<br \/> i&nbsp;v&scaron;em obyvatel\u016fm zem\u011b,<br \/> jako jsi je dal na&scaron;im otc\u016fm,<br \/> kdy\u017e t\u011b svat\u011b vz&yacute;vali<br \/> ve v&iacute;\u0159e a&nbsp;v&nbsp;pravd\u011b,<br \/> a&nbsp;n&aacute;m, kte\u0159&iacute; jsme poslu&scaron;ni<br \/> tv&eacute;ho v&scaron;emohouc&iacute;ho jm&eacute;na<br \/> ozdoben&eacute;ho ve&scaron;kerou ctnost&iacute;.<br \/> Amen.<br \/> <em>(Klement \u0158&iacute;msk&yacute;)<\/em><\/p>\n","protected":false},"excerpt":{"rendered":"<p>&Oacute;&nbsp;Pane, zjev n&aacute;m svoji tv&aacute;\u0159 pro dobro a&nbsp;pokoj, aby n&aacute;s chr&aacute;nila tv&aacute; siln&aacute; pa\u017ee a&nbsp;byli jsme osvobozeni od ka\u017ed&eacute;ho h\u0159&iacute;chu d&iacute;ky tv&eacute; vzta\u017een&eacute; pa\u017ei, osvobozeni od t\u011bch, co n&aacute;s nespravedliv\u011b nen&aacute;vid&iacute;. Dej svornost a&nbsp;m&iacute;r n&aacute;m i&nbsp;v&scaron;em obyvatel\u016fm zem\u011b, jako jsi je dal na&scaron;im otc\u016fm, kdy\u017e t\u011b svat\u011b vz&yacute;vali ve v&iacute;\u0159e a&nbsp;v&nbsp;pravd\u011b, a&nbsp;n&aacute;m, kte\u0159&iacute; jsme poslu&scaron;ni &#8230; <a title=\"Modlitba za ochranu a m\u00edr\" class=\"read-more\" href=\"https:\/\/www.texty.santegidio.cz\/?page_id=969\" aria-label=\"More on Modlitba za ochranu a m\u00edr\">Read more<\/a><\/p>\n","protected":false},"author":1,"featured_media":0,"parent":698,"menu_order":0,"comment_status":"open","ping_status":"open","template":"","meta":{"_uag_custom_page_level_css":"","jetpack_post_was_ever_published":false,"footnotes":""},"class_list":["post-969","page","type-page","status-publish"],"uagb_featured_image_src":{"full":false,"thumbnail":false,"medium":false,"medium_large":false,"large":false,"1536x1536":false,"2048x2048":false},"uagb_author_info":{"display_name":"Pavel","author_link":"https:\/\/www.texty.santegidio.cz\/?author=1"},"uagb_comment_info":0,"uagb_excerpt":"&Oacute;&nbsp;Pane, zjev n&aacute;m svoji tv&aacute;\u0159 pro dobro a&nbsp;pokoj, aby n&aacute;s chr&aacute;nila tv&aacute; siln&aacute; pa\u017ee a&nbsp;byli jsme osvobozeni od ka\u017ed&eacute;ho h\u0159&iacute;chu d&iacute;ky tv&eacute; vzta\u017een&eacute; pa\u017ei, osvobozeni od t\u011bch, co n&aacute;s nespravedliv\u011b nen&aacute;vid&iacute;. Dej svornost a&nbsp;m&iacute;r n&aacute;m i&nbsp;v&scaron;em obyvatel\u016fm zem\u011b, jako jsi je dal na&scaron;im otc\u016fm, kdy\u017e t\u011b svat\u011b vz&yacute;vali ve v&iacute;\u0159e a&nbsp;v&nbsp;pravd\u011b, a&nbsp;n&aacute;m, kte\u0159&iacute; jsme poslu&scaron;ni&hellip;","jetpack_sharing_enabled":true,"jetpack_shortlink":"https:\/\/wp.me\/PawMsT-fD","_links":{"self":[{"href":"https:\/\/www.texty.santegidio.cz\/index.php?rest_route=\/wp\/v2\/pages\/969","targetHints":{"allow":["GET"]}}],"collection":[{"href":"https:\/\/www.texty.santegidio.cz\/index.php?rest_route=\/wp\/v2\/pages"}],"about":[{"href":"https:\/\/www.texty.santegidio.cz\/index.php?rest_route=\/wp\/v2\/types\/page"}],"author":[{"embeddable":true,"href":"https:\/\/www.texty.santegidio.cz\/index.php?rest_route=\/wp\/v2\/users\/1"}],"replies":[{"embeddable":true,"href":"https:\/\/www.texty.santegidio.cz\/index.php?rest_route=%2Fwp%2Fv2%2Fcomments&post=969"}],"version-history":[{"count":0,"href":"https:\/\/www.texty.santegidio.cz\/index.php?rest_route=\/wp\/v2\/pages\/969\/revisions"}],"up":[{"embeddable":true,"href":"https:\/\/www.texty.santegidio.cz\/index.php?rest_route=\/wp\/v2\/pages\/698"}],"wp:attachment":[{"href":"https:\/\/www.texty.santegidio.cz\/index.php?rest_route=%2Fwp%2Fv2%2Fmedia&parent=969"}],"curies":[{"name":"wp","href":"https:\/\/api.w.org\/{rel}","templated":true}]}}