{"id":967,"date":"2018-10-10T14:09:05","date_gmt":"2018-10-10T12:09:05","guid":{"rendered":"http:\/\/www.texty.santegidio.cz?page_id=967"},"modified":"2018-10-10T14:09:05","modified_gmt":"2018-10-10T12:09:05","slug":"modlitba-k-panu-ktery-osvobozuje","status":"publish","type":"page","link":"https:\/\/www.texty.santegidio.cz\/?page_id=967","title":{"rendered":"Modlitba k P\u00e1nu, kter\u00fd osvobozuje"},"content":{"rendered":"<p>Bu\u010fte dobr&eacute; mysli, d\u011bti, volejte k&nbsp;Bohu! <br \/> On v&aacute;s vytrhne z&nbsp;nadvl&aacute;dy a&nbsp;z&nbsp;rukou nep\u0159&aacute;tel. <br \/> Vlo\u017eila jsem nad\u011bji ve V\u011b\u010dn&eacute;ho,<br \/> \u017ee v&aacute;s zachr&aacute;n&iacute;,<br \/> a&nbsp;Svat&yacute; mne naplnil radost&iacute;,<br \/> \u017ee k&nbsp;v&aacute;m brzy dojde milosrdenstv&iacute;<br \/> od V\u011b\u010dn&eacute;ho, va&scaron;eho Spasitele. <br \/> <em>(Bar 4, 21&ndash;22)<\/em><\/p>\n","protected":false},"excerpt":{"rendered":"<p>Bu\u010fte dobr&eacute; mysli, d\u011bti, volejte k&nbsp;Bohu! On v&aacute;s vytrhne z&nbsp;nadvl&aacute;dy a&nbsp;z&nbsp;rukou nep\u0159&aacute;tel. Vlo\u017eila jsem nad\u011bji ve V\u011b\u010dn&eacute;ho, \u017ee v&aacute;s zachr&aacute;n&iacute;, a&nbsp;Svat&yacute; mne naplnil radost&iacute;, \u017ee k&nbsp;v&aacute;m brzy dojde milosrdenstv&iacute; od V\u011b\u010dn&eacute;ho, va&scaron;eho Spasitele. (Bar 4, 21&ndash;22)<\/p>\n","protected":false},"author":1,"featured_media":0,"parent":698,"menu_order":0,"comment_status":"open","ping_status":"open","template":"","meta":{"_uag_custom_page_level_css":"","jetpack_post_was_ever_published":false,"footnotes":""},"class_list":["post-967","page","type-page","status-publish"],"uagb_featured_image_src":{"full":false,"thumbnail":false,"medium":false,"medium_large":false,"large":false,"1536x1536":false,"2048x2048":false},"uagb_author_info":{"display_name":"Pavel","author_link":"https:\/\/www.texty.santegidio.cz\/?author=1"},"uagb_comment_info":0,"uagb_excerpt":"Bu\u010fte dobr&eacute; mysli, d\u011bti, volejte k&nbsp;Bohu! On v&aacute;s vytrhne z&nbsp;nadvl&aacute;dy a&nbsp;z&nbsp;rukou nep\u0159&aacute;tel. Vlo\u017eila jsem nad\u011bji ve V\u011b\u010dn&eacute;ho, \u017ee v&aacute;s zachr&aacute;n&iacute;, a&nbsp;Svat&yacute; mne naplnil radost&iacute;, \u017ee k&nbsp;v&aacute;m brzy dojde milosrdenstv&iacute; od V\u011b\u010dn&eacute;ho, va&scaron;eho Spasitele. (Bar 4, 21&ndash;22)","jetpack_sharing_enabled":true,"jetpack_shortlink":"https:\/\/wp.me\/PawMsT-fB","_links":{"self":[{"href":"https:\/\/www.texty.santegidio.cz\/index.php?rest_route=\/wp\/v2\/pages\/967","targetHints":{"allow":["GET"]}}],"collection":[{"href":"https:\/\/www.texty.santegidio.cz\/index.php?rest_route=\/wp\/v2\/pages"}],"about":[{"href":"https:\/\/www.texty.santegidio.cz\/index.php?rest_route=\/wp\/v2\/types\/page"}],"author":[{"embeddable":true,"href":"https:\/\/www.texty.santegidio.cz\/index.php?rest_route=\/wp\/v2\/users\/1"}],"replies":[{"embeddable":true,"href":"https:\/\/www.texty.santegidio.cz\/index.php?rest_route=%2Fwp%2Fv2%2Fcomments&post=967"}],"version-history":[{"count":0,"href":"https:\/\/www.texty.santegidio.cz\/index.php?rest_route=\/wp\/v2\/pages\/967\/revisions"}],"up":[{"embeddable":true,"href":"https:\/\/www.texty.santegidio.cz\/index.php?rest_route=\/wp\/v2\/pages\/698"}],"wp:attachment":[{"href":"https:\/\/www.texty.santegidio.cz\/index.php?rest_route=%2Fwp%2Fv2%2Fmedia&parent=967"}],"curies":[{"name":"wp","href":"https:\/\/api.w.org\/{rel}","templated":true}]}}