{"id":962,"date":"2018-10-10T14:09:05","date_gmt":"2018-10-10T12:09:05","guid":{"rendered":"http:\/\/www.texty.santegidio.cz?page_id=962"},"modified":"2018-10-10T14:09:05","modified_gmt":"2018-10-10T12:09:05","slug":"modlitba-v-bouri","status":"publish","type":"page","link":"https:\/\/www.texty.santegidio.cz\/?page_id=962","title":{"rendered":"Modlitba v bou\u0159i"},"content":{"rendered":"<p>&Oacute;&nbsp;Pane,<br \/> kter&yacute; sis pov&scaron;iml na&scaron;&iacute; n&aacute;mahy,<br \/> dej n&aacute;m s&iacute;lu sv&eacute;ho Ducha,<br \/> aby podep&iacute;ral n&aacute;&scaron; \u017eivot <br \/> v&nbsp;t\u011b\u017ekostech tohoto \u010dasu.<\/p>\n<p> Dej n&aacute;m svou nad\u011bji,<br \/> abychom p\u0159em&aacute;hali strachy,<br \/> kter&eacute; n&aacute;s vzdaluj&iacute; od tebe<br \/> a&nbsp;od lid&iacute; kolem n&aacute;s.<\/p>\n<p> Dej n&aacute;m odvahu, abychom bojovali<br \/> s&nbsp;na&scaron;&iacute; tvrdost&iacute;,<br \/> kter&aacute; n&aacute;s \u010din&iacute; necitliv&yacute;mi<br \/> k&nbsp;pot\u0159eb&aacute;m nejslab&scaron;&iacute;ch.<\/p>\n<p> Osvobo\u010f n&aacute;s v&scaron;echny od p\u0159&iacute;zrak\u016f,<br \/> kter&eacute; si vytv&aacute;\u0159&iacute;me ka\u017ed&yacute; den,<br \/> abychom hledali skute\u010dnou sp&aacute;su<br \/> v&nbsp;zemi, kterou n&aacute;m slibuje&scaron;.<\/p>\n<p> Nau\u010d n&aacute;s hledat pravdu tv&eacute;ho Slova,<br \/> aby nikdo ne\u017eil v&nbsp;noci<br \/> a&nbsp;zmatku tohoto sv\u011bta.<\/p>\n<p> U\u010d n&aacute;s pozn&aacute;vat t\u011b,<br \/> kdy\u017e n&aacute;m p\u0159ich&aacute;z&iacute;&scaron; naproti,<br \/> abychom se mohli t\u011b&scaron;it z&nbsp;tv&eacute;ho pokoje,<br \/> nyn&iacute; i&nbsp;ve dnech budouc&iacute;ch.<br \/> Amen.<\/p>\n<p><\/p>\n","protected":false},"excerpt":{"rendered":"<p>&Oacute;&nbsp;Pane, kter&yacute; sis pov&scaron;iml na&scaron;&iacute; n&aacute;mahy, dej n&aacute;m s&iacute;lu sv&eacute;ho Ducha, aby podep&iacute;ral n&aacute;&scaron; \u017eivot v&nbsp;t\u011b\u017ekostech tohoto \u010dasu. Dej n&aacute;m svou nad\u011bji, abychom p\u0159em&aacute;hali strachy, kter&eacute; n&aacute;s vzdaluj&iacute; od tebe a&nbsp;od lid&iacute; kolem n&aacute;s. Dej n&aacute;m odvahu, abychom bojovali s&nbsp;na&scaron;&iacute; tvrdost&iacute;, kter&aacute; n&aacute;s \u010din&iacute; necitliv&yacute;mi k&nbsp;pot\u0159eb&aacute;m nejslab&scaron;&iacute;ch. Osvobo\u010f n&aacute;s v&scaron;echny od p\u0159&iacute;zrak\u016f, kter&eacute; si vytv&aacute;\u0159&iacute;me &#8230; <a title=\"Modlitba v bou\u0159i\" class=\"read-more\" href=\"https:\/\/www.texty.santegidio.cz\/?page_id=962\" aria-label=\"More on Modlitba v bou\u0159i\">Read more<\/a><\/p>\n","protected":false},"author":1,"featured_media":0,"parent":694,"menu_order":0,"comment_status":"open","ping_status":"open","template":"","meta":{"_uag_custom_page_level_css":"","jetpack_post_was_ever_published":false,"footnotes":""},"class_list":["post-962","page","type-page","status-publish"],"uagb_featured_image_src":{"full":false,"thumbnail":false,"medium":false,"medium_large":false,"large":false,"1536x1536":false,"2048x2048":false},"uagb_author_info":{"display_name":"Pavel","author_link":"https:\/\/www.texty.santegidio.cz\/?author=1"},"uagb_comment_info":0,"uagb_excerpt":"&Oacute;&nbsp;Pane, kter&yacute; sis pov&scaron;iml na&scaron;&iacute; n&aacute;mahy, dej n&aacute;m s&iacute;lu sv&eacute;ho Ducha, aby podep&iacute;ral n&aacute;&scaron; \u017eivot v&nbsp;t\u011b\u017ekostech tohoto \u010dasu. Dej n&aacute;m svou nad\u011bji, abychom p\u0159em&aacute;hali strachy, kter&eacute; n&aacute;s vzdaluj&iacute; od tebe a&nbsp;od lid&iacute; kolem n&aacute;s. Dej n&aacute;m odvahu, abychom bojovali s&nbsp;na&scaron;&iacute; tvrdost&iacute;, kter&aacute; n&aacute;s \u010din&iacute; necitliv&yacute;mi k&nbsp;pot\u0159eb&aacute;m nejslab&scaron;&iacute;ch. Osvobo\u010f n&aacute;s v&scaron;echny od p\u0159&iacute;zrak\u016f, kter&eacute; si vytv&aacute;\u0159&iacute;me&hellip;","jetpack_sharing_enabled":true,"jetpack_shortlink":"https:\/\/wp.me\/PawMsT-fw","_links":{"self":[{"href":"https:\/\/www.texty.santegidio.cz\/index.php?rest_route=\/wp\/v2\/pages\/962","targetHints":{"allow":["GET"]}}],"collection":[{"href":"https:\/\/www.texty.santegidio.cz\/index.php?rest_route=\/wp\/v2\/pages"}],"about":[{"href":"https:\/\/www.texty.santegidio.cz\/index.php?rest_route=\/wp\/v2\/types\/page"}],"author":[{"embeddable":true,"href":"https:\/\/www.texty.santegidio.cz\/index.php?rest_route=\/wp\/v2\/users\/1"}],"replies":[{"embeddable":true,"href":"https:\/\/www.texty.santegidio.cz\/index.php?rest_route=%2Fwp%2Fv2%2Fcomments&post=962"}],"version-history":[{"count":0,"href":"https:\/\/www.texty.santegidio.cz\/index.php?rest_route=\/wp\/v2\/pages\/962\/revisions"}],"up":[{"embeddable":true,"href":"https:\/\/www.texty.santegidio.cz\/index.php?rest_route=\/wp\/v2\/pages\/694"}],"wp:attachment":[{"href":"https:\/\/www.texty.santegidio.cz\/index.php?rest_route=%2Fwp%2Fv2%2Fmedia&parent=962"}],"curies":[{"name":"wp","href":"https:\/\/api.w.org\/{rel}","templated":true}]}}