{"id":90,"date":"2018-12-12T10:15:04","date_gmt":"2018-12-12T09:15:04","guid":{"rendered":"http:\/\/www.texty.santegidio.cz?page_id=90"},"modified":"2018-12-12T10:15:06","modified_gmt":"2018-12-12T09:15:06","slug":"zalm-38","status":"publish","type":"page","link":"https:\/\/www.texty.santegidio.cz\/?page_id=90","title":{"rendered":"\u017dalm 38"},"content":{"rendered":"<p>V&nbsp;tebe douf\u00e1m, Pane, ty m\u011b vysly\u0161\u00ed\u0161.<\/p>\n<p>&#8211; <sup>2<\/span><\/sup> Nek\u00e1rej m\u011b, Pane, ve sv\u00e9m hn\u011bvu,<br \/>netrestej m\u011b ve sv\u00e9m r<strong>o<\/strong>zhorlen\u00ed!<\/p>\n<p>&#8211; <sup>3<\/span><\/sup> Zaryly se do mne tvoje \u0161\u00edpy,<br \/>t\u011b\u017ece na mne dol<strong>e<\/strong>hla tv\u00e1 ruka.<\/p>\n<p>&#8211; <sup>4<\/span><\/sup> Pro tv\u016fj hn\u011bv m\u00e1m t\u011blo jednu r\u00e1nu,<br \/>pro m\u016fj h\u0159\u00edch kost ve mn\u011b n<strong>e<\/strong>n\u00ed cel\u00e1.<\/p>\n<p>&#8211; <sup>5<\/span><\/sup> Nad hlavu se nakupily viny,<br \/>t\u00edhou p\u0159et\u011b\u017ekou m\u011b <strong>o<\/strong>bt\u00ed\u017eily.<\/p>\n<p>&#8211; <sup>6<\/span><\/sup> Jit\u0159\u00ed se a p\u00e1chnou moje r\u00e1ny,<br \/>a to v\u0161echno pro mou p<strong>o<\/strong>\u0161etilost.<\/p>\n<p>&#8211; <sup>7<\/span><\/sup> P\u0159itla\u010den a sehnut jsem a\u017e k zemi,<br \/>cel\u00fd den se v skl\u00ed\u010den<strong>o<\/strong>sti vl\u00e1\u010d\u00edm.<\/p>\n<p>&#8211; <sup>8<\/span><\/sup> Bedra m\u00e1 jsou cel\u00e1 zan\u00edcen\u00e1,<br \/>m\u00edste\u010dko v m\u00e9m t\u011ble n<strong>e<\/strong>n\u00ed zdrav\u00e9.<\/p>\n<p>&#8211; <sup>9<\/span><\/sup> Zesl\u00e1bl\u00fd jsem, zkrou\u0161en\u00fd a\u017e b\u011bda,<br \/>k\u0159i\u010d\u00edm zhloubi sev\u0159en<strong>\u00e9<\/strong>ho srdce.<\/p>\n<p>&#8211; <sup>10<\/span><\/sup> Pane, ty zn\u00e1\u0161 ka\u017edou moji touhu,<br \/>\u017e\u00e1dn\u00fd povzdech m\u016fj ti n<strong>e<\/strong>n\u00ed tajn\u00fd.<\/p>\n<p>&#8211; <sup>11<\/span><\/sup> Srdce bu\u0161\u00ed, opou\u0161t\u00ed m\u011b s\u00edla,<br \/>u\u017e i sv\u011btlo v o\u010d\u00edch s<strong>e<\/strong> mi kal\u00ed.<\/p>\n<p>= <sup>12<\/span><\/sup> V\u0161ichni moji p\u0159\u00e1tel\u00e9 a druzi\u2020<br \/>m\u00e9mu ne\u0161t\u011bst\u00ed se vyh\u00fdbaj\u00ed,<br \/>ba i p\u0159\u00edbuzn\u00ed se d<strong>r<\/strong>\u017e\u00ed stranou.<\/p>\n<p>= <sup>13<\/span><\/sup> L\u00e9\u010dky stroj\u00ed, kdo m\u011b cht\u011bj\u00ed zab\u00edt,\u2020<br \/>hroz\u00ed mi, kdo hledaj\u00ed mou zk\u00e1zu,<br \/>denn\u011b nov\u00e9 lsti si v<strong>y<\/strong>m\u00fd\u0161lej\u00ed.<\/p>\n<p>&#8211; <sup>14<\/span><\/sup> J\u00e1 v\u0161ak jsem k nim hluch\u00fd, nesly\u0161\u00edm je,<br \/>n\u011bm\u00fd jsem a \u00fasta n<strong>e<\/strong>otv\u00edr\u00e1m.<\/p>\n<p>&#8211; <sup>15<\/span><\/sup> Tak jsem jako \u010dlov\u011bk beze sluchu,<br \/>bez schopnosti ubr<strong>\u00e1<\/strong>nit se slovem.<\/p>\n<p>&#8211; <sup>16<\/span><\/sup> Douf\u00e1m, Pane, v tebe jedin\u00e9ho,<br \/>ty m\u011b vysly\u0161\u00ed\u0161, m\u016fj P<strong>a<\/strong>ne Bo\u017ee!<\/p>\n<p>&#8211; <sup>17<\/span><\/sup> \u0158\u00edk\u00e1m si: &bdquo;Jen a\u0165 jim nejsem pro sm\u00edch,<br \/>t\u011bm, kdo maj\u00ed radost, kl<strong>o<\/strong>p\u00fdtnu-li!&ldquo;<\/p>\n<p>&#8211; <sup>18<\/span><\/sup> J\u00e1 pak m\u00e1m a\u017e p\u0159\u00edli\u0161 bl\u00edzko k p\u00e1du,<br \/>st\u00e1le m\u00e1m svou bolest p\u0159<strong>e<\/strong>d o\u010dima.<\/p>\n<p>&#8211; <sup>19<\/span><\/sup> Proto zhloubi p\u0159izn\u00e1v\u00e1m svou vinu,<br \/>pro sv\u016fj h\u0159\u00edch jsem obav<strong>a<\/strong>mi skl\u00ed\u010den.<\/p>\n<p>&#8211; <sup>20<\/span><\/sup> Siln\u00ed v\u0161ak jsou moji nep\u0159\u00e1tel\u00e9,<br \/>mnoz\u00ed, kdo m\u011b nen\u00e1v<strong>i<\/strong>d\u00ed pro nic,<\/p>\n<p>&#8211; <sup>21<\/span><\/sup> za dobrotu zlem mi odpl\u00e1cej\u00ed,<br \/>pasou po mn\u011b za to, \u017e<strong>e<\/strong> chci dobro.<\/p>\n<p>= <sup>22<\/span><\/sup> Proto ty m\u011b, Pane, neopou\u0161t\u011bj,\u2020<br \/>nevzdaluj se ode mne, m\u016fj Bo\u017ee!<br \/><sup>23<\/span><\/sup> Na pomoc mi posp\u011b\u0161, P<strong>a<\/strong>ne, sp\u00e1so m\u00e1!<\/p>\n","protected":false},"excerpt":{"rendered":"<p>V&nbsp;tebe douf\u00e1m, Pane, ty m\u011b vysly\u0161\u00ed\u0161. &#8211; 2 Nek\u00e1rej m\u011b, Pane, ve sv\u00e9m hn\u011bvu,netrestej m\u011b ve sv\u00e9m rozhorlen\u00ed! &#8211; 3 Zaryly se do mne tvoje \u0161\u00edpy,t\u011b\u017ece na mne dolehla tv\u00e1 ruka. &#8211; 4 Pro tv\u016fj hn\u011bv m\u00e1m t\u011blo jednu r\u00e1nu,pro m\u016fj h\u0159\u00edch kost ve mn\u011b nen\u00ed cel\u00e1. &#8211; 5 Nad hlavu se nakupily viny,t\u00edhou p\u0159et\u011b\u017ekou &#8230; <a title=\"\u017dalm 38\" class=\"read-more\" href=\"https:\/\/www.texty.santegidio.cz\/?page_id=90\" aria-label=\"More on \u017dalm 38\">Read more<\/a><\/p>\n","protected":false},"author":1,"featured_media":0,"parent":29,"menu_order":0,"comment_status":"closed","ping_status":"closed","template":"","meta":{"_uag_custom_page_level_css":"","jetpack_post_was_ever_published":false,"footnotes":""},"class_list":["post-90","page","type-page","status-publish"],"uagb_featured_image_src":{"full":false,"thumbnail":false,"medium":false,"medium_large":false,"large":false,"1536x1536":false,"2048x2048":false},"uagb_author_info":{"display_name":"Pavel","author_link":"https:\/\/www.texty.santegidio.cz\/?author=1"},"uagb_comment_info":0,"uagb_excerpt":"V&nbsp;tebe douf\u00e1m, Pane, ty m\u011b vysly\u0161\u00ed\u0161. &#8211; 2 Nek\u00e1rej m\u011b, Pane, ve sv\u00e9m hn\u011bvu,netrestej m\u011b ve sv\u00e9m rozhorlen\u00ed! &#8211; 3 Zaryly se do mne tvoje \u0161\u00edpy,t\u011b\u017ece na mne dolehla tv\u00e1 ruka. &#8211; 4 Pro tv\u016fj hn\u011bv m\u00e1m t\u011blo jednu r\u00e1nu,pro m\u016fj h\u0159\u00edch kost ve mn\u011b nen\u00ed cel\u00e1. &#8211; 5 Nad hlavu se nakupily viny,t\u00edhou p\u0159et\u011b\u017ekou&hellip;","jetpack_sharing_enabled":true,"jetpack_shortlink":"https:\/\/wp.me\/PawMsT-1s","_links":{"self":[{"href":"https:\/\/www.texty.santegidio.cz\/index.php?rest_route=\/wp\/v2\/pages\/90","targetHints":{"allow":["GET"]}}],"collection":[{"href":"https:\/\/www.texty.santegidio.cz\/index.php?rest_route=\/wp\/v2\/pages"}],"about":[{"href":"https:\/\/www.texty.santegidio.cz\/index.php?rest_route=\/wp\/v2\/types\/page"}],"author":[{"embeddable":true,"href":"https:\/\/www.texty.santegidio.cz\/index.php?rest_route=\/wp\/v2\/users\/1"}],"replies":[{"embeddable":true,"href":"https:\/\/www.texty.santegidio.cz\/index.php?rest_route=%2Fwp%2Fv2%2Fcomments&post=90"}],"version-history":[{"count":1,"href":"https:\/\/www.texty.santegidio.cz\/index.php?rest_route=\/wp\/v2\/pages\/90\/revisions"}],"predecessor-version":[{"id":1260,"href":"https:\/\/www.texty.santegidio.cz\/index.php?rest_route=\/wp\/v2\/pages\/90\/revisions\/1260"}],"up":[{"embeddable":true,"href":"https:\/\/www.texty.santegidio.cz\/index.php?rest_route=\/wp\/v2\/pages\/29"}],"wp:attachment":[{"href":"https:\/\/www.texty.santegidio.cz\/index.php?rest_route=%2Fwp%2Fv2%2Fmedia&parent=90"}],"curies":[{"name":"wp","href":"https:\/\/api.w.org\/{rel}","templated":true}]}}