{"id":83,"date":"2018-12-12T10:15:04","date_gmt":"2018-12-12T09:15:04","guid":{"rendered":"http:\/\/www.texty.santegidio.cz?page_id=83"},"modified":"2018-12-12T10:15:05","modified_gmt":"2018-12-12T09:15:05","slug":"zalm-31","status":"publish","type":"page","link":"https:\/\/www.texty.santegidio.cz\/?page_id=83","title":{"rendered":"\u017dalm 31"},"content":{"rendered":"<p>Sv\u00e9ho ducha, Pane, ti do rukou vkl\u00e1d\u00e1m.<\/p>\n<p>= <sup>2<\/span><\/sup> V tob\u011b m\u00e1m, Pane, sv\u00e9 \u00fato\u010di\u0161t\u011b,\u2020<br \/>nedopus\u0165, abych byl zahanben prov\u017edy!<br \/>Spravedliv\u00fd jsi, v<strong>y<\/strong>svobo\u010f m\u011b!<\/p>\n<p>= <sup>3<\/span><\/sup> Sluch ke mn\u011b naklo\u0148, rychle m\u011b zachra\u0148,\u2020<br \/>bu\u010f mou sk\u00e1lou, kde najdu sv\u016fj \u00fakryt,<br \/>pevn\u00fdm hradem, kt<strong>e<\/strong>r\u00fd m\u011b chr\u00e1n\u00ed!<\/p>\n<p>&#8211; <sup>4<\/span><\/sup> Nebo\u0165 ty jsi m\u016fj hrad a m\u00e1 sk\u00e1la,<br \/>ve\u010f m\u011b a prov\u00e1zej pr<strong>o<\/strong> sv\u00e9 jm\u00e9no!<\/p>\n<p>&#8211; <sup>5<\/span><\/sup> Zachra\u0148 m\u011b ze s\u00edt\u00ed nastra\u017een\u00fdch,<br \/>v\u017edy\u0165 jenom ty jsi m\u00e9 <strong>\u00fa<\/strong>to\u010di\u0161t\u011b.<\/p>\n<p>&#8211; <sup>6<\/span><\/sup> Sv\u00e9ho ducha ti do rukou vkl\u00e1d\u00e1m,<br \/>spas\u00ed\u0161 m\u011b, Pane, B<strong>o<\/strong>\u017ee v\u011brn\u00fd!<\/p>\n<p>&#8211; <sup>7<\/span><\/sup> V z\u00e1\u0161ti m\u00e1\u0161 ty, kdo ct\u00ed nicotn\u00e9 modly,<br \/>j\u00e1 v\u0161ak m\u00e1m d\u016fv\u011bru jed<strong>i<\/strong>n\u011b v P\u00e1na.<\/p>\n<p>= <sup>8<\/span><\/sup> Zaj\u00e1s\u00e1m, zaples\u00e1m nad tvou l\u00e1skou,\u2020<br \/>nad t\u00edm, \u017ees na moji b\u00eddu shl\u00e9dl,<br \/>\u017ee ses m\u011b ujal v t\u00edsn<strong>i<\/strong>v\u00e9 nouzi,<\/p>\n<p>&#8211; <sup>9<\/span><\/sup> \u017ee jsi m\u011b nevydal nep\u0159\u00e1tel\u016fm,<br \/>\u017ee jsi m\u011b vyvedl na v<strong>o<\/strong>ln\u00fd prostor.<\/p>\n<p>&#8211; <sup>10<\/span><\/sup> Smiluj se, Pane, nade mnou v t\u00edsni,<br \/>o\u010di m\u00e1m ho\u0159em z<strong>a<\/strong>kaleny,<\/p>\n<p>&#8211; <sup>11<\/span><\/sup> ve st\u00e1l\u00fdch \u00fatrap\u00e1ch plyne m\u016fj \u017eivot,<br \/>l\u00e9ta m\u00e1 m\u00edjej\u00ed v ho\u0159<strong>e<\/strong>kov\u00e1n\u00ed,<br \/>&#8211; z\u00e1rmutkem ch\u0159adnou v\u0161echny m\u00e9 s\u00edly,<br \/>\u00fady mi slabost\u00ed podkl<strong>e<\/strong>s\u00e1vaj\u00ed.<\/p>\n<p>= <sup>12<\/span><\/sup> Pro sm\u00edch jsem v\u0161em sv\u00fdm nep\u0159\u00e1tel\u016fm,\u2020<br \/>pro bl\u00e1zny soused\u016fm, p\u0159\u00e1tel\u016fm pro strach,<br \/>jak m\u011b kdo potk\u00e1, p\u0159<strong>e<\/strong>de mnou prch\u00e1.<\/p>\n<p>&#8211; <sup>13<\/span><\/sup> Z pam\u011bti lid\u00ed jsem zmizel jak mrtv\u00fd,<br \/>stal jsem se pohoz<strong>e<\/strong>n\u00fdm st\u0159epem.<\/p>\n<p>= Sly\u0161\u00edm \u0161u\u0161k\u00e1n\u00ed davu a hrozby,\u2020<br \/>spolu se proti mn\u011b umlouvaj\u00ed,<br \/>ukl\u00e1daj\u00ed mi o h<strong>o<\/strong>l\u00fd \u017eivot.<\/p>\n<p>&#8211; <sup>15<\/span><\/sup> J\u00e1 v\u0161ak se spol\u00e9h\u00e1m na tebe, Pane,<br \/>&bdquo;ty jsi m\u016fj B\u016fh,&ldquo; ti s d\u016fv<strong>\u011b<\/strong>rou \u0159\u00edk\u00e1m.<\/p>\n<p>&#8211; <sup>16<\/span><\/sup> Pouze v tv\u00fdch rukou je cel\u00fd m\u016fj osud:<br \/>vyrvi m\u011b t\u011bm, kdo m\u011b pron<strong>\u00e1<\/strong>sleduj\u00ed!<\/p>\n<p>&#8211; <sup>17<\/span><\/sup> Rozjasni tv\u00e1\u0159 nad sv\u00fdm slu\u017eebn\u00edkem,<br \/>zachra\u0148 m\u011b ve sv\u00e9m mil<strong>o<\/strong>srdenstv\u00ed!<br \/>[= <\/span><\/span><sup>18<\/span><\/sup><\/span><\/span> Nenech m\u011b zahanbit, kdy\u017e jsem t\u011b vz\u00fdval!\u2020<\/span><\/span><br \/>Zahanbi, Pane, bezbo\u017en\u00edky,<\/span><\/span><br \/>uml\u010d je, uvrhni do podsv\u011bt\u00ed!<\/span><\/span><\/p>\n<p>= <\/span><\/span><sup>19<\/span><\/sup><\/span><\/span> A\u0165 u\u017e se zav\u0159ou prolhan\u00e1 \u00fasta,\u2020<\/span><\/span><br \/>kter\u00e1 si troufaj\u00ed na spravedliv\u00e9,<\/span><\/span><br \/>hovo\u0159\u00ed o nich s posm\u011b\u0161nou p\u00fdchou.]<\/span><\/span><\/p>\n<p>&#8211; <sup>20<\/span><\/sup> Jak je velk\u00e1 tv\u00e1 dobrota, Pane,<br \/>kterou m\u00e1\u0161 pro ty, kdo s<strong>e<\/strong> t\u011b boj\u00ed,<br \/>&#8211; kterou jsi p\u0159ichystal pro ty v\u0161echny,<br \/>kdo se p\u0159ed lidmi ut<strong>e<\/strong>kou k tob\u011b!<\/p>\n<p>&#8211; <sup>21<\/span><\/sup> Dr\u017e\u00ed\u0161 je pod ochranou sv\u00e9 tv\u00e1\u0159e,<br \/>kryje\u0161 je p\u0159ed lidsk\u00fdm h<strong>a<\/strong>noben\u00edm,<br \/>&#8211; pod svou st\u0159echou jim \u00fakryt d\u00e1v\u00e1\u0161<br \/>p\u0159ed zlobou jazyk\u016f <strong>u<\/strong>trha\u010dn\u00fdch.<\/p>\n<p>&#8211; <sup>22<\/span><\/sup> Chv\u00e1la bu\u010f P\u00e1nu za divy l\u00e1sky,<br \/>kter\u00e9 mi prok\u00e1zal z<strong>a<\/strong> \u00fatisku.<\/p>\n<p>&#8211; <sup>23<\/span><\/sup> Zat\u00edmco j\u00e1 jsem si v \u00fazkosti \u0159\u00edkal:<br \/>u\u017e jsem zapuzen <strong>o<\/strong>d tv\u00fdch o\u010d\u00ed &#8211;<br \/>&#8211; ty jsi p\u0159ece jen sly\u0161el m\u016fj n\u00e1\u0159ek,<br \/>s jak\u00fdm jsem k tob\u011b o p<strong>o<\/strong>moc volal.<\/p>\n<p>&#8211; <sup>24<\/span><\/sup> Milujte P\u00e1na, vy, kdo jste zbo\u017en\u00ed!<br \/>Nebo\u0165 sv\u00e9 v\u011brn\u00e9 P<strong>\u00e1<\/strong>n v\u017edy chr\u00e1n\u00ed;<br \/>&#8211; zato v\u0161ak t\u011bm, kdo jednaj\u00ed zpupn\u011b,<br \/>plnou m\u011brou za p<strong>\u00fd<\/strong>chu splat\u00ed.<\/p>\n<p>&#8211; <sup>25<\/span><\/sup> Bu\u010fte siln\u00ed a state\u010dn\u00ed srdcem<br \/>v\u0161ichni, kdo m\u00e1te d\u016fv<strong>\u011b<\/strong>ru v P\u00e1na!<\/p>\n","protected":false},"excerpt":{"rendered":"<p>Sv\u00e9ho ducha, Pane, ti do rukou vkl\u00e1d\u00e1m. = 2 V tob\u011b m\u00e1m, Pane, sv\u00e9 \u00fato\u010di\u0161t\u011b,\u2020nedopus\u0165, abych byl zahanben prov\u017edy!Spravedliv\u00fd jsi, vysvobo\u010f m\u011b! = 3 Sluch ke mn\u011b naklo\u0148, rychle m\u011b zachra\u0148,\u2020bu\u010f mou sk\u00e1lou, kde najdu sv\u016fj \u00fakryt,pevn\u00fdm hradem, kter\u00fd m\u011b chr\u00e1n\u00ed! &#8211; 4 Nebo\u0165 ty jsi m\u016fj hrad a m\u00e1 sk\u00e1la,ve\u010f m\u011b a prov\u00e1zej pro &#8230; <a title=\"\u017dalm 31\" class=\"read-more\" href=\"https:\/\/www.texty.santegidio.cz\/?page_id=83\" aria-label=\"More on \u017dalm 31\">Read more<\/a><\/p>\n","protected":false},"author":1,"featured_media":0,"parent":29,"menu_order":0,"comment_status":"closed","ping_status":"closed","template":"","meta":{"_uag_custom_page_level_css":"","jetpack_post_was_ever_published":false,"footnotes":""},"class_list":["post-83","page","type-page","status-publish"],"uagb_featured_image_src":{"full":false,"thumbnail":false,"medium":false,"medium_large":false,"large":false,"1536x1536":false,"2048x2048":false},"uagb_author_info":{"display_name":"Pavel","author_link":"https:\/\/www.texty.santegidio.cz\/?author=1"},"uagb_comment_info":0,"uagb_excerpt":"Sv\u00e9ho ducha, Pane, ti do rukou vkl\u00e1d\u00e1m. = 2 V tob\u011b m\u00e1m, Pane, sv\u00e9 \u00fato\u010di\u0161t\u011b,\u2020nedopus\u0165, abych byl zahanben prov\u017edy!Spravedliv\u00fd jsi, vysvobo\u010f m\u011b! = 3 Sluch ke mn\u011b naklo\u0148, rychle m\u011b zachra\u0148,\u2020bu\u010f mou sk\u00e1lou, kde najdu sv\u016fj \u00fakryt,pevn\u00fdm hradem, kter\u00fd m\u011b chr\u00e1n\u00ed! &#8211; 4 Nebo\u0165 ty jsi m\u016fj hrad a m\u00e1 sk\u00e1la,ve\u010f m\u011b a prov\u00e1zej pro&hellip;","jetpack_sharing_enabled":true,"jetpack_shortlink":"https:\/\/wp.me\/PawMsT-1l","_links":{"self":[{"href":"https:\/\/www.texty.santegidio.cz\/index.php?rest_route=\/wp\/v2\/pages\/83","targetHints":{"allow":["GET"]}}],"collection":[{"href":"https:\/\/www.texty.santegidio.cz\/index.php?rest_route=\/wp\/v2\/pages"}],"about":[{"href":"https:\/\/www.texty.santegidio.cz\/index.php?rest_route=\/wp\/v2\/types\/page"}],"author":[{"embeddable":true,"href":"https:\/\/www.texty.santegidio.cz\/index.php?rest_route=\/wp\/v2\/users\/1"}],"replies":[{"embeddable":true,"href":"https:\/\/www.texty.santegidio.cz\/index.php?rest_route=%2Fwp%2Fv2%2Fcomments&post=83"}],"version-history":[{"count":1,"href":"https:\/\/www.texty.santegidio.cz\/index.php?rest_route=\/wp\/v2\/pages\/83\/revisions"}],"predecessor-version":[{"id":1253,"href":"https:\/\/www.texty.santegidio.cz\/index.php?rest_route=\/wp\/v2\/pages\/83\/revisions\/1253"}],"up":[{"embeddable":true,"href":"https:\/\/www.texty.santegidio.cz\/index.php?rest_route=\/wp\/v2\/pages\/29"}],"wp:attachment":[{"href":"https:\/\/www.texty.santegidio.cz\/index.php?rest_route=%2Fwp%2Fv2%2Fmedia&parent=83"}],"curies":[{"name":"wp","href":"https:\/\/api.w.org\/{rel}","templated":true}]}}