{"id":80,"date":"2018-12-12T10:15:04","date_gmt":"2018-12-12T09:15:04","guid":{"rendered":"http:\/\/www.texty.santegidio.cz?page_id=80"},"modified":"2018-12-12T10:15:05","modified_gmt":"2018-12-12T09:15:05","slug":"zalm-28","status":"publish","type":"page","link":"https:\/\/www.texty.santegidio.cz\/?page_id=80","title":{"rendered":"\u017dalm 28"},"content":{"rendered":"<p>Sly\u0161 hlas m\u00e9 modlitby, Pane.<\/p>\n<p>= <sup>1<\/span><\/sup> K tob\u011b vol\u00e1m, Pane, moje sk\u00e1lo,\u2020<br \/>neodvra\u0165 se ml\u010dky, neosly\u0161 m\u011b,<br \/>abych nebyl jak t<strong>i<\/strong> poh\u0159ben\u00ed.<\/p>\n<p>&#8211; <sup>2<\/span><\/sup> Sly\u0161 hlas m\u00e9ho n\u00e1\u0159ku, kdy\u017e t\u011b vol\u00e1m,<br \/>ruce vzp\u00edn\u00e1m k tv\u00e9mu sv<strong>a<\/strong>tostanu!<\/p>\n<p>= <sup>3<\/span><\/sup> S h\u0159\u00ed\u0161n\u00edky a zlo\u010dinci m\u011b nesme\u0165:\u2020<br \/>mluv\u00ed s bli\u017en\u00edm laskav\u00fdmi slovy,<br \/>ale ve sv\u00e9m srdci t<strong>\u00ed<\/strong>hnou k zl\u00e9mu.<br \/>[- <\/span><\/span><sup>4<\/span><\/sup><\/span><\/span> T\u011bm jen odpla\u0165 podle jejich skutk\u016f,<\/span><\/span><br \/>podle hanebnost\u00ed, kter\u00e9 p\u00e1\u0161ou,<\/span><\/span><br \/>&#8211;<\/span> spla\u0165 jim podle d\u00edla jejich rukou,<\/span><\/span><br \/>a\u0165 se jejich zloba vymst\u00ed na nich!<\/span><\/span><br \/>&#8211;<\/span> <sup>5<\/span><\/sup><\/span><\/span> Nedbaj\u00ed na po\u010d\u00edn\u00e1n\u00ed P\u00e1n\u011b,<\/span><\/span><br \/>bez \u00facty jsou k d\u00edlu jeho rukou.<\/span><\/span><br \/>&#8211;<\/span> Za to v\u0161echno P\u00e1n je sraz\u00ed k zemi,<\/span><\/span><br \/>tak\u017ee nikdy znova nepovstanou.]<\/span><\/span><\/p>\n<p>= <sup>6<\/span><\/sup> Sl\u00e1va P\u00e1nu, \u017ee m\u00e9 prosby sly\u0161\u00ed!\u2020<br \/><sup>7<\/span><\/sup> P\u00e1n je moje s\u00edla a m\u016fj \u0161t\u00edt,<br \/>na n\u011bho se spol<strong>\u00e9<\/strong>h\u00e1 m\u00e9 srdce.<br \/>&#8211; Pomohl mi, srdce zaj\u00e1salo,<br \/>chvalozp\u011bvem chci m<strong>u<\/strong> d\u011bkovat.<\/p>\n<p>&#8211; <sup>8<\/span><\/sup> P\u00e1n je v\u0161emu sv\u00e9mu lidu silou,<br \/>sp\u00e1sou sv\u00e9mu Pom<strong>a<\/strong>zan\u00e9mu.<\/p>\n<p>= <sup>10<\/span><\/sup> St\u00e1lou pomoc\u00ed bu\u010f sv\u00e9mu lidu,\u2020<br \/>po\u017eehn\u00e1n\u00edm sv\u00e9mu d\u011bdictv\u00ed,<br \/>vo\u010f je k pastv\u011b, pe\u010duj <strong>o<\/strong> n\u011b prov\u017edy!<\/p>\n","protected":false},"excerpt":{"rendered":"<p>Sly\u0161 hlas m\u00e9 modlitby, Pane. = 1 K tob\u011b vol\u00e1m, Pane, moje sk\u00e1lo,\u2020neodvra\u0165 se ml\u010dky, neosly\u0161 m\u011b,abych nebyl jak ti poh\u0159ben\u00ed. &#8211; 2 Sly\u0161 hlas m\u00e9ho n\u00e1\u0159ku, kdy\u017e t\u011b vol\u00e1m,ruce vzp\u00edn\u00e1m k tv\u00e9mu svatostanu! = 3 S h\u0159\u00ed\u0161n\u00edky a zlo\u010dinci m\u011b nesme\u0165:\u2020mluv\u00ed s bli\u017en\u00edm laskav\u00fdmi slovy,ale ve sv\u00e9m srdci t\u00edhnou k zl\u00e9mu.[- 4 T\u011bm jen &#8230; <a title=\"\u017dalm 28\" class=\"read-more\" href=\"https:\/\/www.texty.santegidio.cz\/?page_id=80\" aria-label=\"More on \u017dalm 28\">Read more<\/a><\/p>\n","protected":false},"author":1,"featured_media":0,"parent":29,"menu_order":0,"comment_status":"closed","ping_status":"closed","template":"","meta":{"_uag_custom_page_level_css":"","jetpack_post_was_ever_published":false,"footnotes":""},"class_list":["post-80","page","type-page","status-publish"],"uagb_featured_image_src":{"full":false,"thumbnail":false,"medium":false,"medium_large":false,"large":false,"1536x1536":false,"2048x2048":false},"uagb_author_info":{"display_name":"Pavel","author_link":"https:\/\/www.texty.santegidio.cz\/?author=1"},"uagb_comment_info":0,"uagb_excerpt":"Sly\u0161 hlas m\u00e9 modlitby, Pane. = 1 K tob\u011b vol\u00e1m, Pane, moje sk\u00e1lo,\u2020neodvra\u0165 se ml\u010dky, neosly\u0161 m\u011b,abych nebyl jak ti poh\u0159ben\u00ed. &#8211; 2 Sly\u0161 hlas m\u00e9ho n\u00e1\u0159ku, kdy\u017e t\u011b vol\u00e1m,ruce vzp\u00edn\u00e1m k tv\u00e9mu svatostanu! = 3 S h\u0159\u00ed\u0161n\u00edky a zlo\u010dinci m\u011b nesme\u0165:\u2020mluv\u00ed s bli\u017en\u00edm laskav\u00fdmi slovy,ale ve sv\u00e9m srdci t\u00edhnou k zl\u00e9mu.[- 4 T\u011bm jen&hellip;","jetpack_sharing_enabled":true,"jetpack_shortlink":"https:\/\/wp.me\/PawMsT-1i","_links":{"self":[{"href":"https:\/\/www.texty.santegidio.cz\/index.php?rest_route=\/wp\/v2\/pages\/80","targetHints":{"allow":["GET"]}}],"collection":[{"href":"https:\/\/www.texty.santegidio.cz\/index.php?rest_route=\/wp\/v2\/pages"}],"about":[{"href":"https:\/\/www.texty.santegidio.cz\/index.php?rest_route=\/wp\/v2\/types\/page"}],"author":[{"embeddable":true,"href":"https:\/\/www.texty.santegidio.cz\/index.php?rest_route=\/wp\/v2\/users\/1"}],"replies":[{"embeddable":true,"href":"https:\/\/www.texty.santegidio.cz\/index.php?rest_route=%2Fwp%2Fv2%2Fcomments&post=80"}],"version-history":[{"count":1,"href":"https:\/\/www.texty.santegidio.cz\/index.php?rest_route=\/wp\/v2\/pages\/80\/revisions"}],"predecessor-version":[{"id":1250,"href":"https:\/\/www.texty.santegidio.cz\/index.php?rest_route=\/wp\/v2\/pages\/80\/revisions\/1250"}],"up":[{"embeddable":true,"href":"https:\/\/www.texty.santegidio.cz\/index.php?rest_route=\/wp\/v2\/pages\/29"}],"wp:attachment":[{"href":"https:\/\/www.texty.santegidio.cz\/index.php?rest_route=%2Fwp%2Fv2%2Fmedia&parent=80"}],"curies":[{"name":"wp","href":"https:\/\/api.w.org\/{rel}","templated":true}]}}