{"id":78,"date":"2018-12-12T10:15:04","date_gmt":"2018-12-12T09:15:04","guid":{"rendered":"http:\/\/www.texty.santegidio.cz?page_id=78"},"modified":"2018-12-12T10:15:05","modified_gmt":"2018-12-12T09:15:05","slug":"zalm-26","status":"publish","type":"page","link":"https:\/\/www.texty.santegidio.cz\/?page_id=78","title":{"rendered":"\u017dalm 26"},"content":{"rendered":"<p>Miluji, Pane, d\u016fm, kde p\u0159eb\u00fdv\u00e1\u0161.<\/p>\n<p>&#8211; <sup>1<\/span><\/sup> Pro bez\u00fahonnost mou mi, Pane, zjednej pr\u00e1vo,<br \/>bez zakol\u00eds\u00e1n\u00ed jsem d\u016fv\u011b\u0159<strong>o<\/strong>val v P\u00e1na.<\/p>\n<p>&#8211; <sup>2<\/span><\/sup> Zkoumej m\u011b, Pane m\u016fj, a podrob m\u011b sv\u00e9 zkou\u0161ce,<br \/>a\u017e do dna prozpytuj m\u00e9 ledv\u00ed <strong>a<\/strong> m\u00e9 srdce.<\/p>\n<p>&#8211; <sup>3<\/span><\/sup> V\u017edy m\u011bl jsem na o\u010d\u00edch tvou milost,<br \/>cestou tv\u00e9 pr<strong>a<\/strong>vdy kr\u00e1\u010del jsem,<\/p>\n<p>&#8211; <sup>4<\/span><\/sup> nevysed\u00e1val s fale\u0161n\u00edky<br \/>a nest\u00fdkal s<strong>e<\/strong> s pokrytci.<\/p>\n<p>&#8211; <sup>5<\/span><\/sup> M\u00e1m odpor k shrom\u00e1\u017ed\u011bn\u00ed h\u0159\u00ed\u0161n\u00fdch<br \/>a s bezbo\u017en<strong>\u00ed<\/strong>ky nesed\u00e1m.<\/p>\n<p>&#8211; <sup>6<\/span><\/sup> Myji si ruce v nevinnosti,<br \/>chod\u00edm kol tv<strong>\u00e9<\/strong>ho olt\u00e1\u0159e,<\/p>\n<p>&#8211; <sup>7<\/span><\/sup> abych ti nahlas d\u00edky vzd\u00e1val,<br \/>tv\u00e9 velk\u00e9 d<strong>i<\/strong>vy op\u011bval.<\/p>\n<p>&#8211; <sup>8<\/span><\/sup> Miluji, Pane, d\u016fm, kde b\u00fdv\u00e1\u0161,<br \/>m\u00edsto, kde s<strong>\u00ed<\/strong>dl\u00ed sl\u00e1va tv\u00e1.<\/p>\n<p>&#8211; <sup>9<\/span><\/sup> Nezahla\u010f s h\u0159\u00ed\u0161n\u00edky m\u016fj \u017eivot,<br \/>s vra\u017eedn\u00edky m<strong>\u011b<\/strong> nezahub!<\/p>\n<p>&#8211; <sup>10<\/span><\/sup> Na jejich rukou zlo\u010din ulp\u011bl,<br \/>pravice p<strong>l<\/strong>na \u00faplatk\u016f.<\/p>\n<p>&#8211; <sup>11<\/span><\/sup> Ale j\u00e1 \u017eiji bez \u00fahony,<br \/>zachra\u0148 m\u011b, mil<strong>o<\/strong>stiv mi bu\u010f!<\/p>\n<p>&#8211; <sup>12<\/span><\/sup> Nohou se dr\u017e\u00edm rovn\u00e9 cesty,<br \/>p\u0159ed obc\u00ed P<strong>\u00e1<\/strong>na veleb\u00edm.<\/p>\n","protected":false},"excerpt":{"rendered":"<p>Miluji, Pane, d\u016fm, kde p\u0159eb\u00fdv\u00e1\u0161. &#8211; 1 Pro bez\u00fahonnost mou mi, Pane, zjednej pr\u00e1vo,bez zakol\u00eds\u00e1n\u00ed jsem d\u016fv\u011b\u0159oval v P\u00e1na. &#8211; 2 Zkoumej m\u011b, Pane m\u016fj, a podrob m\u011b sv\u00e9 zkou\u0161ce,a\u017e do dna prozpytuj m\u00e9 ledv\u00ed a m\u00e9 srdce. &#8211; 3 V\u017edy m\u011bl jsem na o\u010d\u00edch tvou milost,cestou tv\u00e9 pravdy kr\u00e1\u010del jsem, &#8211; 4 nevysed\u00e1val s &#8230; <a title=\"\u017dalm 26\" class=\"read-more\" href=\"https:\/\/www.texty.santegidio.cz\/?page_id=78\" aria-label=\"More on \u017dalm 26\">Read more<\/a><\/p>\n","protected":false},"author":1,"featured_media":0,"parent":29,"menu_order":0,"comment_status":"closed","ping_status":"closed","template":"","meta":{"_uag_custom_page_level_css":"","jetpack_post_was_ever_published":false,"footnotes":""},"class_list":["post-78","page","type-page","status-publish"],"uagb_featured_image_src":{"full":false,"thumbnail":false,"medium":false,"medium_large":false,"large":false,"1536x1536":false,"2048x2048":false},"uagb_author_info":{"display_name":"Pavel","author_link":"https:\/\/www.texty.santegidio.cz\/?author=1"},"uagb_comment_info":0,"uagb_excerpt":"Miluji, Pane, d\u016fm, kde p\u0159eb\u00fdv\u00e1\u0161. &#8211; 1 Pro bez\u00fahonnost mou mi, Pane, zjednej pr\u00e1vo,bez zakol\u00eds\u00e1n\u00ed jsem d\u016fv\u011b\u0159oval v P\u00e1na. &#8211; 2 Zkoumej m\u011b, Pane m\u016fj, a podrob m\u011b sv\u00e9 zkou\u0161ce,a\u017e do dna prozpytuj m\u00e9 ledv\u00ed a m\u00e9 srdce. &#8211; 3 V\u017edy m\u011bl jsem na o\u010d\u00edch tvou milost,cestou tv\u00e9 pravdy kr\u00e1\u010del jsem, &#8211; 4 nevysed\u00e1val s&hellip;","jetpack_sharing_enabled":true,"jetpack_shortlink":"https:\/\/wp.me\/PawMsT-1g","_links":{"self":[{"href":"https:\/\/www.texty.santegidio.cz\/index.php?rest_route=\/wp\/v2\/pages\/78","targetHints":{"allow":["GET"]}}],"collection":[{"href":"https:\/\/www.texty.santegidio.cz\/index.php?rest_route=\/wp\/v2\/pages"}],"about":[{"href":"https:\/\/www.texty.santegidio.cz\/index.php?rest_route=\/wp\/v2\/types\/page"}],"author":[{"embeddable":true,"href":"https:\/\/www.texty.santegidio.cz\/index.php?rest_route=\/wp\/v2\/users\/1"}],"replies":[{"embeddable":true,"href":"https:\/\/www.texty.santegidio.cz\/index.php?rest_route=%2Fwp%2Fv2%2Fcomments&post=78"}],"version-history":[{"count":1,"href":"https:\/\/www.texty.santegidio.cz\/index.php?rest_route=\/wp\/v2\/pages\/78\/revisions"}],"predecessor-version":[{"id":1248,"href":"https:\/\/www.texty.santegidio.cz\/index.php?rest_route=\/wp\/v2\/pages\/78\/revisions\/1248"}],"up":[{"embeddable":true,"href":"https:\/\/www.texty.santegidio.cz\/index.php?rest_route=\/wp\/v2\/pages\/29"}],"wp:attachment":[{"href":"https:\/\/www.texty.santegidio.cz\/index.php?rest_route=%2Fwp%2Fv2%2Fmedia&parent=78"}],"curies":[{"name":"wp","href":"https:\/\/api.w.org\/{rel}","templated":true}]}}