{"id":77,"date":"2018-12-12T10:15:04","date_gmt":"2018-12-12T09:15:04","guid":{"rendered":"http:\/\/www.texty.santegidio.cz?page_id=77"},"modified":"2018-12-12T10:15:05","modified_gmt":"2018-12-12T09:15:05","slug":"zalm-25","status":"publish","type":"page","link":"https:\/\/www.texty.santegidio.cz\/?page_id=77","title":{"rendered":"\u017dalm 25"},"content":{"rendered":"<p>Vzpome\u0148, Pane, na sv\u00e9 slitov\u00e1n\u00ed.<\/p>\n<p>&#8211; <sup>1<\/span><\/sup> K tob\u011b, Pane, pozdvihuji du\u0161i, k Bohu sv\u00e9mu.<br \/><sup>2<\/span><\/sup> V tebe d<strong>\u016f<\/strong>v\u011b\u0159uji,<br \/>&#8211; ty mi nedej v hanb\u011b ztroskotat,<br \/>a\u0165 se nep\u0159\u00e1tel\u00e9 n<strong>e<\/strong>raduj\u00ed!<\/p>\n<p>&#8211; <sup>3<\/span><\/sup> Nezahanb\u00ed\u0161 ty, kdo hled\u00ed k tob\u011b,<br \/>zahanbeni a\u0165 js<strong>ou<\/strong> nev\u011brn\u00ed!<\/p>\n<p>&#8211; <sup>4<\/span><\/sup> Ukazuj mi, Pane, svoje cesty,<br \/>u\u010d m\u011b kr\u00e1\u010det tv<strong>\u00fd<\/strong>mi stezkami.<\/p>\n<p>&#8211; <sup>5<\/span><\/sup> K v\u011brnosti m\u011b ve\u010f a pou\u010duj m\u011b,<br \/>v\u017edy\u0165 jen ty jsi B\u016fh m<strong>\u00e9<\/strong> z\u00e1chrany,<br \/>&#8211; v kter\u00e9ho j\u00e1 dennodenn\u011b douf\u00e1m<br \/>pro tvou, Pane, v<strong>\u011b<\/strong>\u010dnou dobrotu.<\/p>\n<p>&#8211; <sup>6<\/span><\/sup> Vzpome\u0148, Pane, na sv\u00e9 slitov\u00e1n\u00ed,<br \/>milost svou, je\u017e t<strong>r<\/strong>v\u00e1 od v\u011bk\u016f!<\/p>\n<p>&#8211; <sup>7<\/span><\/sup> Zapome\u0148 m\u00fdch provin\u011bn\u00ed z ml\u00e1d\u00ed,<br \/>v l\u00e1sce sv\u00e9 se na mn<strong>e<\/strong> rozpome\u0148!<\/p>\n<p>&#8211; <sup>8<\/span><\/sup> P\u00e1n je pln\u00fd dobroty a p\u0159\u00edm\u00fd,<br \/>ukazuje c<strong>e<\/strong>stu bloud\u00edc\u00edm,<\/p>\n<p>&#8211; <sup>9<\/span><\/sup> utla\u010den\u00fdm dopom\u00e1h\u00e1 k pr\u00e1vu,<br \/>pon\u00ed\u017een\u00e9 v<strong>o<\/strong>d\u00ed k cest\u00e1m sv\u00fdm;<\/p>\n<p>&#8211; <sup>10<\/span><\/sup> jeho cesty &#8211; pravdivost a v\u011brnost<br \/>t\u011bm, kdo pln\u00ed \u00faml<strong>u<\/strong>vu a \u0159\u00e1d.<\/p>\n<p>&#8211; <sup>11<\/span><\/sup> Proto, Pane, odpus\u0165 pro sv\u00e9 jm\u00e9no,<br \/>odpus\u0165 mi m\u016fj p\u0159ev<strong>e<\/strong>lik\u00fd h\u0159\u00edch!<\/p>\n<p>&#8211; <sup>12<\/span><\/sup> Kdo je \u010dlov\u011bk, jen\u017e se boj\u00ed P\u00e1na?<br \/>Tomu P\u00e1n d\u00e1 spr<strong>\u00e1<\/strong>vnou cestou j\u00edt,<\/p>\n<p>&#8211; <sup>13<\/span><\/sup> ten se bude t\u011b\u0161it blahobytu,<br \/>zemi zd\u011bd\u00ed v <strong>\u00fa<\/strong>d\u011bl jeho rod.<\/p>\n<p>&#8211; <sup>14<\/span><\/sup> Rada P\u00e1n\u011b t\u011bm, kdo se ho boj\u00ed,<br \/>jeho \u00famluva j<strong>e<\/strong> osv\u00edt\u00ed.<\/p>\n<p>&#8211; <sup>15<\/span><\/sup> Moje o\u010di st\u00e1le hled\u00ed k P\u00e1nu,<br \/>on m\u00e9 nohy z l<strong>\u00e9<\/strong>\u010dek vyprost\u00ed.<\/p>\n<p>&#8211; <sup>16<\/span><\/sup> Ke mn\u011b obra\u0165 se, dej slitov\u00e1n\u00ed,<br \/>v\u017edy\u0165 jsem uboh\u00fd <strong>a<\/strong> zcela s\u00e1m.<\/p>\n<p>&#8211; <sup>17<\/span><\/sup> Ulev m\u00e9mu st\u00edsn\u011bn\u00e9mu srdci,<br \/>vyve\u010f m\u011b u\u017e z m<strong>\u00e9<\/strong>ho skl\u00ed\u010den\u00ed!<\/p>\n<p>&#8211; <sup>18<\/span><\/sup> Pohle\u010f na m\u016fj \u017eal a plaho\u010den\u00ed,<br \/>v\u0161echny moje h\u0159<strong>\u00ed<\/strong>chy odpus\u0165 mi!<\/p>\n<p>&#8211; <sup>19<\/span><\/sup> Pohle\u010f na m\u00e9 \u010detn\u00e9 nep\u0159\u00e1tele,<br \/>jakou krutou m<strong>a<\/strong>j\u00ed ke mn\u011b z\u00e1\u0161\u0165!<\/p>\n<p>&#8211; <sup>20<\/span><\/sup> Ochra\u0148uj mou du\u0161i, vysvobo\u010f m\u011b,<br \/>nezahanbi m\u011b v m<strong>\u00e9<\/strong>m douf\u00e1n\u00ed!<\/p>\n<p>&#8211; <sup>21<\/span><\/sup> K\u00e9\u017e m\u011b chr\u00e1n\u00ed nevinnost a v\u011brnost,<br \/>nebo\u0165 k tob\u011b, P<strong>a<\/strong>ne, pohl\u00ed\u017e\u00edm.<\/p>\n<p>&#8211; <sup>22<\/span><\/sup> Vysvobo\u010f, m\u016fj Bo\u017ee, Izraele<br \/>ze v\u0161ech jeho sou\u017e<strong>e<\/strong>n\u00ed a b\u011bd!<\/p>\n","protected":false},"excerpt":{"rendered":"<p>Vzpome\u0148, Pane, na sv\u00e9 slitov\u00e1n\u00ed. &#8211; 1 K tob\u011b, Pane, pozdvihuji du\u0161i, k Bohu sv\u00e9mu.2 V tebe d\u016fv\u011b\u0159uji,&#8211; ty mi nedej v hanb\u011b ztroskotat,a\u0165 se nep\u0159\u00e1tel\u00e9 neraduj\u00ed! &#8211; 3 Nezahanb\u00ed\u0161 ty, kdo hled\u00ed k tob\u011b,zahanbeni a\u0165 jsou nev\u011brn\u00ed! &#8211; 4 Ukazuj mi, Pane, svoje cesty,u\u010d m\u011b kr\u00e1\u010det tv\u00fdmi stezkami. &#8211; 5 K v\u011brnosti m\u011b ve\u010f &#8230; <a title=\"\u017dalm 25\" class=\"read-more\" href=\"https:\/\/www.texty.santegidio.cz\/?page_id=77\" aria-label=\"More on \u017dalm 25\">Read more<\/a><\/p>\n","protected":false},"author":1,"featured_media":0,"parent":29,"menu_order":0,"comment_status":"closed","ping_status":"closed","template":"","meta":{"_uag_custom_page_level_css":"","jetpack_post_was_ever_published":false,"footnotes":""},"class_list":["post-77","page","type-page","status-publish"],"uagb_featured_image_src":{"full":false,"thumbnail":false,"medium":false,"medium_large":false,"large":false,"1536x1536":false,"2048x2048":false},"uagb_author_info":{"display_name":"Pavel","author_link":"https:\/\/www.texty.santegidio.cz\/?author=1"},"uagb_comment_info":0,"uagb_excerpt":"Vzpome\u0148, Pane, na sv\u00e9 slitov\u00e1n\u00ed. &#8211; 1 K tob\u011b, Pane, pozdvihuji du\u0161i, k Bohu sv\u00e9mu.2 V tebe d\u016fv\u011b\u0159uji,&#8211; ty mi nedej v hanb\u011b ztroskotat,a\u0165 se nep\u0159\u00e1tel\u00e9 neraduj\u00ed! &#8211; 3 Nezahanb\u00ed\u0161 ty, kdo hled\u00ed k tob\u011b,zahanbeni a\u0165 jsou nev\u011brn\u00ed! &#8211; 4 Ukazuj mi, Pane, svoje cesty,u\u010d m\u011b kr\u00e1\u010det tv\u00fdmi stezkami. &#8211; 5 K v\u011brnosti m\u011b ve\u010f&hellip;","jetpack_sharing_enabled":true,"jetpack_shortlink":"https:\/\/wp.me\/PawMsT-1f","_links":{"self":[{"href":"https:\/\/www.texty.santegidio.cz\/index.php?rest_route=\/wp\/v2\/pages\/77","targetHints":{"allow":["GET"]}}],"collection":[{"href":"https:\/\/www.texty.santegidio.cz\/index.php?rest_route=\/wp\/v2\/pages"}],"about":[{"href":"https:\/\/www.texty.santegidio.cz\/index.php?rest_route=\/wp\/v2\/types\/page"}],"author":[{"embeddable":true,"href":"https:\/\/www.texty.santegidio.cz\/index.php?rest_route=\/wp\/v2\/users\/1"}],"replies":[{"embeddable":true,"href":"https:\/\/www.texty.santegidio.cz\/index.php?rest_route=%2Fwp%2Fv2%2Fcomments&post=77"}],"version-history":[{"count":1,"href":"https:\/\/www.texty.santegidio.cz\/index.php?rest_route=\/wp\/v2\/pages\/77\/revisions"}],"predecessor-version":[{"id":1247,"href":"https:\/\/www.texty.santegidio.cz\/index.php?rest_route=\/wp\/v2\/pages\/77\/revisions\/1247"}],"up":[{"embeddable":true,"href":"https:\/\/www.texty.santegidio.cz\/index.php?rest_route=\/wp\/v2\/pages\/29"}],"wp:attachment":[{"href":"https:\/\/www.texty.santegidio.cz\/index.php?rest_route=%2Fwp%2Fv2%2Fmedia&parent=77"}],"curies":[{"name":"wp","href":"https:\/\/api.w.org\/{rel}","templated":true}]}}