{"id":726,"date":"2018-10-09T15:51:11","date_gmt":"2018-10-09T13:51:11","guid":{"rendered":"http:\/\/www.texty.santegidio.cz?page_id=726"},"modified":"2018-10-09T15:51:11","modified_gmt":"2018-10-09T13:51:11","slug":"modlitba-chval","status":"publish","type":"page","link":"https:\/\/www.texty.santegidio.cz\/?page_id=726","title":{"rendered":"Modlitba chval"},"content":{"rendered":"<p>Chv\u00e1l\u00edme t\u011b, neviditeln&yacute; Ot\u010de,<br \/>kter&yacute; d\u00e1v\u00e1&scaron; nesmrtelnost.<br \/>Ty jsi pramenem \u017eivota, zdroj sv\u011btla,<br \/>pramenem v&scaron;ech milost\u00ed a pravdy,<br \/>miluje&scaron; lidi, miluje&scaron; uboh&eacute;.<br \/>Se v&scaron;emi se usm\u00ed\u0159uje&scaron; a v&scaron;ichni p\u0159itahuj\u00ed&scaron; k sob\u011b<br \/>skrze p\u0159\u00edchod tv&eacute;ho milovan&eacute;ho Syna.<br \/>Pros\u00edme t\u011b: u\u010di\u0148 z n\u00e1s \u017eij\u00edc\u00ed lidi,<br \/>dej n\u00e1m Ducha sv\u011btla,<br \/>abychom poznali tebe<br \/>a toho, kter&eacute;ho jsi poslal,<br \/>Je\u017e\u00ed&scaron;e Krista.<br \/>Dej n\u00e1m svat&eacute;ho Ducha,<br \/>abychom mohli ukazovat a vysv\u011btlovat<br \/>va&scaron;e tajemstv\u00ed.<br \/>A\u0165 v n\u00e1s hovo\u0159\u00ed P\u00e1n Je\u017e\u00ed&scaron;<br \/>Duch svat&yacute; na&scaron;imi &uacute;sty v\u00e1s oslavuje zp\u011bvem.<br \/>Nyn\u00ed i v\u017edycky.<br \/>Amen.<br \/><em>(Serapion\u016fv euchologion)<\/em><\/p>\n","protected":false},"excerpt":{"rendered":"<p>Chv\u00e1l\u00edme t\u011b, neviditeln&yacute; Ot\u010de,kter&yacute; d\u00e1v\u00e1&scaron; nesmrtelnost.Ty jsi pramenem \u017eivota, zdroj sv\u011btla,pramenem v&scaron;ech milost\u00ed a pravdy,miluje&scaron; lidi, miluje&scaron; uboh&eacute;.Se v&scaron;emi se usm\u00ed\u0159uje&scaron; a v&scaron;ichni p\u0159itahuj\u00ed&scaron; k sob\u011bskrze p\u0159\u00edchod tv&eacute;ho milovan&eacute;ho Syna.Pros\u00edme t\u011b: u\u010di\u0148 z n\u00e1s \u017eij\u00edc\u00ed lidi,dej n\u00e1m Ducha sv\u011btla,abychom poznali tebea toho, kter&eacute;ho jsi poslal,Je\u017e\u00ed&scaron;e Krista.Dej n\u00e1m svat&eacute;ho Ducha,abychom mohli ukazovat a vysv\u011btlovatva&scaron;e tajemstv\u00ed.A\u0165 v &#8230; <a title=\"Modlitba chval\" class=\"read-more\" href=\"https:\/\/www.texty.santegidio.cz\/?page_id=726\" aria-label=\"More on Modlitba chval\">Read more<\/a><\/p>\n","protected":false},"author":1,"featured_media":0,"parent":692,"menu_order":0,"comment_status":"open","ping_status":"open","template":"","meta":{"_uag_custom_page_level_css":"","jetpack_post_was_ever_published":false,"footnotes":""},"class_list":["post-726","page","type-page","status-publish"],"uagb_featured_image_src":{"full":false,"thumbnail":false,"medium":false,"medium_large":false,"large":false,"1536x1536":false,"2048x2048":false},"uagb_author_info":{"display_name":"Pavel","author_link":"https:\/\/www.texty.santegidio.cz\/?author=1"},"uagb_comment_info":0,"uagb_excerpt":"Chv\u00e1l\u00edme t\u011b, neviditeln&yacute; Ot\u010de,kter&yacute; d\u00e1v\u00e1&scaron; nesmrtelnost.Ty jsi pramenem \u017eivota, zdroj sv\u011btla,pramenem v&scaron;ech milost\u00ed a pravdy,miluje&scaron; lidi, miluje&scaron; uboh&eacute;.Se v&scaron;emi se usm\u00ed\u0159uje&scaron; a v&scaron;ichni p\u0159itahuj\u00ed&scaron; k sob\u011bskrze p\u0159\u00edchod tv&eacute;ho milovan&eacute;ho Syna.Pros\u00edme t\u011b: u\u010di\u0148 z n\u00e1s \u017eij\u00edc\u00ed lidi,dej n\u00e1m Ducha sv\u011btla,abychom poznali tebea toho, kter&eacute;ho jsi poslal,Je\u017e\u00ed&scaron;e Krista.Dej n\u00e1m svat&eacute;ho Ducha,abychom mohli ukazovat a vysv\u011btlovatva&scaron;e tajemstv\u00ed.A\u0165 v&hellip;","jetpack_sharing_enabled":true,"jetpack_shortlink":"https:\/\/wp.me\/PawMsT-bI","_links":{"self":[{"href":"https:\/\/www.texty.santegidio.cz\/index.php?rest_route=\/wp\/v2\/pages\/726","targetHints":{"allow":["GET"]}}],"collection":[{"href":"https:\/\/www.texty.santegidio.cz\/index.php?rest_route=\/wp\/v2\/pages"}],"about":[{"href":"https:\/\/www.texty.santegidio.cz\/index.php?rest_route=\/wp\/v2\/types\/page"}],"author":[{"embeddable":true,"href":"https:\/\/www.texty.santegidio.cz\/index.php?rest_route=\/wp\/v2\/users\/1"}],"replies":[{"embeddable":true,"href":"https:\/\/www.texty.santegidio.cz\/index.php?rest_route=%2Fwp%2Fv2%2Fcomments&post=726"}],"version-history":[{"count":0,"href":"https:\/\/www.texty.santegidio.cz\/index.php?rest_route=\/wp\/v2\/pages\/726\/revisions"}],"up":[{"embeddable":true,"href":"https:\/\/www.texty.santegidio.cz\/index.php?rest_route=\/wp\/v2\/pages\/692"}],"wp:attachment":[{"href":"https:\/\/www.texty.santegidio.cz\/index.php?rest_route=%2Fwp%2Fv2%2Fmedia&parent=726"}],"curies":[{"name":"wp","href":"https:\/\/api.w.org\/{rel}","templated":true}]}}