{"id":725,"date":"2018-10-09T15:51:11","date_gmt":"2018-10-09T13:51:11","guid":{"rendered":"http:\/\/www.texty.santegidio.cz?page_id=725"},"modified":"2018-10-09T15:51:11","modified_gmt":"2018-10-09T13:51:11","slug":"vzdavani-diku","status":"publish","type":"page","link":"https:\/\/www.texty.santegidio.cz\/?page_id=725","title":{"rendered":"Vzd\u00e1v\u00e1n\u00ed d\u00edk\u016f"},"content":{"rendered":"<p>Vzd\u00e1v\u00e1me ti d\u00edky, Pane,<br \/>proto\u017ee jsi nechal p\u0159ij\u00edt sv&eacute; Slovo<br \/>k t\u011bm, kte\u0159\u00ed byli vzd\u00e1leni,<br \/>vybral sis za sv&eacute; u\u010dedn\u00edky<br \/>ty, kdo zh\u0159e&scaron;ili,<br \/>nedbal jsi na odsouzen\u00ed,<br \/>kter&eacute; na n\u00e1s dol&eacute;halo.<br \/>Ve sv&eacute; dobrot\u011b jsi je odpustil,<br \/>obr\u00e1cen\u00edm jsi je zru&scaron;il,<br \/>pozn\u00e1n\u00edm sv&eacute; l\u00e1sky<br \/>jsi je zahladil.<br \/>Vzd\u00e1v\u00e1me ti d\u00edky,<br \/>proto\u017ee jste n\u00e1m dal pod\u00edl<br \/>na tv&eacute;m T\u011ble a krvi.<br \/>Po\u017eehnej n\u00e1s i toto lidi,<br \/>dej v&scaron;em vstoup\u00edm do tv&eacute;ho kr\u00e1lovstv\u00ed,<br \/>skrze milost tv&eacute;ho jednorozen&eacute;ho Syna,<br \/>v Duchu svat&eacute;m<br \/>te\u010f i v\u017edycky.<br \/>Amen.<br \/><em>(Serapion\u016fv euchologion)<\/em><\/p>\n","protected":false},"excerpt":{"rendered":"<p>Vzd\u00e1v\u00e1me ti d\u00edky, Pane,proto\u017ee jsi nechal p\u0159ij\u00edt sv&eacute; Slovok t\u011bm, kte\u0159\u00ed byli vzd\u00e1leni,vybral sis za sv&eacute; u\u010dedn\u00edkyty, kdo zh\u0159e&scaron;ili,nedbal jsi na odsouzen\u00ed,kter&eacute; na n\u00e1s dol&eacute;halo.Ve sv&eacute; dobrot\u011b jsi je odpustil,obr\u00e1cen\u00edm jsi je zru&scaron;il,pozn\u00e1n\u00edm sv&eacute; l\u00e1skyjsi je zahladil.Vzd\u00e1v\u00e1me ti d\u00edky,proto\u017ee jste n\u00e1m dal pod\u00edlna tv&eacute;m T\u011ble a krvi.Po\u017eehnej n\u00e1s i toto lidi,dej v&scaron;em vstoup\u00edm do tv&eacute;ho &#8230; <a title=\"Vzd\u00e1v\u00e1n\u00ed d\u00edk\u016f\" class=\"read-more\" href=\"https:\/\/www.texty.santegidio.cz\/?page_id=725\" aria-label=\"More on Vzd\u00e1v\u00e1n\u00ed d\u00edk\u016f\">Read more<\/a><\/p>\n","protected":false},"author":1,"featured_media":0,"parent":692,"menu_order":0,"comment_status":"open","ping_status":"open","template":"","meta":{"_uag_custom_page_level_css":"","jetpack_post_was_ever_published":false,"footnotes":""},"class_list":["post-725","page","type-page","status-publish"],"uagb_featured_image_src":{"full":false,"thumbnail":false,"medium":false,"medium_large":false,"large":false,"1536x1536":false,"2048x2048":false},"uagb_author_info":{"display_name":"Pavel","author_link":"https:\/\/www.texty.santegidio.cz\/?author=1"},"uagb_comment_info":0,"uagb_excerpt":"Vzd\u00e1v\u00e1me ti d\u00edky, Pane,proto\u017ee jsi nechal p\u0159ij\u00edt sv&eacute; Slovok t\u011bm, kte\u0159\u00ed byli vzd\u00e1leni,vybral sis za sv&eacute; u\u010dedn\u00edkyty, kdo zh\u0159e&scaron;ili,nedbal jsi na odsouzen\u00ed,kter&eacute; na n\u00e1s dol&eacute;halo.Ve sv&eacute; dobrot\u011b jsi je odpustil,obr\u00e1cen\u00edm jsi je zru&scaron;il,pozn\u00e1n\u00edm sv&eacute; l\u00e1skyjsi je zahladil.Vzd\u00e1v\u00e1me ti d\u00edky,proto\u017ee jste n\u00e1m dal pod\u00edlna tv&eacute;m T\u011ble a krvi.Po\u017eehnej n\u00e1s i toto lidi,dej v&scaron;em vstoup\u00edm do tv&eacute;ho&hellip;","jetpack_sharing_enabled":true,"jetpack_shortlink":"https:\/\/wp.me\/PawMsT-bH","_links":{"self":[{"href":"https:\/\/www.texty.santegidio.cz\/index.php?rest_route=\/wp\/v2\/pages\/725","targetHints":{"allow":["GET"]}}],"collection":[{"href":"https:\/\/www.texty.santegidio.cz\/index.php?rest_route=\/wp\/v2\/pages"}],"about":[{"href":"https:\/\/www.texty.santegidio.cz\/index.php?rest_route=\/wp\/v2\/types\/page"}],"author":[{"embeddable":true,"href":"https:\/\/www.texty.santegidio.cz\/index.php?rest_route=\/wp\/v2\/users\/1"}],"replies":[{"embeddable":true,"href":"https:\/\/www.texty.santegidio.cz\/index.php?rest_route=%2Fwp%2Fv2%2Fcomments&post=725"}],"version-history":[{"count":0,"href":"https:\/\/www.texty.santegidio.cz\/index.php?rest_route=\/wp\/v2\/pages\/725\/revisions"}],"up":[{"embeddable":true,"href":"https:\/\/www.texty.santegidio.cz\/index.php?rest_route=\/wp\/v2\/pages\/692"}],"wp:attachment":[{"href":"https:\/\/www.texty.santegidio.cz\/index.php?rest_route=%2Fwp%2Fv2%2Fmedia&parent=725"}],"curies":[{"name":"wp","href":"https:\/\/api.w.org\/{rel}","templated":true}]}}