{"id":683,"date":"2018-10-09T14:00:00","date_gmt":"2018-10-09T12:00:00","guid":{"rendered":"http:\/\/www.texty.santegidio.cz?page_id=683"},"modified":"2018-10-09T14:00:00","modified_gmt":"2018-10-09T12:00:00","slug":"modlitba-za-prijeti-jezise","status":"publish","type":"page","link":"https:\/\/www.texty.santegidio.cz\/?page_id=683","title":{"rendered":"Modlitba za p\u0159ijet\u00ed Je\u017e\u00ed\u0161e"},"content":{"rendered":"<p>P\u0159ipravujme si v sob\u011b \u010dist&eacute; srdce,<br \/> aby P&aacute;n Je\u017e&iacute;\u0161<br \/> mohl s radost&iacute;<br \/> vstoupit do domu na\u0161eho srdce.<br \/> Jemu pat\u0159&iacute; sl&aacute;va a moc<br \/> na v\u011bky v\u011bk\u016f.<br \/> Amen.<br \/><em>(Origenes)<\/em><\/p>\n","protected":false},"excerpt":{"rendered":"<p>P\u0159ipravujme si v sob\u011b \u010dist&eacute; srdce, aby P&aacute;n Je\u017e&iacute;\u0161 mohl s radost&iacute; vstoupit do domu na\u0161eho srdce. Jemu pat\u0159&iacute; sl&aacute;va a moc na v\u011bky v\u011bk\u016f. Amen.(Origenes)<\/p>\n","protected":false},"author":1,"featured_media":0,"parent":650,"menu_order":0,"comment_status":"open","ping_status":"open","template":"","meta":{"_uag_custom_page_level_css":"","jetpack_post_was_ever_published":false,"footnotes":""},"class_list":["post-683","page","type-page","status-publish"],"uagb_featured_image_src":{"full":false,"thumbnail":false,"medium":false,"medium_large":false,"large":false,"1536x1536":false,"2048x2048":false},"uagb_author_info":{"display_name":"Pavel","author_link":"https:\/\/www.texty.santegidio.cz\/?author=1"},"uagb_comment_info":0,"uagb_excerpt":"P\u0159ipravujme si v sob\u011b \u010dist&eacute; srdce, aby P&aacute;n Je\u017e&iacute;\u0161 mohl s radost&iacute; vstoupit do domu na\u0161eho srdce. Jemu pat\u0159&iacute; sl&aacute;va a moc na v\u011bky v\u011bk\u016f. Amen.(Origenes)","jetpack_sharing_enabled":true,"jetpack_shortlink":"https:\/\/wp.me\/PawMsT-b1","_links":{"self":[{"href":"https:\/\/www.texty.santegidio.cz\/index.php?rest_route=\/wp\/v2\/pages\/683","targetHints":{"allow":["GET"]}}],"collection":[{"href":"https:\/\/www.texty.santegidio.cz\/index.php?rest_route=\/wp\/v2\/pages"}],"about":[{"href":"https:\/\/www.texty.santegidio.cz\/index.php?rest_route=\/wp\/v2\/types\/page"}],"author":[{"embeddable":true,"href":"https:\/\/www.texty.santegidio.cz\/index.php?rest_route=\/wp\/v2\/users\/1"}],"replies":[{"embeddable":true,"href":"https:\/\/www.texty.santegidio.cz\/index.php?rest_route=%2Fwp%2Fv2%2Fcomments&post=683"}],"version-history":[{"count":0,"href":"https:\/\/www.texty.santegidio.cz\/index.php?rest_route=\/wp\/v2\/pages\/683\/revisions"}],"up":[{"embeddable":true,"href":"https:\/\/www.texty.santegidio.cz\/index.php?rest_route=\/wp\/v2\/pages\/650"}],"wp:attachment":[{"href":"https:\/\/www.texty.santegidio.cz\/index.php?rest_route=%2Fwp%2Fv2%2Fmedia&parent=683"}],"curies":[{"name":"wp","href":"https:\/\/api.w.org\/{rel}","templated":true}]}}