{"id":68,"date":"2018-12-12T10:15:02","date_gmt":"2018-12-12T09:15:02","guid":{"rendered":"http:\/\/www.texty.santegidio.cz?page_id=68"},"modified":"2018-12-12T10:15:04","modified_gmt":"2018-12-12T09:15:04","slug":"zalm-16","status":"publish","type":"page","link":"https:\/\/www.texty.santegidio.cz\/?page_id=68","title":{"rendered":"\u017dalm 16"},"content":{"rendered":"<p>Pane, jenom tys m\u00e9 blaho.<\/p>\n<p>&#8211; <sup>1<\/span><\/sup> Zachovej m\u011b, Bo\u017ee, douf\u00e1m v tebe.<br \/><sup>2<\/span><\/sup> \u0158\u00edk\u00e1m P\u00e1nu: &bdquo;Jenom t<strong>y<\/strong>s m\u00e9 blaho!&ldquo;<\/p>\n<p>&#8211; <sup>3<\/span><\/sup> Na nic nejsou v\u0161ichni bozi zem\u011b,<br \/>a\u0165 je slav\u00ed j<strong>e<\/strong>jich ctitel\u00e9,<\/p>\n<p>= <sup>4<\/span><\/sup> a\u0165 si svoje modly rozmno\u017euj\u00ed!\u2020<br \/>Nepod\u00e1m jim ob\u011b\u0165 krvavou,<br \/>nikdy jejich jm<strong>\u00e9<\/strong>na nevy\u0159knu!<\/p>\n<p>&#8211; <sup>5<\/span><\/sup> P\u00e1n je v\u0161e, co m\u00e1m, on je m\u016fj \u00fad\u011bl.<br \/>Osud m\u016fj m\u00e1\u0161 v r<strong>u<\/strong>kou jenom ty!<\/p>\n<p>&#8211; <sup>6<\/span><\/sup> V zemi p\u0159ekr\u00e1sn\u00e9 j\u00e1 m\u00e1m sv\u016fj pod\u00edl,<br \/>zhloubi bla\u017e\u00ed m\u011b m<strong>\u00e9<\/strong> d\u011bdictv\u00ed.<\/p>\n<p>&#8211; <sup>7<\/span><\/sup> Dobro\u0159e\u010d\u00edm P\u00e1nu, \u017ee mi rad\u00ed,<br \/>\u017ee mi k srdci ml<strong>u<\/strong>v\u00ed za noci.<\/p>\n<p>&#8211; <sup>8<\/span><\/sup> Up\u00edn\u00e1m sv\u00e9 o\u010di st\u00e1le k P\u00e1nu;<br \/>je-li p\u0159i mn\u011b, nez<strong>a<\/strong>kol\u00eds\u00e1m.<\/p>\n<p>&#8211; <sup>9<\/span><\/sup> Srdce m\u00e9 se t\u011b\u0161\u00ed, du\u0161e j\u00e1s\u00e1,<br \/>ba i t\u011blo t<strong>r<\/strong>v\u00e1 v bezpe\u010d\u00ed.<\/p>\n<p>= <sup>10<\/span><\/sup> Nezanech\u00e1\u0161 v podsv\u011bt\u00ed mou du\u0161i,\u2020<br \/>nedopust\u00ed\u0161, aby m\u011bl tv\u016fj v\u011brn\u00fd<br \/>v temnou \u0159\u00ed\u0161i m<strong>r<\/strong>tv\u00fdch pohl\u00ed\u017eet.<\/p>\n<p>= <sup>11<\/span><\/sup> Stezku \u017eivota mi ukazuje\u0161:\u2020<br \/>napln\u011bnou radost p\u0159ed tvou tv\u00e1\u0159\u00ed,<br \/>po tv\u00e9 pravici sl<strong>a<\/strong>st nav\u011bky.<\/p>\n","protected":false},"excerpt":{"rendered":"<p>Pane, jenom tys m\u00e9 blaho. &#8211; 1 Zachovej m\u011b, Bo\u017ee, douf\u00e1m v tebe.2 \u0158\u00edk\u00e1m P\u00e1nu: &bdquo;Jenom tys m\u00e9 blaho!&ldquo; &#8211; 3 Na nic nejsou v\u0161ichni bozi zem\u011b,a\u0165 je slav\u00ed jejich ctitel\u00e9, = 4 a\u0165 si svoje modly rozmno\u017euj\u00ed!\u2020Nepod\u00e1m jim ob\u011b\u0165 krvavou,nikdy jejich jm\u00e9na nevy\u0159knu! &#8211; 5 P\u00e1n je v\u0161e, co m\u00e1m, on je m\u016fj \u00fad\u011bl.Osud &#8230; <a title=\"\u017dalm 16\" class=\"read-more\" href=\"https:\/\/www.texty.santegidio.cz\/?page_id=68\" aria-label=\"More on \u017dalm 16\">Read more<\/a><\/p>\n","protected":false},"author":1,"featured_media":0,"parent":29,"menu_order":0,"comment_status":"closed","ping_status":"closed","template":"","meta":{"_uag_custom_page_level_css":"","jetpack_post_was_ever_published":false,"footnotes":""},"class_list":["post-68","page","type-page","status-publish"],"uagb_featured_image_src":{"full":false,"thumbnail":false,"medium":false,"medium_large":false,"large":false,"1536x1536":false,"2048x2048":false},"uagb_author_info":{"display_name":"Pavel","author_link":"https:\/\/www.texty.santegidio.cz\/?author=1"},"uagb_comment_info":0,"uagb_excerpt":"Pane, jenom tys m\u00e9 blaho. &#8211; 1 Zachovej m\u011b, Bo\u017ee, douf\u00e1m v tebe.2 \u0158\u00edk\u00e1m P\u00e1nu: &bdquo;Jenom tys m\u00e9 blaho!&ldquo; &#8211; 3 Na nic nejsou v\u0161ichni bozi zem\u011b,a\u0165 je slav\u00ed jejich ctitel\u00e9, = 4 a\u0165 si svoje modly rozmno\u017euj\u00ed!\u2020Nepod\u00e1m jim ob\u011b\u0165 krvavou,nikdy jejich jm\u00e9na nevy\u0159knu! &#8211; 5 P\u00e1n je v\u0161e, co m\u00e1m, on je m\u016fj \u00fad\u011bl.Osud&hellip;","jetpack_sharing_enabled":true,"jetpack_shortlink":"https:\/\/wp.me\/PawMsT-16","_links":{"self":[{"href":"https:\/\/www.texty.santegidio.cz\/index.php?rest_route=\/wp\/v2\/pages\/68","targetHints":{"allow":["GET"]}}],"collection":[{"href":"https:\/\/www.texty.santegidio.cz\/index.php?rest_route=\/wp\/v2\/pages"}],"about":[{"href":"https:\/\/www.texty.santegidio.cz\/index.php?rest_route=\/wp\/v2\/types\/page"}],"author":[{"embeddable":true,"href":"https:\/\/www.texty.santegidio.cz\/index.php?rest_route=\/wp\/v2\/users\/1"}],"replies":[{"embeddable":true,"href":"https:\/\/www.texty.santegidio.cz\/index.php?rest_route=%2Fwp%2Fv2%2Fcomments&post=68"}],"version-history":[{"count":1,"href":"https:\/\/www.texty.santegidio.cz\/index.php?rest_route=\/wp\/v2\/pages\/68\/revisions"}],"predecessor-version":[{"id":1238,"href":"https:\/\/www.texty.santegidio.cz\/index.php?rest_route=\/wp\/v2\/pages\/68\/revisions\/1238"}],"up":[{"embeddable":true,"href":"https:\/\/www.texty.santegidio.cz\/index.php?rest_route=\/wp\/v2\/pages\/29"}],"wp:attachment":[{"href":"https:\/\/www.texty.santegidio.cz\/index.php?rest_route=%2Fwp%2Fv2%2Fmedia&parent=68"}],"curies":[{"name":"wp","href":"https:\/\/api.w.org\/{rel}","templated":true}]}}