{"id":678,"date":"2018-10-09T14:00:00","date_gmt":"2018-10-09T12:00:00","guid":{"rendered":"http:\/\/www.texty.santegidio.cz?page_id=678"},"modified":"2018-10-09T14:00:00","modified_gmt":"2018-10-09T12:00:00","slug":"modlitba-svornosti","status":"publish","type":"page","link":"https:\/\/www.texty.santegidio.cz\/?page_id=678","title":{"rendered":"Modlitba svornosti"},"content":{"rendered":"<p>&Oacute; Bo\u017ee, kter&yacute; jsi n&aacute;m dal<br \/> tyto spole\u010dn&eacute; a svorn&eacute; modlitby<br \/> a sl&iacute;bil jsi vysly\u0161et prosbu dvou nebo t\u0159&iacute;<br \/> svorn&yacute;ch ve tv&eacute;m jm&eacute;nu,<br \/> vysly\u0161 tak&eacute; dnes<br \/> prosby sv&yacute;ch slu\u017eebn&iacute;k\u016f.<br \/> Dej n&aacute;m v tomto \u010dase<br \/> poznat tvoji pravdu<br \/> a v \u010dase budouc&iacute;m v\u011b\u010dn&yacute; \u017eivot.<br \/> Skrze Krista, na\u0161eho P&aacute;na.<br \/> Amen.<br \/><em>(Jan Zlato&uacute;st&yacute;)<\/em><\/p>\n","protected":false},"excerpt":{"rendered":"<p>&Oacute; Bo\u017ee, kter&yacute; jsi n&aacute;m dal tyto spole\u010dn&eacute; a svorn&eacute; modlitby a sl&iacute;bil jsi vysly\u0161et prosbu dvou nebo t\u0159&iacute; svorn&yacute;ch ve tv&eacute;m jm&eacute;nu, vysly\u0161 tak&eacute; dnes prosby sv&yacute;ch slu\u017eebn&iacute;k\u016f. Dej n&aacute;m v tomto \u010dase poznat tvoji pravdu a v \u010dase budouc&iacute;m v\u011b\u010dn&yacute; \u017eivot. Skrze Krista, na\u0161eho P&aacute;na. Amen.(Jan Zlato&uacute;st&yacute;)<\/p>\n","protected":false},"author":1,"featured_media":0,"parent":650,"menu_order":0,"comment_status":"open","ping_status":"open","template":"","meta":{"_uag_custom_page_level_css":"","jetpack_post_was_ever_published":false,"footnotes":""},"class_list":["post-678","page","type-page","status-publish"],"uagb_featured_image_src":{"full":false,"thumbnail":false,"medium":false,"medium_large":false,"large":false,"1536x1536":false,"2048x2048":false},"uagb_author_info":{"display_name":"Pavel","author_link":"https:\/\/www.texty.santegidio.cz\/?author=1"},"uagb_comment_info":0,"uagb_excerpt":"&Oacute; Bo\u017ee, kter&yacute; jsi n&aacute;m dal tyto spole\u010dn&eacute; a svorn&eacute; modlitby a sl&iacute;bil jsi vysly\u0161et prosbu dvou nebo t\u0159&iacute; svorn&yacute;ch ve tv&eacute;m jm&eacute;nu, vysly\u0161 tak&eacute; dnes prosby sv&yacute;ch slu\u017eebn&iacute;k\u016f. Dej n&aacute;m v tomto \u010dase poznat tvoji pravdu a v \u010dase budouc&iacute;m v\u011b\u010dn&yacute; \u017eivot. Skrze Krista, na\u0161eho P&aacute;na. Amen.(Jan Zlato&uacute;st&yacute;)","jetpack_sharing_enabled":true,"jetpack_shortlink":"https:\/\/wp.me\/PawMsT-aW","_links":{"self":[{"href":"https:\/\/www.texty.santegidio.cz\/index.php?rest_route=\/wp\/v2\/pages\/678","targetHints":{"allow":["GET"]}}],"collection":[{"href":"https:\/\/www.texty.santegidio.cz\/index.php?rest_route=\/wp\/v2\/pages"}],"about":[{"href":"https:\/\/www.texty.santegidio.cz\/index.php?rest_route=\/wp\/v2\/types\/page"}],"author":[{"embeddable":true,"href":"https:\/\/www.texty.santegidio.cz\/index.php?rest_route=\/wp\/v2\/users\/1"}],"replies":[{"embeddable":true,"href":"https:\/\/www.texty.santegidio.cz\/index.php?rest_route=%2Fwp%2Fv2%2Fcomments&post=678"}],"version-history":[{"count":0,"href":"https:\/\/www.texty.santegidio.cz\/index.php?rest_route=\/wp\/v2\/pages\/678\/revisions"}],"up":[{"embeddable":true,"href":"https:\/\/www.texty.santegidio.cz\/index.php?rest_route=\/wp\/v2\/pages\/650"}],"wp:attachment":[{"href":"https:\/\/www.texty.santegidio.cz\/index.php?rest_route=%2Fwp%2Fv2%2Fmedia&parent=678"}],"curies":[{"name":"wp","href":"https:\/\/api.w.org\/{rel}","templated":true}]}}