{"id":677,"date":"2018-10-09T14:00:00","date_gmt":"2018-10-09T12:00:00","guid":{"rendered":"http:\/\/www.texty.santegidio.cz?page_id=677"},"modified":"2018-10-09T14:00:00","modified_gmt":"2018-10-09T12:00:00","slug":"modlitba-k-milosrdnemu-bohu","status":"publish","type":"page","link":"https:\/\/www.texty.santegidio.cz\/?page_id=677","title":{"rendered":"Modlitba k milosrdn\u00e9mu Bohu"},"content":{"rendered":"<p>Bo\u017ee, Ot\u010de pln&yacute; dobroty<br \/> a milosrdenstv&iacute;,<br \/> kter&yacute; miluje\u0161 ka\u017ed&eacute;ho \u010dlov\u011bka<br \/> a zahrnuje\u0161 po\u017eehn&aacute;n&iacute;m<br \/> v\u0161echny, kdo se k tob\u011b obracej&iacute;,<br \/> p\u0159ijmi ob\u011b\u0165 na\u0161&iacute; modlitby,<br \/> dej n&aacute;m pozn&aacute;n&iacute;,<br \/> v&iacute;ru, zbo\u017enost a svatost,<br \/> odpus\u0165 v\u0161echny h\u0159&iacute;chy<br \/> a u\u010di\u0148 n&aacute;s p\u0159ipraven&yacute;mi ti slou\u017eit.<br \/> Skrze tv&eacute;ho Syna Je\u017e&iacute;\u0161e Krista,<br \/> nyn&iacute; i na v\u011bky v\u011bk\u016f.<br \/> Amen.<br \/><em>(Serapion\u016fv euchologion)<\/em><\/p>\n","protected":false},"excerpt":{"rendered":"<p>Bo\u017ee, Ot\u010de pln&yacute; dobroty a milosrdenstv&iacute;, kter&yacute; miluje\u0161 ka\u017ed&eacute;ho \u010dlov\u011bka a zahrnuje\u0161 po\u017eehn&aacute;n&iacute;m v\u0161echny, kdo se k tob\u011b obracej&iacute;, p\u0159ijmi ob\u011b\u0165 na\u0161&iacute; modlitby, dej n&aacute;m pozn&aacute;n&iacute;, v&iacute;ru, zbo\u017enost a svatost, odpus\u0165 v\u0161echny h\u0159&iacute;chy a u\u010di\u0148 n&aacute;s p\u0159ipraven&yacute;mi ti slou\u017eit. Skrze tv&eacute;ho Syna Je\u017e&iacute;\u0161e Krista, nyn&iacute; i na v\u011bky v\u011bk\u016f. Amen.(Serapion\u016fv euchologion)<\/p>\n","protected":false},"author":1,"featured_media":0,"parent":650,"menu_order":0,"comment_status":"open","ping_status":"open","template":"","meta":{"_uag_custom_page_level_css":"","jetpack_post_was_ever_published":false,"footnotes":""},"class_list":["post-677","page","type-page","status-publish"],"uagb_featured_image_src":{"full":false,"thumbnail":false,"medium":false,"medium_large":false,"large":false,"1536x1536":false,"2048x2048":false},"uagb_author_info":{"display_name":"Pavel","author_link":"https:\/\/www.texty.santegidio.cz\/?author=1"},"uagb_comment_info":0,"uagb_excerpt":"Bo\u017ee, Ot\u010de pln&yacute; dobroty a milosrdenstv&iacute;, kter&yacute; miluje\u0161 ka\u017ed&eacute;ho \u010dlov\u011bka a zahrnuje\u0161 po\u017eehn&aacute;n&iacute;m v\u0161echny, kdo se k tob\u011b obracej&iacute;, p\u0159ijmi ob\u011b\u0165 na\u0161&iacute; modlitby, dej n&aacute;m pozn&aacute;n&iacute;, v&iacute;ru, zbo\u017enost a svatost, odpus\u0165 v\u0161echny h\u0159&iacute;chy a u\u010di\u0148 n&aacute;s p\u0159ipraven&yacute;mi ti slou\u017eit. Skrze tv&eacute;ho Syna Je\u017e&iacute;\u0161e Krista, nyn&iacute; i na v\u011bky v\u011bk\u016f. Amen.(Serapion\u016fv euchologion)","jetpack_sharing_enabled":true,"jetpack_shortlink":"https:\/\/wp.me\/PawMsT-aV","_links":{"self":[{"href":"https:\/\/www.texty.santegidio.cz\/index.php?rest_route=\/wp\/v2\/pages\/677","targetHints":{"allow":["GET"]}}],"collection":[{"href":"https:\/\/www.texty.santegidio.cz\/index.php?rest_route=\/wp\/v2\/pages"}],"about":[{"href":"https:\/\/www.texty.santegidio.cz\/index.php?rest_route=\/wp\/v2\/types\/page"}],"author":[{"embeddable":true,"href":"https:\/\/www.texty.santegidio.cz\/index.php?rest_route=\/wp\/v2\/users\/1"}],"replies":[{"embeddable":true,"href":"https:\/\/www.texty.santegidio.cz\/index.php?rest_route=%2Fwp%2Fv2%2Fcomments&post=677"}],"version-history":[{"count":0,"href":"https:\/\/www.texty.santegidio.cz\/index.php?rest_route=\/wp\/v2\/pages\/677\/revisions"}],"up":[{"embeddable":true,"href":"https:\/\/www.texty.santegidio.cz\/index.php?rest_route=\/wp\/v2\/pages\/650"}],"wp:attachment":[{"href":"https:\/\/www.texty.santegidio.cz\/index.php?rest_route=%2Fwp%2Fv2%2Fmedia&parent=677"}],"curies":[{"name":"wp","href":"https:\/\/api.w.org\/{rel}","templated":true}]}}