{"id":66,"date":"2018-12-12T10:15:02","date_gmt":"2018-12-12T09:15:02","guid":{"rendered":"http:\/\/www.texty.santegidio.cz?page_id=66"},"modified":"2018-12-12T10:15:03","modified_gmt":"2018-12-12T09:15:03","slug":"zalm-14","status":"publish","type":"page","link":"https:\/\/www.texty.santegidio.cz\/?page_id=66","title":{"rendered":"\u017dalm 14"},"content":{"rendered":"<p>Hledejte P\u00e1na a budete spaseni.<\/p>\n<p>= <sup>1<\/span><\/sup> \u0158\u00edk\u00e1 si bl\u00e1hov\u00fd: &bdquo;Nen\u00ed Boha!&ldquo;\u2020<br \/>Zka\u017een\u00ed jsou a hnusn\u011b si vedou,<br \/>nikdo u\u017e nen\u00ed, kdo k<strong>o<\/strong>nal by dobro.<\/p>\n<p>&#8211; <sup>2<\/span><\/sup> P\u00e1n hled\u00ed z nebes na lidsk\u00e9 syny,<br \/>zda je kdo moudr\u00fd a hl<strong>e<\/strong>d\u00e1 Boha.<\/p>\n<p>&#8211; <sup>3<\/span><\/sup> V\u0161ichni jsou zbloudil\u00ed, zka\u017een\u00ed vesm\u011bs,<br \/>nikdo u\u017e, nikdo z nich nek<strong>o<\/strong>n\u00e1 dobro.<\/p>\n<p>= <sup>4<\/span><\/sup> Nep\u0159ijdou k rozumu, kdo p\u00e1\u0161ou k\u0159ivdy,\u2020<br \/>kdo m\u016fj lid hltaj\u00ed jako kus chleba?<br \/>Nemaj\u00ed v \u00fact\u011b jm<strong>\u00e9<\/strong>no P\u00e1n\u011b;<\/p>\n<p>&#8211; <sup>5<\/span><\/sup> p\u0159esto se jednou rozt\u0159esou strachy:<br \/>B\u016fh stoj\u00ed p\u0159i lidu spr<strong>a<\/strong>vedliv\u00e9m!<\/p>\n<p>&#8211; <sup>6<\/span><\/sup> Chud\u00e1ku chcete z\u00e1m\u011bry hatit,<br \/>P\u00e1n je v\u0161ak jeho <strong>\u00fa<\/strong>to\u010di\u0161t\u011bm.<\/p>\n<p>= <sup>7<\/span><\/sup> Kdo ze Si\u00f3nu Izrael spas\u00ed?\u2020<br \/>A\u017e P\u00e1n zm\u011bn\u00ed osud sv\u00e9ho lidu,<br \/>zaj\u00e1s\u00e1 J\u00e1kob, zaraduje s<strong>e<\/strong> Izrael.<\/p>\n","protected":false},"excerpt":{"rendered":"<p>Hledejte P\u00e1na a budete spaseni. = 1 \u0158\u00edk\u00e1 si bl\u00e1hov\u00fd: &bdquo;Nen\u00ed Boha!&ldquo;\u2020Zka\u017een\u00ed jsou a hnusn\u011b si vedou,nikdo u\u017e nen\u00ed, kdo konal by dobro. &#8211; 2 P\u00e1n hled\u00ed z nebes na lidsk\u00e9 syny,zda je kdo moudr\u00fd a hled\u00e1 Boha. &#8211; 3 V\u0161ichni jsou zbloudil\u00ed, zka\u017een\u00ed vesm\u011bs,nikdo u\u017e, nikdo z nich nekon\u00e1 dobro. = 4 Nep\u0159ijdou k &#8230; <a title=\"\u017dalm 14\" class=\"read-more\" href=\"https:\/\/www.texty.santegidio.cz\/?page_id=66\" aria-label=\"More on \u017dalm 14\">Read more<\/a><\/p>\n","protected":false},"author":1,"featured_media":0,"parent":29,"menu_order":0,"comment_status":"closed","ping_status":"closed","template":"","meta":{"_uag_custom_page_level_css":"","jetpack_post_was_ever_published":false,"footnotes":""},"class_list":["post-66","page","type-page","status-publish"],"uagb_featured_image_src":{"full":false,"thumbnail":false,"medium":false,"medium_large":false,"large":false,"1536x1536":false,"2048x2048":false},"uagb_author_info":{"display_name":"Pavel","author_link":"https:\/\/www.texty.santegidio.cz\/?author=1"},"uagb_comment_info":0,"uagb_excerpt":"Hledejte P\u00e1na a budete spaseni. = 1 \u0158\u00edk\u00e1 si bl\u00e1hov\u00fd: &bdquo;Nen\u00ed Boha!&ldquo;\u2020Zka\u017een\u00ed jsou a hnusn\u011b si vedou,nikdo u\u017e nen\u00ed, kdo konal by dobro. &#8211; 2 P\u00e1n hled\u00ed z nebes na lidsk\u00e9 syny,zda je kdo moudr\u00fd a hled\u00e1 Boha. &#8211; 3 V\u0161ichni jsou zbloudil\u00ed, zka\u017een\u00ed vesm\u011bs,nikdo u\u017e, nikdo z nich nekon\u00e1 dobro. = 4 Nep\u0159ijdou k&hellip;","jetpack_sharing_enabled":true,"jetpack_shortlink":"https:\/\/wp.me\/PawMsT-14","_links":{"self":[{"href":"https:\/\/www.texty.santegidio.cz\/index.php?rest_route=\/wp\/v2\/pages\/66","targetHints":{"allow":["GET"]}}],"collection":[{"href":"https:\/\/www.texty.santegidio.cz\/index.php?rest_route=\/wp\/v2\/pages"}],"about":[{"href":"https:\/\/www.texty.santegidio.cz\/index.php?rest_route=\/wp\/v2\/types\/page"}],"author":[{"embeddable":true,"href":"https:\/\/www.texty.santegidio.cz\/index.php?rest_route=\/wp\/v2\/users\/1"}],"replies":[{"embeddable":true,"href":"https:\/\/www.texty.santegidio.cz\/index.php?rest_route=%2Fwp%2Fv2%2Fcomments&post=66"}],"version-history":[{"count":1,"href":"https:\/\/www.texty.santegidio.cz\/index.php?rest_route=\/wp\/v2\/pages\/66\/revisions"}],"predecessor-version":[{"id":1236,"href":"https:\/\/www.texty.santegidio.cz\/index.php?rest_route=\/wp\/v2\/pages\/66\/revisions\/1236"}],"up":[{"embeddable":true,"href":"https:\/\/www.texty.santegidio.cz\/index.php?rest_route=\/wp\/v2\/pages\/29"}],"wp:attachment":[{"href":"https:\/\/www.texty.santegidio.cz\/index.php?rest_route=%2Fwp%2Fv2%2Fmedia&parent=66"}],"curies":[{"name":"wp","href":"https:\/\/api.w.org\/{rel}","templated":true}]}}