{"id":641,"date":"2018-10-09T12:27:13","date_gmt":"2018-10-09T10:27:13","guid":{"rendered":"http:\/\/www.texty.santegidio.cz?page_id=641"},"modified":"2018-10-09T12:27:13","modified_gmt":"2018-10-09T10:27:13","slug":"postni-hymnus-37","status":"publish","type":"page","link":"https:\/\/www.texty.santegidio.cz\/?page_id=641","title":{"rendered":"Postn\u00ed hymnus (37)"},"content":{"rendered":"<p>Nade&scaron;el \u010das obr&aacute;cen&iacute;,<br \/>navra\u0165te se ke mn\u011b cel&yacute;m srdcem,<br \/>roztrhn\u011bte srdce sv&aacute;, ne roucha,<br \/>navra\u0165te se ke mn\u011b cel&yacute;m srdcem.<\/p>\n<p>Syn se vrac&iacute; do domu otce,<br \/>ot\u010de m\u016fj, zh\u0159e&scaron;il jsem proti tob\u011b,<br \/>nejsem hodn&yacute; u\u017e tv&yacute;m synem b&yacute;ti.<br \/>Na&scaron;el v&scaron;ak otce milosrdn&eacute;ho.<\/p>\n<p>Nade&scaron;el \u010das obr&aacute;cen&iacute;,<br \/>milosrdn&yacute;, dobrotiv&yacute; je P&aacute;n,<br \/>laskav&yacute; je v\u017edy a nezn&aacute; hn\u011bvu.<br \/>A je pohnut soucitem nad v&aacute;mi.<\/p>\n<p>\u017dena pl&aacute;\u010de u nohou Je\u017e&iacute;&scaron;e,<br \/>slzy z nohou sv&yacute;mi vlasy st&iacute;r&aacute;,<br \/>odpu&scaron;t\u011bny byly jej&iacute; h\u0159&iacute;chy,<br \/>nebo\u0165 prok&aacute;zala mnoho l&aacute;sky.<\/p>\n<p>Nep\u0159ipom&iacute;nejte v\u011bci d&aacute;vn&eacute;,<br \/>nep\u0159em&iacute;tejte o minulosti,<br \/>J&aacute; nevzpomenu na tvoje h\u0159&iacute;chy,<br \/>jdi v pokoji a neh\u0159e&scaron; ji\u017e v&iacute;ce.<\/p>\n","protected":false},"excerpt":{"rendered":"<p>Nade&scaron;el \u010das obr&aacute;cen&iacute;,navra\u0165te se ke mn\u011b cel&yacute;m srdcem,roztrhn\u011bte srdce sv&aacute;, ne roucha,navra\u0165te se ke mn\u011b cel&yacute;m srdcem. Syn se vrac&iacute; do domu otce,ot\u010de m\u016fj, zh\u0159e&scaron;il jsem proti tob\u011b,nejsem hodn&yacute; u\u017e tv&yacute;m synem b&yacute;ti.Na&scaron;el v&scaron;ak otce milosrdn&eacute;ho. Nade&scaron;el \u010das obr&aacute;cen&iacute;,milosrdn&yacute;, dobrotiv&yacute; je P&aacute;n,laskav&yacute; je v\u017edy a nezn&aacute; hn\u011bvu.A je pohnut soucitem nad v&aacute;mi. \u017dena pl&aacute;\u010de u &#8230; <a title=\"Postn\u00ed hymnus (37)\" class=\"read-more\" href=\"https:\/\/www.texty.santegidio.cz\/?page_id=641\" aria-label=\"More on Postn\u00ed hymnus (37)\">Read more<\/a><\/p>\n","protected":false},"author":1,"featured_media":0,"parent":10,"menu_order":0,"comment_status":"closed","ping_status":"open","template":"","meta":{"_uag_custom_page_level_css":"","jetpack_post_was_ever_published":false,"footnotes":""},"class_list":["post-641","page","type-page","status-publish"],"uagb_featured_image_src":{"full":false,"thumbnail":false,"medium":false,"medium_large":false,"large":false,"1536x1536":false,"2048x2048":false},"uagb_author_info":{"display_name":"Pavel","author_link":"https:\/\/www.texty.santegidio.cz\/?author=1"},"uagb_comment_info":0,"uagb_excerpt":"Nade&scaron;el \u010das obr&aacute;cen&iacute;,navra\u0165te se ke mn\u011b cel&yacute;m srdcem,roztrhn\u011bte srdce sv&aacute;, ne roucha,navra\u0165te se ke mn\u011b cel&yacute;m srdcem. Syn se vrac&iacute; do domu otce,ot\u010de m\u016fj, zh\u0159e&scaron;il jsem proti tob\u011b,nejsem hodn&yacute; u\u017e tv&yacute;m synem b&yacute;ti.Na&scaron;el v&scaron;ak otce milosrdn&eacute;ho. Nade&scaron;el \u010das obr&aacute;cen&iacute;,milosrdn&yacute;, dobrotiv&yacute; je P&aacute;n,laskav&yacute; je v\u017edy a nezn&aacute; hn\u011bvu.A je pohnut soucitem nad v&aacute;mi. \u017dena pl&aacute;\u010de u&hellip;","jetpack_sharing_enabled":true,"jetpack_shortlink":"https:\/\/wp.me\/PawMsT-al","_links":{"self":[{"href":"https:\/\/www.texty.santegidio.cz\/index.php?rest_route=\/wp\/v2\/pages\/641","targetHints":{"allow":["GET"]}}],"collection":[{"href":"https:\/\/www.texty.santegidio.cz\/index.php?rest_route=\/wp\/v2\/pages"}],"about":[{"href":"https:\/\/www.texty.santegidio.cz\/index.php?rest_route=\/wp\/v2\/types\/page"}],"author":[{"embeddable":true,"href":"https:\/\/www.texty.santegidio.cz\/index.php?rest_route=\/wp\/v2\/users\/1"}],"replies":[{"embeddable":true,"href":"https:\/\/www.texty.santegidio.cz\/index.php?rest_route=%2Fwp%2Fv2%2Fcomments&post=641"}],"version-history":[{"count":0,"href":"https:\/\/www.texty.santegidio.cz\/index.php?rest_route=\/wp\/v2\/pages\/641\/revisions"}],"up":[{"embeddable":true,"href":"https:\/\/www.texty.santegidio.cz\/index.php?rest_route=\/wp\/v2\/pages\/10"}],"wp:attachment":[{"href":"https:\/\/www.texty.santegidio.cz\/index.php?rest_route=%2Fwp%2Fv2%2Fmedia&parent=641"}],"curies":[{"name":"wp","href":"https:\/\/api.w.org\/{rel}","templated":true}]}}