{"id":62,"date":"2018-12-12T10:15:02","date_gmt":"2018-12-12T09:15:02","guid":{"rendered":"http:\/\/www.texty.santegidio.cz?page_id=62"},"modified":"2018-12-12T10:15:03","modified_gmt":"2018-12-12T09:15:03","slug":"zalm-10","status":"publish","type":"page","link":"https:\/\/www.texty.santegidio.cz\/?page_id=62","title":{"rendered":"\u017dalm 10"},"content":{"rendered":"<p>Pane, ty vid\u00ed\u0161 strasti a muka.<\/p>\n<p>&#8211; <sup>1<\/span><\/sup> Pro\u010d jsi, Pane, tak daleko od n\u00e1s,<br \/>pro\u010d se skr\u00fdv\u00e1\u0161 za \u010d<strong>a<\/strong>s\u016f t\u00edsn\u011b?<\/p>\n<p>&#8211; <sup>2<\/span><\/sup> H\u0159\u00ed\u0161n\u00fd tu zpupn\u011b chud\u00e1ka mu\u010d\u00ed,<br \/>\u017ee pad\u00e1 do n\u00e1strah, kt<strong>e<\/strong>r\u00e9 mu schystal.<\/p>\n<p>&#8211; <sup>3<\/span><\/sup> H\u0159\u00ed\u0161n\u00edk se je\u0161t\u011b svou chtivost\u00ed chlub\u00ed,<br \/>loup\u00ed a rouh\u00e1 se, poh<strong>r<\/strong>d\u00e1 P\u00e1nem.<\/p>\n<p>&#8211; <sup>4<\/span><\/sup> Sv\u00e9voln\u00edk v duchu py\u0161n\u011b si \u0159\u00edk\u00e1:<br \/>&bdquo;Netrest\u00e1 &#8211; nen\u00ed B\u016fh!&ldquo; T<strong>a<\/strong>kto on sm\u00fd\u0161l\u00ed.<\/p>\n<p>= <sup>5<\/span><\/sup> Jemu se povede v\u017edycky, co p\u00e1ch\u00e1,\u2020<br \/>na tv\u016fj soud zdaleka nepom\u00fd\u0161l\u00ed<br \/>a sv\u00fdm odp\u016frc\u016fm j<strong>e<\/strong>nom se \u0161kleb\u00ed.<\/p>\n<p>&#8211; <sup>6<\/span><\/sup> V duchu si \u0159\u00edk\u00e1: &bdquo;J\u00e1 neklesnu nikdy,<br \/>od rodu k rodu m\u011b ne\u0161t<strong>\u011b<\/strong>st\u00ed mine.&ldquo;<\/p>\n<p>&#8211; <sup>7<\/span><\/sup> \u00fasta m\u00e1 pln\u00e1 klamu a k\u0159ivdy,<br \/>na jazyku jen tr<strong>\u00fd<\/strong>ze\u0148 a ho\u0159e.<\/p>\n<p>= <sup>8<\/span><\/sup> Za humny sed\u00e1 na \u010d\u00edhan\u00e9,\u2020<br \/>\u00fakradkem vra\u017ed\u00ed nevinn\u00e9ho,<br \/>o\u010dima sl\u00edd\u00ed p<strong>o<\/strong> chud\u00e1ku.<\/p>\n<p>= <sup>9<\/span><\/sup> V \u00fakrytu \u010d\u00edh\u00e1 jak \u0161elma v hou\u0161t\u00ed,\u2020<br \/>\u010d\u00edh\u00e1, jak lapit ubo\u017e\u00e1ka;<br \/>lap\u00ed ho, vt\u00e1hne d<strong>o<\/strong> sv\u00e9 s\u00edt\u011b.<\/p>\n<p>&#8211; <sup>10<\/span><\/sup> Sh\u00fdb\u00e1 se, kr\u010d\u00ed, po zemi plaz\u00ed,<br \/>slab\u00ed tak padaj\u00ed do j<strong>e<\/strong>ho moci.<\/p>\n<p>&#8211; <sup>11<\/span><\/sup> V duchu si \u0159\u00edk\u00e1: &bdquo;B\u016fh o tom nev\u00ed,<br \/>odvr\u00e1til tv\u00e1\u0159, nic nem<strong>\u016f<\/strong>\u017ee vid\u011bt.&ldquo;<\/p>\n<p>&#8211; <sup>12<\/span><\/sup> Vsta\u0148, Pane! Bo\u017ee, pozvedni ruku!<br \/>Nezapom\u00ednej na <strong>u<\/strong>bo\u017e\u00e1ky!<\/p>\n<p>&#8211; <sup>13<\/span><\/sup> Co\u017epak sm\u00ed bezbo\u017en\u00edk pohrdat Bohem,<br \/>\u0159\u00edkat si: &bdquo;V\u0161ak ty n<strong>e<\/strong>potrest\u00e1\u0161 &#8211; &ldquo;?<\/p>\n<p>&#8211; <sup>14<\/span><\/sup> Ty s\u00e1m v\u0161ak vid\u00ed\u0161 strasti a muka,<br \/>hled\u00ed\u0161, jak rukou svou s<strong>e<\/strong> jich ujmout.<br \/>&#8211; Na tebe v\u017edy se spol\u00e9h\u00e1 slab\u00fd,<br \/>ty jsi pomocn\u00edk <strong>o<\/strong>si\u0159el\u00fdch.<\/p>\n<p>&#8211; <sup>15<\/span><\/sup> R\u00e1m\u011b p\u0159eraz h\u0159\u00ed\u0161n\u00e9mu lotru,<br \/>potrestej \u0161patnost, a\u0165 nad<strong>o<\/strong>bro zajde!<\/p>\n<p>&#8211; <sup>16<\/span><\/sup> P\u00e1n je kr\u00e1lem na v\u011bky v\u011bk\u016f,<br \/>vymiz\u00ed pohan\u00e9 z j<strong>e<\/strong>ho zem\u011b.<\/p>\n<p>&#8211; <sup>17<\/span><\/sup> Touhu uboh\u00fdch vysly\u0161els, Pane,<br \/>v srdci je s\u00edl\u00ed\u0161 a sl<strong>u<\/strong>chu jim p\u0159eje\u0161,<\/p>\n<p>&#8211; <sup>18<\/span><\/sup> sirotk\u016fm, st\u00edhan\u00fdm zjedn\u00e1v\u00e1\u0161 pr\u00e1vo.<br \/>\u010clov\u011bk z hl\u00edny u\u017e n<strong>e<\/strong>sm\u00ed n\u00e1s d\u011bsit!<\/p>\n","protected":false},"excerpt":{"rendered":"<p>Pane, ty vid\u00ed\u0161 strasti a muka. &#8211; 1 Pro\u010d jsi, Pane, tak daleko od n\u00e1s,pro\u010d se skr\u00fdv\u00e1\u0161 za \u010das\u016f t\u00edsn\u011b? &#8211; 2 H\u0159\u00ed\u0161n\u00fd tu zpupn\u011b chud\u00e1ka mu\u010d\u00ed,\u017ee pad\u00e1 do n\u00e1strah, kter\u00e9 mu schystal. &#8211; 3 H\u0159\u00ed\u0161n\u00edk se je\u0161t\u011b svou chtivost\u00ed chlub\u00ed,loup\u00ed a rouh\u00e1 se, pohrd\u00e1 P\u00e1nem. &#8211; 4 Sv\u00e9voln\u00edk v duchu py\u0161n\u011b si \u0159\u00edk\u00e1:&bdquo;Netrest\u00e1 &#8211; &#8230; <a title=\"\u017dalm 10\" class=\"read-more\" href=\"https:\/\/www.texty.santegidio.cz\/?page_id=62\" aria-label=\"More on \u017dalm 10\">Read more<\/a><\/p>\n","protected":false},"author":1,"featured_media":0,"parent":29,"menu_order":0,"comment_status":"closed","ping_status":"closed","template":"","meta":{"_uag_custom_page_level_css":"","jetpack_post_was_ever_published":false,"footnotes":""},"class_list":["post-62","page","type-page","status-publish"],"uagb_featured_image_src":{"full":false,"thumbnail":false,"medium":false,"medium_large":false,"large":false,"1536x1536":false,"2048x2048":false},"uagb_author_info":{"display_name":"Pavel","author_link":"https:\/\/www.texty.santegidio.cz\/?author=1"},"uagb_comment_info":0,"uagb_excerpt":"Pane, ty vid\u00ed\u0161 strasti a muka. &#8211; 1 Pro\u010d jsi, Pane, tak daleko od n\u00e1s,pro\u010d se skr\u00fdv\u00e1\u0161 za \u010das\u016f t\u00edsn\u011b? &#8211; 2 H\u0159\u00ed\u0161n\u00fd tu zpupn\u011b chud\u00e1ka mu\u010d\u00ed,\u017ee pad\u00e1 do n\u00e1strah, kter\u00e9 mu schystal. &#8211; 3 H\u0159\u00ed\u0161n\u00edk se je\u0161t\u011b svou chtivost\u00ed chlub\u00ed,loup\u00ed a rouh\u00e1 se, pohrd\u00e1 P\u00e1nem. &#8211; 4 Sv\u00e9voln\u00edk v duchu py\u0161n\u011b si \u0159\u00edk\u00e1:&bdquo;Netrest\u00e1 &#8211;&hellip;","jetpack_sharing_enabled":true,"jetpack_shortlink":"https:\/\/wp.me\/PawMsT-10","_links":{"self":[{"href":"https:\/\/www.texty.santegidio.cz\/index.php?rest_route=\/wp\/v2\/pages\/62","targetHints":{"allow":["GET"]}}],"collection":[{"href":"https:\/\/www.texty.santegidio.cz\/index.php?rest_route=\/wp\/v2\/pages"}],"about":[{"href":"https:\/\/www.texty.santegidio.cz\/index.php?rest_route=\/wp\/v2\/types\/page"}],"author":[{"embeddable":true,"href":"https:\/\/www.texty.santegidio.cz\/index.php?rest_route=\/wp\/v2\/users\/1"}],"replies":[{"embeddable":true,"href":"https:\/\/www.texty.santegidio.cz\/index.php?rest_route=%2Fwp%2Fv2%2Fcomments&post=62"}],"version-history":[{"count":1,"href":"https:\/\/www.texty.santegidio.cz\/index.php?rest_route=\/wp\/v2\/pages\/62\/revisions"}],"predecessor-version":[{"id":1232,"href":"https:\/\/www.texty.santegidio.cz\/index.php?rest_route=\/wp\/v2\/pages\/62\/revisions\/1232"}],"up":[{"embeddable":true,"href":"https:\/\/www.texty.santegidio.cz\/index.php?rest_route=\/wp\/v2\/pages\/29"}],"wp:attachment":[{"href":"https:\/\/www.texty.santegidio.cz\/index.php?rest_route=%2Fwp%2Fv2%2Fmedia&parent=62"}],"curies":[{"name":"wp","href":"https:\/\/api.w.org\/{rel}","templated":true}]}}