{"id":57,"date":"2018-12-12T10:15:02","date_gmt":"2018-12-12T09:15:02","guid":{"rendered":"http:\/\/www.texty.santegidio.cz?page_id=57"},"modified":"2018-12-12T10:15:03","modified_gmt":"2018-12-12T09:15:03","slug":"zalm-5","status":"publish","type":"page","link":"https:\/\/www.texty.santegidio.cz\/?page_id=57","title":{"rendered":"\u017dalm 5"},"content":{"rendered":"<p>Sly\u0161, Pane, mou hlasitou prosbu.<\/p>\n<p>&#8211; <sup>2<\/span><\/sup> Sly\u0161 moje slova, Pane<br \/>a p\u0159ihl<strong>\u00e9<\/strong>dni k m\u00fdm vzdech\u016fm,<\/p>\n<p>&#8211; <sup>3<\/span><\/sup> dbej hlasit\u00e9 m\u00e9 prosby,<br \/>m\u016fj kr\u00e1li <strong>a<\/strong> m\u016fj Bo\u017ee!<\/p>\n<p>= <sup>4<\/span><\/sup> K tob\u011b se modl\u00edm, Pane,\u2020<br \/>zr\u00e1na u\u017e hlas m\u016fj sly\u0161\u00ed\u0161,<br \/>zr\u00e1na t\u011b vz<strong>\u00fd<\/strong>v\u00e1m a \u010dek\u00e1m.<\/p>\n<p>&#8211; <sup>5<\/span><\/sup> Ty nejsi B\u016fh, jen\u017e m\u00e1 nepravost v l\u00e1sce,<br \/>pro zl\u00e9ho u tebe m<strong>\u00ed<\/strong>sta nen\u00ed,<\/p>\n<p>&#8211; <sup>6<\/span><\/sup> zpupn\u00fd p\u0159ed tebou neobstoj\u00ed,<br \/>p\u016fvodce zla ty n<strong>e<\/strong>n\u00e1vid\u00ed\u0161,<\/p>\n<p>= <sup>7<\/span><\/sup> p\u0159iv\u00e1d\u00ed\u0161 do zk\u00e1zy v\u0161echny lh\u00e1\u0159e,\u2020<br \/>od vra\u017eedn\u00edka a \u010dlov\u011bka lstn\u00e9ho<br \/>P\u00e1n se odvrac\u00ed s <strong>o<\/strong>\u0161klivost\u00ed.<\/p>\n<p>&#8211; <sup>8<\/span><\/sup> J\u00e1 v\u0161ak pro tvou nesm\u00edrnou milost<br \/>mohu vstoupit do tv<strong>\u00e9<\/strong>ho domu;<br \/>&#8211; p\u0159ed tvou svatyn\u00ed na tv\u00e1\u0159 padnu<br \/>v b\u00e1zni a \u00fact\u011b k t<strong>o<\/strong>b\u011b, m\u016fj Pane!<\/p>\n<p>= <sup>9<\/span><\/sup> Ve\u010f m\u011b, Pane, svou spravedlnost\u00ed\u2020<br \/>navzdory v\u0161em m\u00fdm nep\u0159\u00e1tel\u016fm,<br \/>urovnej p\u0159ede mnou c<strong>e<\/strong>stu k tob\u011b!<\/p>\n<p>&#8211; <sup>10<\/span><\/sup> V\u017edy\u0165 v jejich \u00fastech pravdy nen\u00ed,<br \/>jejich srdce je zka\u017e<strong>e<\/strong>nost sama,<br \/>&#8211; hrdla jejich jsou zej\u00edc\u00ed hroby,<br \/>jazyky lstiv\u00ed p<strong>o<\/strong>chlebn\u00edci.<br \/>[- <\/span><\/span><sup>11<\/span><\/sup><\/span><\/span> A\u0165 za to dojdou odplaty, Bo\u017ee,<\/span><\/span><br \/>a\u0165 padnou sami do vlastn\u00edch tenat!<\/span><\/span><br \/>&#8211;<\/span> Vy\u017ee\u0148 je pro jejich zlo\u010diny mnoh\u00e9,<\/span><\/span><br \/>nebo\u0165 se vzpouzej\u00ed proti tob\u011b.]<\/span><\/span><\/p>\n<p>&#8211; <sup>12<\/span><\/sup> A\u0165 se v\u0161ak vesel\u00ed v\u0161ichni tv\u00ed v\u011brn\u00ed,<br \/>v d\u016fv\u011b\u0159e k tob\u011b a\u0165 j\u00e1s<strong>a<\/strong>j\u00ed st\u00e1le!<br \/>&#8211; Ochra\u0148uj v\u0161echny, kdo ct\u00ed tv\u00e9 jm\u00e9no,<br \/>aby ti vzd\u00e1vali v<strong>\u011b<\/strong>\u010dnou chv\u00e1lu!<\/p>\n<p>&#8211; <sup>13<\/span><\/sup> Ty, Pane, \u017eehn\u00e1\u0161 spravedliv\u00e9mu,<br \/>milost\u00ed svou jak \u0161t<strong>\u00ed<\/strong>tem ho kryje\u0161.<\/p>\n","protected":false},"excerpt":{"rendered":"<p>Sly\u0161, Pane, mou hlasitou prosbu. &#8211; 2 Sly\u0161 moje slova, Panea p\u0159ihl\u00e9dni k m\u00fdm vzdech\u016fm, &#8211; 3 dbej hlasit\u00e9 m\u00e9 prosby,m\u016fj kr\u00e1li a m\u016fj Bo\u017ee! = 4 K tob\u011b se modl\u00edm, Pane,\u2020zr\u00e1na u\u017e hlas m\u016fj sly\u0161\u00ed\u0161,zr\u00e1na t\u011b vz\u00fdv\u00e1m a \u010dek\u00e1m. &#8211; 5 Ty nejsi B\u016fh, jen\u017e m\u00e1 nepravost v l\u00e1sce,pro zl\u00e9ho u tebe m\u00edsta nen\u00ed, &#8230; <a title=\"\u017dalm 5\" class=\"read-more\" href=\"https:\/\/www.texty.santegidio.cz\/?page_id=57\" aria-label=\"More on \u017dalm 5\">Read more<\/a><\/p>\n","protected":false},"author":1,"featured_media":0,"parent":29,"menu_order":0,"comment_status":"closed","ping_status":"closed","template":"","meta":{"_uag_custom_page_level_css":"","jetpack_post_was_ever_published":false,"footnotes":""},"class_list":["post-57","page","type-page","status-publish"],"uagb_featured_image_src":{"full":false,"thumbnail":false,"medium":false,"medium_large":false,"large":false,"1536x1536":false,"2048x2048":false},"uagb_author_info":{"display_name":"Pavel","author_link":"https:\/\/www.texty.santegidio.cz\/?author=1"},"uagb_comment_info":0,"uagb_excerpt":"Sly\u0161, Pane, mou hlasitou prosbu. &#8211; 2 Sly\u0161 moje slova, Panea p\u0159ihl\u00e9dni k m\u00fdm vzdech\u016fm, &#8211; 3 dbej hlasit\u00e9 m\u00e9 prosby,m\u016fj kr\u00e1li a m\u016fj Bo\u017ee! = 4 K tob\u011b se modl\u00edm, Pane,\u2020zr\u00e1na u\u017e hlas m\u016fj sly\u0161\u00ed\u0161,zr\u00e1na t\u011b vz\u00fdv\u00e1m a \u010dek\u00e1m. &#8211; 5 Ty nejsi B\u016fh, jen\u017e m\u00e1 nepravost v l\u00e1sce,pro zl\u00e9ho u tebe m\u00edsta nen\u00ed,&hellip;","jetpack_sharing_enabled":true,"jetpack_shortlink":"https:\/\/wp.me\/PawMsT-V","_links":{"self":[{"href":"https:\/\/www.texty.santegidio.cz\/index.php?rest_route=\/wp\/v2\/pages\/57","targetHints":{"allow":["GET"]}}],"collection":[{"href":"https:\/\/www.texty.santegidio.cz\/index.php?rest_route=\/wp\/v2\/pages"}],"about":[{"href":"https:\/\/www.texty.santegidio.cz\/index.php?rest_route=\/wp\/v2\/types\/page"}],"author":[{"embeddable":true,"href":"https:\/\/www.texty.santegidio.cz\/index.php?rest_route=\/wp\/v2\/users\/1"}],"replies":[{"embeddable":true,"href":"https:\/\/www.texty.santegidio.cz\/index.php?rest_route=%2Fwp%2Fv2%2Fcomments&post=57"}],"version-history":[{"count":1,"href":"https:\/\/www.texty.santegidio.cz\/index.php?rest_route=\/wp\/v2\/pages\/57\/revisions"}],"predecessor-version":[{"id":1227,"href":"https:\/\/www.texty.santegidio.cz\/index.php?rest_route=\/wp\/v2\/pages\/57\/revisions\/1227"}],"up":[{"embeddable":true,"href":"https:\/\/www.texty.santegidio.cz\/index.php?rest_route=\/wp\/v2\/pages\/29"}],"wp:attachment":[{"href":"https:\/\/www.texty.santegidio.cz\/index.php?rest_route=%2Fwp%2Fv2%2Fmedia&parent=57"}],"curies":[{"name":"wp","href":"https:\/\/api.w.org\/{rel}","templated":true}]}}