{"id":200,"date":"2018-12-12T10:15:16","date_gmt":"2018-12-12T09:15:16","guid":{"rendered":"http:\/\/www.texty.santegidio.cz?page_id=200"},"modified":"2018-12-12T10:15:16","modified_gmt":"2018-12-12T09:15:16","slug":"zalm-148","status":"publish","type":"page","link":"https:\/\/www.texty.santegidio.cz\/?page_id=200","title":{"rendered":"\u017dalm 148"},"content":{"rendered":"<p>V\u0161e a\u0165 chv\u00e1l\u00ed jm\u00e9no P\u00e1n\u011b.<br \/>&#8211; Chvalte P\u00e1na z nebesk\u00fdch v\u00fd\u0161in,<br \/>chvalte ho, P\u00e1na n<strong>a<\/strong> v\u00fdsostech!<\/p>\n<p>&#8211; <sup>2<\/span><\/sup> Chvalte ho, v\u0161ichni and\u011bl\u00e9 jeho,<br \/>chvalte ho, v\u0161echny j<strong>e<\/strong>ho sbory!<\/p>\n<p>&#8211; <sup>3<\/span><\/sup> Chvalte ho, m\u011bs\u00edci a slunce,<br \/>chvalte ho, v\u0161echny z\u00e1\u0159<strong>\u00ed<\/strong>c\u00ed hv\u011bzdy!<\/p>\n<p>&#8211; <sup>4<\/span><\/sup> Chvalte ho, nebesa svrchovan\u00e1,<br \/>i vy, vody tam n<strong>a<\/strong>d nebesy!<\/p>\n<p>&#8211; <sup>5<\/span><\/sup> To v\u0161e a\u0165 chv\u00e1l\u00ed jm\u00e9no P\u00e1n\u011b,<br \/>nebo\u0165 on \u0159ekl, a stvo\u0159<strong>e<\/strong>no bylo.<\/p>\n<p>&#8211; <sup>6<\/span><\/sup> Pevn\u011b je ustavil na v\u011b\u010dn\u00e9 \u010dasy,<br \/>\u0159\u00e1d jim dal, kter\u00fd p\u0159ekr<strong>o<\/strong>\u010dit nelze.<\/p>\n<p>&#8211; <sup>7<\/span><\/sup> Chvalte P\u00e1na, vy z t\u00e9to zem\u011b,<br \/>obludy mo\u0159sk\u00e9 i prad<strong>\u00e1<\/strong>vn\u00e9 hloubky!<\/p>\n<p>&#8211; <sup>8<\/span><\/sup> Ohe\u0148 a kroupy, sn\u011bhy a mlhy,<br \/>vichr, jen\u017e duje na j<strong>e<\/strong>ho slovo,<\/p>\n<p>&#8211; <sup>9<\/span><\/sup> vysok\u00e9 hory i pahorky v\u0161echny,<br \/>ovocn\u00e9 stromy a v\u0161<strong>e<\/strong>chny cedry;<\/p>\n<p>&#8211; <sup>10<\/span><\/sup> divok\u00e9 \u0161elmy a zv\u00ed\u0159ata v\u0161echna,<br \/>plaziv\u00e1 hav\u011b\u0165 i k\u0159\u00eddl<strong>a<\/strong>t\u00ed pt\u00e1ci;<\/p>\n<p>&#8211; <sup>11<\/span><\/sup> kr\u00e1lov\u00e9 zem\u011b a n\u00e1rody v\u0161echny,<br \/>kn\u00ed\u017eata, v\u0161ichni soudc<strong>o<\/strong>v\u00e9 zem\u011b;<\/p>\n<p>= <sup>12<\/span><\/sup> mlad\u00edci pr\u00e1v\u011b tak jako d\u00edvky,\u2020<br \/>starci z\u00e1rove\u0148 s mlad\u00fdmi lidmi -:<br \/><sup>13<\/span><\/sup> v\u0161ichni a\u0165 veleb\u00ed jm<strong>\u00e9<\/strong>no P\u00e1n\u011b,<br \/>&#8211; nebo\u0165 jen jeho jm\u00e9no je svat\u00e9!<br \/>Vzne\u0161enost jeho jde n<strong>e<\/strong>bem i zem\u00ed,<\/p>\n<p>= <sup>14<\/span><\/sup> on sv\u016fj n\u00e1rod pozdvihl k moci:\u2020<br \/>k chloub\u011b pro v\u0161echny jeho v\u011brn\u00e9,<br \/>pro Izrael, lid j<strong>e<\/strong>mu bl\u00edzk\u00fd.<\/p>\n","protected":false},"excerpt":{"rendered":"<p>V\u0161e a\u0165 chv\u00e1l\u00ed jm\u00e9no P\u00e1n\u011b.&#8211; Chvalte P\u00e1na z nebesk\u00fdch v\u00fd\u0161in,chvalte ho, P\u00e1na na v\u00fdsostech! &#8211; 2 Chvalte ho, v\u0161ichni and\u011bl\u00e9 jeho,chvalte ho, v\u0161echny jeho sbory! &#8211; 3 Chvalte ho, m\u011bs\u00edci a slunce,chvalte ho, v\u0161echny z\u00e1\u0159\u00edc\u00ed hv\u011bzdy! &#8211; 4 Chvalte ho, nebesa svrchovan\u00e1,i vy, vody tam nad nebesy! &#8211; 5 To v\u0161e a\u0165 chv\u00e1l\u00ed jm\u00e9no P\u00e1n\u011b,nebo\u0165 &#8230; <a title=\"\u017dalm 148\" class=\"read-more\" href=\"https:\/\/www.texty.santegidio.cz\/?page_id=200\" aria-label=\"More on \u017dalm 148\">Read more<\/a><\/p>\n","protected":false},"author":1,"featured_media":0,"parent":29,"menu_order":0,"comment_status":"closed","ping_status":"closed","template":"","meta":{"_uag_custom_page_level_css":"","jetpack_post_was_ever_published":false,"footnotes":""},"class_list":["post-200","page","type-page","status-publish"],"uagb_featured_image_src":{"full":false,"thumbnail":false,"medium":false,"medium_large":false,"large":false,"1536x1536":false,"2048x2048":false},"uagb_author_info":{"display_name":"Pavel","author_link":"https:\/\/www.texty.santegidio.cz\/?author=1"},"uagb_comment_info":0,"uagb_excerpt":"V\u0161e a\u0165 chv\u00e1l\u00ed jm\u00e9no P\u00e1n\u011b.&#8211; Chvalte P\u00e1na z nebesk\u00fdch v\u00fd\u0161in,chvalte ho, P\u00e1na na v\u00fdsostech! &#8211; 2 Chvalte ho, v\u0161ichni and\u011bl\u00e9 jeho,chvalte ho, v\u0161echny jeho sbory! &#8211; 3 Chvalte ho, m\u011bs\u00edci a slunce,chvalte ho, v\u0161echny z\u00e1\u0159\u00edc\u00ed hv\u011bzdy! &#8211; 4 Chvalte ho, nebesa svrchovan\u00e1,i vy, vody tam nad nebesy! &#8211; 5 To v\u0161e a\u0165 chv\u00e1l\u00ed jm\u00e9no P\u00e1n\u011b,nebo\u0165&hellip;","jetpack_sharing_enabled":true,"jetpack_shortlink":"https:\/\/wp.me\/PawMsT-3e","_links":{"self":[{"href":"https:\/\/www.texty.santegidio.cz\/index.php?rest_route=\/wp\/v2\/pages\/200","targetHints":{"allow":["GET"]}}],"collection":[{"href":"https:\/\/www.texty.santegidio.cz\/index.php?rest_route=\/wp\/v2\/pages"}],"about":[{"href":"https:\/\/www.texty.santegidio.cz\/index.php?rest_route=\/wp\/v2\/types\/page"}],"author":[{"embeddable":true,"href":"https:\/\/www.texty.santegidio.cz\/index.php?rest_route=\/wp\/v2\/users\/1"}],"replies":[{"embeddable":true,"href":"https:\/\/www.texty.santegidio.cz\/index.php?rest_route=%2Fwp%2Fv2%2Fcomments&post=200"}],"version-history":[{"count":1,"href":"https:\/\/www.texty.santegidio.cz\/index.php?rest_route=\/wp\/v2\/pages\/200\/revisions"}],"predecessor-version":[{"id":1370,"href":"https:\/\/www.texty.santegidio.cz\/index.php?rest_route=\/wp\/v2\/pages\/200\/revisions\/1370"}],"up":[{"embeddable":true,"href":"https:\/\/www.texty.santegidio.cz\/index.php?rest_route=\/wp\/v2\/pages\/29"}],"wp:attachment":[{"href":"https:\/\/www.texty.santegidio.cz\/index.php?rest_route=%2Fwp%2Fv2%2Fmedia&parent=200"}],"curies":[{"name":"wp","href":"https:\/\/api.w.org\/{rel}","templated":true}]}}