{"id":199,"date":"2018-12-12T10:15:16","date_gmt":"2018-12-12T09:15:16","guid":{"rendered":"http:\/\/www.texty.santegidio.cz?page_id=199"},"modified":"2018-12-12T10:15:16","modified_gmt":"2018-12-12T09:15:16","slug":"zalm-147","status":"publish","type":"page","link":"https:\/\/www.texty.santegidio.cz\/?page_id=199","title":{"rendered":"\u017dalm 147"},"content":{"rendered":"<p>Jak je kr\u00e1sn\u00e9 velebit P\u00e1na.<\/p>\n<p>= Velebte P\u00e1na!\u2020<br \/>Dobr\u00e9 je zp\u00edvat na\u0161emu Bohu,<br \/>mil\u00e9 je rozezn\u00edt chv<strong>a<\/strong>lozp\u011bvy.<\/p>\n<p>&#8211; <sup>2<\/span><\/sup> P\u00e1n je, kdo buduje Jeruzal\u00e9m,<br \/>shrom\u00e1\u017edil hlou\u010dky <strong>I<\/strong>zraele.<\/p>\n<p>&#8211; <sup>3<\/span><\/sup> Uzdrav\u00ed ty, kdo jsou zlomeni srdcem,<br \/>obv\u00e1\u017ee jejich bol<strong>a<\/strong>v\u00e9 r\u00e1ny.<\/p>\n<p>&#8211; <sup>4<\/span><\/sup> Po\u010det hv\u011bzd on stanovil pevn\u011b,<br \/>ka\u017edou z nich um\u00ed n<strong>a<\/strong>zvat jm\u00e9nem.<\/p>\n<p>&#8211; <sup>5<\/span><\/sup> N\u00e1\u0161 P\u00e1n je velk\u00fd a p\u0159emocn\u00fd silou,<br \/>jeho moudrost je nezm<strong>\u011b<\/strong>\u0159iteln\u00e1.<\/p>\n<p>&#8211; <sup>6<\/span><\/sup> P\u00e1n je oporou pon\u00ed\u017een\u00fdch,<br \/>bezbo\u017en\u00e9 zato a\u017e k z<strong>e<\/strong>mi sr\u00e1\u017e\u00ed.<\/p>\n<p>&#8211; <sup>7<\/span><\/sup> Zap\u011bjte P\u00e1nu d\u011bkovnou p\u00edse\u0148,<br \/>na harfu hrejte na\u0161<strong>e<\/strong>mu Bohu!<\/p>\n<p>&#8211; <sup>8<\/span><\/sup> On je, kdo nebe pokr\u00fdv\u00e1 mraky,<br \/>on je, kdo de\u0161t\u011b pro z<strong>e<\/strong>mi chyst\u00e1,<br \/>&#8211; travin\u00e1m na hor\u00e1ch d\u00e1v\u00e1 vzch\u00e1zet,<br \/>osivu na pol\u00edch <strong>o<\/strong>bd\u011blan\u00fdch.<\/p>\n<p>&#8211; <sup>9<\/span><\/sup> On je, kdo zv\u00ed\u0159at\u016fm potravu d\u00e1v\u00e1,<br \/>ml\u00e1\u010fat\u016fm havran\u00edm to, p<strong>o<\/strong> \u010dem k\u0159i\u010d\u00ed.<\/p>\n<p>&#8211; <sup>10<\/span><\/sup> Nehled\u00e1 radost v s\u00edle kon\u00ed,<br \/>nelibuje si ve sv<strong>a<\/strong>lech mu\u017e\u016f.<\/p>\n<p>&#8211; <sup>11<\/span><\/sup> P\u00e1nu se l\u00edb\u00ed bohabojn\u00ed,<br \/>ti, kdo se sv\u011b\u0159uj\u00ed do j<strong>e<\/strong>ho l\u00e1sky.<\/p>\n<p>&#8211; <sup>12<\/span><\/sup> Oslavuj P\u00e1na, Jeruzal\u00e9me,<br \/>veleb, Si\u00f3ne, sv<strong>\u00e9<\/strong>ho Boha!<\/p>\n<p>&#8211; <sup>13<\/span><\/sup> On v tv\u00fdch bran\u00e1ch z\u00e1vory zpevnil,<br \/>\u017eehn\u00e1 tv\u00fdm d\u011btem, \u017eij<strong>\u00ed<\/strong>c\u00edm v tob\u011b.<\/p>\n<p>&#8211; <sup>14<\/span><\/sup> On tv\u00e9 \u00fazem\u00ed v pokoji chr\u00e1n\u00ed,<br \/>jadrnou p\u0161enic\u00ed \u0161t<strong>\u011b<\/strong>d\u0159e t\u011b syt\u00ed.<\/p>\n<p>&#8211; <sup>15<\/span><\/sup> On sv\u00e9 slovo ses\u00edl\u00e1 na zem,<br \/>co on vy\u0159kne, se rozb<strong>\u00ed<\/strong>h\u00e1 kvapem.<\/p>\n<p>&#8211; <sup>16<\/span><\/sup> On d\u00e1v\u00e1 sn\u00edh jak hebkou vlnu,<br \/>j\u00edn\u00ed rozs\u00e9v\u00e1 j<strong>a<\/strong>ko popel.<\/p>\n<p>&#8211; <sup>17<\/span><\/sup> Kroupy sype jak chlebov\u00e9 drobty,<br \/>chladem jejich zmrz<strong>a<\/strong>j\u00ed vody;<\/p>\n<p>&#8211; <sup>18<\/span><\/sup> se\u0161le slovo, a roztaj\u00ed zase,<br \/>v\u011btru d\u00e1 zav\u00e1t, a zas v<strong>o<\/strong>dy tekou.<\/p>\n<p>&#8211; <sup>19<\/span><\/sup> Slova sv\u00e1 zjevil J\u00e1kobovi,<br \/>z\u00e1kony, p\u0159\u00edkazy <strong>I<\/strong>zraeli.<\/p>\n<p>&#8211; <sup>20<\/span><\/sup> S \u017e\u00e1dn\u00fdm n\u00e1rodem nejednal takto,<br \/>\u017e\u00e1dn\u00e9mu jin\u00e9mu n<strong>e<\/strong>dal sv\u016fj z\u00e1kon.<\/p>\n","protected":false},"excerpt":{"rendered":"<p>Jak je kr\u00e1sn\u00e9 velebit P\u00e1na. = Velebte P\u00e1na!\u2020Dobr\u00e9 je zp\u00edvat na\u0161emu Bohu,mil\u00e9 je rozezn\u00edt chvalozp\u011bvy. &#8211; 2 P\u00e1n je, kdo buduje Jeruzal\u00e9m,shrom\u00e1\u017edil hlou\u010dky Izraele. &#8211; 3 Uzdrav\u00ed ty, kdo jsou zlomeni srdcem,obv\u00e1\u017ee jejich bolav\u00e9 r\u00e1ny. &#8211; 4 Po\u010det hv\u011bzd on stanovil pevn\u011b,ka\u017edou z nich um\u00ed nazvat jm\u00e9nem. &#8211; 5 N\u00e1\u0161 P\u00e1n je velk\u00fd a p\u0159emocn\u00fd &#8230; <a title=\"\u017dalm 147\" class=\"read-more\" href=\"https:\/\/www.texty.santegidio.cz\/?page_id=199\" aria-label=\"More on \u017dalm 147\">Read more<\/a><\/p>\n","protected":false},"author":1,"featured_media":0,"parent":29,"menu_order":0,"comment_status":"closed","ping_status":"closed","template":"","meta":{"_uag_custom_page_level_css":"","jetpack_post_was_ever_published":false,"footnotes":""},"class_list":["post-199","page","type-page","status-publish"],"uagb_featured_image_src":{"full":false,"thumbnail":false,"medium":false,"medium_large":false,"large":false,"1536x1536":false,"2048x2048":false},"uagb_author_info":{"display_name":"Pavel","author_link":"https:\/\/www.texty.santegidio.cz\/?author=1"},"uagb_comment_info":0,"uagb_excerpt":"Jak je kr\u00e1sn\u00e9 velebit P\u00e1na. = Velebte P\u00e1na!\u2020Dobr\u00e9 je zp\u00edvat na\u0161emu Bohu,mil\u00e9 je rozezn\u00edt chvalozp\u011bvy. &#8211; 2 P\u00e1n je, kdo buduje Jeruzal\u00e9m,shrom\u00e1\u017edil hlou\u010dky Izraele. &#8211; 3 Uzdrav\u00ed ty, kdo jsou zlomeni srdcem,obv\u00e1\u017ee jejich bolav\u00e9 r\u00e1ny. &#8211; 4 Po\u010det hv\u011bzd on stanovil pevn\u011b,ka\u017edou z nich um\u00ed nazvat jm\u00e9nem. &#8211; 5 N\u00e1\u0161 P\u00e1n je velk\u00fd a p\u0159emocn\u00fd&hellip;","jetpack_sharing_enabled":true,"jetpack_shortlink":"https:\/\/wp.me\/PawMsT-3d","_links":{"self":[{"href":"https:\/\/www.texty.santegidio.cz\/index.php?rest_route=\/wp\/v2\/pages\/199","targetHints":{"allow":["GET"]}}],"collection":[{"href":"https:\/\/www.texty.santegidio.cz\/index.php?rest_route=\/wp\/v2\/pages"}],"about":[{"href":"https:\/\/www.texty.santegidio.cz\/index.php?rest_route=\/wp\/v2\/types\/page"}],"author":[{"embeddable":true,"href":"https:\/\/www.texty.santegidio.cz\/index.php?rest_route=\/wp\/v2\/users\/1"}],"replies":[{"embeddable":true,"href":"https:\/\/www.texty.santegidio.cz\/index.php?rest_route=%2Fwp%2Fv2%2Fcomments&post=199"}],"version-history":[{"count":1,"href":"https:\/\/www.texty.santegidio.cz\/index.php?rest_route=\/wp\/v2\/pages\/199\/revisions"}],"predecessor-version":[{"id":1369,"href":"https:\/\/www.texty.santegidio.cz\/index.php?rest_route=\/wp\/v2\/pages\/199\/revisions\/1369"}],"up":[{"embeddable":true,"href":"https:\/\/www.texty.santegidio.cz\/index.php?rest_route=\/wp\/v2\/pages\/29"}],"wp:attachment":[{"href":"https:\/\/www.texty.santegidio.cz\/index.php?rest_route=%2Fwp%2Fv2%2Fmedia&parent=199"}],"curies":[{"name":"wp","href":"https:\/\/api.w.org\/{rel}","templated":true}]}}