{"id":198,"date":"2018-12-12T10:15:16","date_gmt":"2018-12-12T09:15:16","guid":{"rendered":"http:\/\/www.texty.santegidio.cz?page_id=198"},"modified":"2018-12-12T10:15:16","modified_gmt":"2018-12-12T09:15:16","slug":"zalm-146","status":"publish","type":"page","link":"https:\/\/www.texty.santegidio.cz\/?page_id=198","title":{"rendered":"\u017dalm 146"},"content":{"rendered":"<p>\u0160\u0165asten, kdo douf\u00e1 v&nbsp;P\u00e1na, sv\u00e9ho Boha.<\/p>\n<p>= Oslavuj, moje du\u0161e, P\u00e1na!\u2020<br \/><sup>2<\/span><\/sup> Slavit chci P\u00e1na po cel\u00fd \u017eivot,<br \/>hr\u00e1t sv\u00e9mu Bohu, c<strong>o<\/strong> budu \u017eiv.<\/p>\n<p>&#8211; <sup>3<\/span><\/sup> V kn\u00ed\u017eata d\u016fv\u011bru nevkl\u00e1dejte,<br \/>v \u010dlov\u011bka, jen\u017e j<strong>e<\/strong> bezmocn\u00fd:<\/p>\n<p>&#8211; <sup>4<\/span><\/sup> vydechne du\u0161i, v svou zem se vrac\u00ed,<br \/>veta je po j<strong>e<\/strong>ho z\u00e1m\u011brech.<\/p>\n<p>&#8211; <sup>5<\/span><\/sup> \u0160\u0165asten, komu pom\u00e1h\u00e1 B\u016fh J\u00e1kob\u016fv,<br \/>kdo jen v P\u00e1na, sv\u00e9ho B<strong>o<\/strong>ha, douf\u00e1.<\/p>\n<p>&#8211; <sup>6<\/span><\/sup> V toho, kter\u00fd stvo\u0159il nebesa i zem,<br \/>mo\u0159e se v\u0161\u00edm tvorstvem, c<strong>o<\/strong> v n\u011bm \u017eije,<br \/>&#8211; kter\u00fd zachov\u00e1v\u00e1 v\u011brnost nav\u011bky,<br \/><sup>7<\/span><\/sup> uti\u0161t\u011bn\u00fdm dopom<strong>\u00e1<\/strong>h\u00e1 k pr\u00e1vu,<br \/>&#8211; hladov\u00edc\u00ed nasycuje pokrmem.<br \/>P\u00e1n to je, kdo v\u011bz\u0148\u016fm vr<strong>a<\/strong>c\u00ed volnost,<\/p>\n<p>&#8211; <sup>8<\/span><\/sup> P\u00e1n to je, kdo slep\u00fdm d\u00e1v\u00e1 prohl\u00e9dnout,<br \/>P\u00e1n, jen\u017e pozdvihuje p<strong>o<\/strong>n\u00ed\u017een\u00e9,<\/p>\n<p>&#8211; <sup>9<\/span><\/sup> P\u00e1n to je, kdo ciz\u00edm d\u00e1v\u00e1 ochranu,<br \/>sirotk\u016fm a vdov\u00e1m sv<strong>o<\/strong>ji pomoc.<br \/>&#8211; P\u00e1n to je, kdo spravedliv\u00e9 miluje,<br \/>kde\u017eto bezbo\u017en\u00edky n<strong>e<\/strong>ch\u00e1 zbloudit.<\/p>\n<p>&#8211; <sup>10<\/span><\/sup> P\u00e1n je kr\u00e1l a bude vl\u00e1dnout nav\u011bky,<br \/>Si\u00f3ne, tv\u016fj B\u016fh a\u017e d<strong>o<\/strong> v\u011b\u010dnosti!<\/p>\n","protected":false},"excerpt":{"rendered":"<p>\u0160\u0165asten, kdo douf\u00e1 v&nbsp;P\u00e1na, sv\u00e9ho Boha. = Oslavuj, moje du\u0161e, P\u00e1na!\u20202 Slavit chci P\u00e1na po cel\u00fd \u017eivot,hr\u00e1t sv\u00e9mu Bohu, co budu \u017eiv. &#8211; 3 V kn\u00ed\u017eata d\u016fv\u011bru nevkl\u00e1dejte,v \u010dlov\u011bka, jen\u017e je bezmocn\u00fd: &#8211; 4 vydechne du\u0161i, v svou zem se vrac\u00ed,veta je po jeho z\u00e1m\u011brech. &#8211; 5 \u0160\u0165asten, komu pom\u00e1h\u00e1 B\u016fh J\u00e1kob\u016fv,kdo jen v P\u00e1na, &#8230; <a title=\"\u017dalm 146\" class=\"read-more\" href=\"https:\/\/www.texty.santegidio.cz\/?page_id=198\" aria-label=\"More on \u017dalm 146\">Read more<\/a><\/p>\n","protected":false},"author":1,"featured_media":0,"parent":29,"menu_order":0,"comment_status":"closed","ping_status":"closed","template":"","meta":{"_uag_custom_page_level_css":"","jetpack_post_was_ever_published":false,"footnotes":""},"class_list":["post-198","page","type-page","status-publish"],"uagb_featured_image_src":{"full":false,"thumbnail":false,"medium":false,"medium_large":false,"large":false,"1536x1536":false,"2048x2048":false},"uagb_author_info":{"display_name":"Pavel","author_link":"https:\/\/www.texty.santegidio.cz\/?author=1"},"uagb_comment_info":0,"uagb_excerpt":"\u0160\u0165asten, kdo douf\u00e1 v&nbsp;P\u00e1na, sv\u00e9ho Boha. = Oslavuj, moje du\u0161e, P\u00e1na!\u20202 Slavit chci P\u00e1na po cel\u00fd \u017eivot,hr\u00e1t sv\u00e9mu Bohu, co budu \u017eiv. &#8211; 3 V kn\u00ed\u017eata d\u016fv\u011bru nevkl\u00e1dejte,v \u010dlov\u011bka, jen\u017e je bezmocn\u00fd: &#8211; 4 vydechne du\u0161i, v svou zem se vrac\u00ed,veta je po jeho z\u00e1m\u011brech. &#8211; 5 \u0160\u0165asten, komu pom\u00e1h\u00e1 B\u016fh J\u00e1kob\u016fv,kdo jen v P\u00e1na,&hellip;","jetpack_sharing_enabled":true,"jetpack_shortlink":"https:\/\/wp.me\/PawMsT-3c","_links":{"self":[{"href":"https:\/\/www.texty.santegidio.cz\/index.php?rest_route=\/wp\/v2\/pages\/198","targetHints":{"allow":["GET"]}}],"collection":[{"href":"https:\/\/www.texty.santegidio.cz\/index.php?rest_route=\/wp\/v2\/pages"}],"about":[{"href":"https:\/\/www.texty.santegidio.cz\/index.php?rest_route=\/wp\/v2\/types\/page"}],"author":[{"embeddable":true,"href":"https:\/\/www.texty.santegidio.cz\/index.php?rest_route=\/wp\/v2\/users\/1"}],"replies":[{"embeddable":true,"href":"https:\/\/www.texty.santegidio.cz\/index.php?rest_route=%2Fwp%2Fv2%2Fcomments&post=198"}],"version-history":[{"count":1,"href":"https:\/\/www.texty.santegidio.cz\/index.php?rest_route=\/wp\/v2\/pages\/198\/revisions"}],"predecessor-version":[{"id":1368,"href":"https:\/\/www.texty.santegidio.cz\/index.php?rest_route=\/wp\/v2\/pages\/198\/revisions\/1368"}],"up":[{"embeddable":true,"href":"https:\/\/www.texty.santegidio.cz\/index.php?rest_route=\/wp\/v2\/pages\/29"}],"wp:attachment":[{"href":"https:\/\/www.texty.santegidio.cz\/index.php?rest_route=%2Fwp%2Fv2%2Fmedia&parent=198"}],"curies":[{"name":"wp","href":"https:\/\/api.w.org\/{rel}","templated":true}]}}