{"id":197,"date":"2018-12-12T10:15:16","date_gmt":"2018-12-12T09:15:16","guid":{"rendered":"http:\/\/www.texty.santegidio.cz?page_id=197"},"modified":"2018-12-12T10:15:16","modified_gmt":"2018-12-12T09:15:16","slug":"zalm-145","status":"publish","type":"page","link":"https:\/\/www.texty.santegidio.cz\/?page_id=197","title":{"rendered":"\u017dalm 145"},"content":{"rendered":"<p>Tv\u00e9 jm\u00e9no, Pane, budeme chv\u00e1lit nav\u017edy, nav\u011bky.<\/p>\n<p>&#8211; <sup>1<\/span><\/sup> Velebit t\u011b budu, Bo\u017ee m\u016fj a Kr\u00e1li,<br \/>tvoje jm\u00e9no slavit n<strong>a<\/strong>v\u017edy, nav\u011bky.<\/p>\n<p>&#8211; <sup>2<\/span><\/sup> Ka\u017edodenn\u011b budu tebe oslavovat,<br \/>tvoje jm\u00e9no chv\u00e1lit n<strong>a<\/strong>v\u017edy, nav\u011bky.<\/p>\n<p>&#8211; <sup>3<\/span><\/sup> P\u00e1n je velik\u00fd a ve v\u0161em hodn\u00fd chval,<br \/>jeho velikost se n<strong>e<\/strong>d\u00e1 vystihnout.<\/p>\n<p>&#8211; <sup>4<\/span><\/sup> A\u0165 rod rodu hl\u00e1s\u00e1 chv\u00e1lu skutk\u016f tv\u00fdch,<br \/>o tv\u00fdch mocn\u00fdch \u010dinech v<strong>\u011b<\/strong>rn\u011b vypr\u00e1v\u00ed,<\/p>\n<p>&#8211; <sup>5<\/span><\/sup> mluv\u00ed o tv\u00e9 sl\u00e1v\u011b, lesku, n\u00e1dhe\u0159e!<br \/>Velk\u00e9 divy tv\u00e9 a\u0165 sl<strong>a<\/strong>v\u00ed p\u00edsn\u011bmi,<\/p>\n<p>&#8211; <sup>6<\/span><\/sup> o s\u00edle tv\u00fdch \u010din\u016f s \u00factou hovo\u0159\u00ed,<br \/>nesm\u00edrnost tv\u00e9 moci l<strong>\u00ed<\/strong>\u010d\u00ed s \u00fa\u017easem!<\/p>\n<p>&#8211; <sup>7<\/span><\/sup> Chv\u00e1lami a\u0165 h\u00fd\u0159\u00ed na tvou dobrotu,<br \/>nad spravedlnost\u00ed tvou <strong>a<\/strong>\u0165 j\u00e1saj\u00ed!<\/p>\n<p>&#8211; <sup>8<\/span><\/sup> P\u00e1n je dobrotiv\u00fd, on je slitovn\u00fd,<br \/>shov\u00edvav\u00fd, pln\u00fd mil<strong>o<\/strong>srdenstv\u00ed.<\/p>\n<p>&#8211; <sup>9<\/span><\/sup> P\u00e1n je milostiv\u00fd v\u017edy a v\u016f\u010di v\u0161em,<br \/>jeho l\u00e1ska plat\u00ed v\u0161<strong>e<\/strong>mu stvo\u0159en\u00ed.<\/p>\n<p>&#8211; <sup>10<\/span><\/sup> A\u0165 t\u011b, Pane, chv\u00e1l\u00ed v\u0161ichni tvorov\u00e9,<br \/>tob\u011b zasv\u011bcen\u00ed a\u0165 t<strong>\u011b<\/strong> veleb\u00ed!<\/p>\n<p>&#8211; <sup>11<\/span><\/sup> A\u0165 tvou slavnou vl\u00e1du p\u0159ipom\u00ednaj\u00ed<br \/>a tvou mocnou s\u00edlu zj<strong>e<\/strong>vn\u011b hl\u00e1saj\u00ed!<\/p>\n<p>&#8211; <sup>12<\/span><\/sup> A\u0165 je lidem zn\u00e1ma tvoje velk\u00e1 moc,<br \/>sl\u00e1va vzne\u0161en\u00e9ho tv<strong>\u00e9<\/strong>ho kr\u00e1lovstv\u00ed!<\/p>\n<p>&#8211; <sup>13<\/span><\/sup> Nebo\u0165 vl\u00e1da tv\u00e1 je vl\u00e1dou pro v\u011bky,<br \/>nade v\u0161emi rody pan<strong>o<\/strong>v\u00e1n\u00ed tv\u00e9.<br \/>&#8211; P\u00e1n je v\u017edycky v\u011brn\u00fd ve v\u0161ech slovech sv\u00fdch,<br \/>pln\u00fd milosti je ve v\u0161<strong>e<\/strong>ch skutc\u00edch sv\u00fdch.<\/p>\n<p>&#8211; <sup>14<\/span><\/sup> P\u00e1n podep\u0159e v\u0161echny, kdo u\u017e klesaj\u00ed,<br \/>v\u0161echny pon\u00ed\u017een\u00e9 <strong>o<\/strong>p\u011bt pozdvihne.<\/p>\n<p>&#8211; <sup>15<\/span><\/sup> O\u010di v\u0161ech jen k tob\u011b hled\u00ed s nad\u011bj\u00ed,<br \/>ty jim d\u00e1v\u00e1\u0161 pokrm v n\u00e1l<strong>e<\/strong>\u017eit\u00fd \u010das,<\/p>\n<p>&#8211; <sup>16<\/span><\/sup> ty, jen\u017e otev\u00edr\u00e1\u0161 svoji \u0161t\u011bdrou dla\u0148,<br \/>dobrotiv\u011b syt\u00ed\u0161 v\u0161<strong>e<\/strong>chno \u017eivouc\u00ed.<\/p>\n<p>&#8211; <sup>17<\/span><\/sup> P\u00e1n je spravedliv\u00fd na v\u0161ech cest\u00e1ch sv\u00fdch,<br \/>pln\u00fd milosti je ve v\u0161<strong>e<\/strong>ch skutc\u00edch sv\u00fdch.<\/p>\n<p>&#8211; <sup>18<\/span><\/sup> P\u00e1n je nabl\u00edzku v\u0161em, kdo ho vz\u00fdvaj\u00ed,<br \/>v\u0161em, kdo vz\u00fdvaj\u00ed ho s opr<strong>a<\/strong>vdovost\u00ed.<\/p>\n<p>&#8211; <sup>19<\/span><\/sup> Pln\u00ed p\u0159\u00e1n\u00ed t\u011bch, kdo pokorn\u011b ho ct\u00ed,<br \/>sly\u0161\u00ed jejich prosby, z\u00e1chr<strong>a<\/strong>nu jim d\u00e1.<\/p>\n<p>&#8211; <sup>20<\/span><\/sup> P\u00e1n bd\u00ed nade v\u0161emi, kdo ho miluj\u00ed;<br \/>v\u0161echny bezbo\u017en\u00e9 v\u0161ak st<strong>i<\/strong>hne z\u00e1hubou.<\/p>\n<p>= <sup>21<\/span><\/sup> A\u0165 v m\u00fdch \u00fastech st\u00e1le chv\u00e1la P\u00e1n\u011b zn\u00ed!\u2020<br \/>A\u0165 mu dobro\u0159e\u010d\u00ed ka\u017ed\u00fd \u017eiv\u00fd tvor<br \/>v\u017edy a do v\u011b\u010dnosti, na v<strong>\u011b<\/strong>ky v\u0161ech v\u011bk\u016f!<\/p>\n","protected":false},"excerpt":{"rendered":"<p>Tv\u00e9 jm\u00e9no, Pane, budeme chv\u00e1lit nav\u017edy, nav\u011bky. &#8211; 1 Velebit t\u011b budu, Bo\u017ee m\u016fj a Kr\u00e1li,tvoje jm\u00e9no slavit nav\u017edy, nav\u011bky. &#8211; 2 Ka\u017edodenn\u011b budu tebe oslavovat,tvoje jm\u00e9no chv\u00e1lit nav\u017edy, nav\u011bky. &#8211; 3 P\u00e1n je velik\u00fd a ve v\u0161em hodn\u00fd chval,jeho velikost se ned\u00e1 vystihnout. &#8211; 4 A\u0165 rod rodu hl\u00e1s\u00e1 chv\u00e1lu skutk\u016f tv\u00fdch,o tv\u00fdch mocn\u00fdch &#8230; <a title=\"\u017dalm 145\" class=\"read-more\" href=\"https:\/\/www.texty.santegidio.cz\/?page_id=197\" aria-label=\"More on \u017dalm 145\">Read more<\/a><\/p>\n","protected":false},"author":1,"featured_media":0,"parent":29,"menu_order":0,"comment_status":"closed","ping_status":"closed","template":"","meta":{"_uag_custom_page_level_css":"","jetpack_post_was_ever_published":false,"footnotes":""},"class_list":["post-197","page","type-page","status-publish"],"uagb_featured_image_src":{"full":false,"thumbnail":false,"medium":false,"medium_large":false,"large":false,"1536x1536":false,"2048x2048":false},"uagb_author_info":{"display_name":"Pavel","author_link":"https:\/\/www.texty.santegidio.cz\/?author=1"},"uagb_comment_info":0,"uagb_excerpt":"Tv\u00e9 jm\u00e9no, Pane, budeme chv\u00e1lit nav\u017edy, nav\u011bky. &#8211; 1 Velebit t\u011b budu, Bo\u017ee m\u016fj a Kr\u00e1li,tvoje jm\u00e9no slavit nav\u017edy, nav\u011bky. &#8211; 2 Ka\u017edodenn\u011b budu tebe oslavovat,tvoje jm\u00e9no chv\u00e1lit nav\u017edy, nav\u011bky. &#8211; 3 P\u00e1n je velik\u00fd a ve v\u0161em hodn\u00fd chval,jeho velikost se ned\u00e1 vystihnout. &#8211; 4 A\u0165 rod rodu hl\u00e1s\u00e1 chv\u00e1lu skutk\u016f tv\u00fdch,o tv\u00fdch mocn\u00fdch&hellip;","jetpack_sharing_enabled":true,"jetpack_shortlink":"https:\/\/wp.me\/PawMsT-3b","_links":{"self":[{"href":"https:\/\/www.texty.santegidio.cz\/index.php?rest_route=\/wp\/v2\/pages\/197","targetHints":{"allow":["GET"]}}],"collection":[{"href":"https:\/\/www.texty.santegidio.cz\/index.php?rest_route=\/wp\/v2\/pages"}],"about":[{"href":"https:\/\/www.texty.santegidio.cz\/index.php?rest_route=\/wp\/v2\/types\/page"}],"author":[{"embeddable":true,"href":"https:\/\/www.texty.santegidio.cz\/index.php?rest_route=\/wp\/v2\/users\/1"}],"replies":[{"embeddable":true,"href":"https:\/\/www.texty.santegidio.cz\/index.php?rest_route=%2Fwp%2Fv2%2Fcomments&post=197"}],"version-history":[{"count":1,"href":"https:\/\/www.texty.santegidio.cz\/index.php?rest_route=\/wp\/v2\/pages\/197\/revisions"}],"predecessor-version":[{"id":1367,"href":"https:\/\/www.texty.santegidio.cz\/index.php?rest_route=\/wp\/v2\/pages\/197\/revisions\/1367"}],"up":[{"embeddable":true,"href":"https:\/\/www.texty.santegidio.cz\/index.php?rest_route=\/wp\/v2\/pages\/29"}],"wp:attachment":[{"href":"https:\/\/www.texty.santegidio.cz\/index.php?rest_route=%2Fwp%2Fv2%2Fmedia&parent=197"}],"curies":[{"name":"wp","href":"https:\/\/api.w.org\/{rel}","templated":true}]}}