{"id":191,"date":"2018-12-12T10:15:14","date_gmt":"2018-12-12T09:15:14","guid":{"rendered":"http:\/\/www.texty.santegidio.cz?page_id=191"},"modified":"2018-12-12T10:15:15","modified_gmt":"2018-12-12T09:15:15","slug":"zalm-139","status":"publish","type":"page","link":"https:\/\/www.texty.santegidio.cz\/?page_id=191","title":{"rendered":"\u017dalm 139"},"content":{"rendered":"<p>Pane, ty zkoum\u00e1\u0161 m\u00e9 srdce a zn\u00e1\u0161 m\u011b.<\/p>\n<p>= <sup>1<\/span><\/sup> Pane, ty m\u011b prohl\u00e9d\u00e1\u0161 a zn\u00e1\u0161 m\u011b,\u2020<br \/><sup>2<\/span><\/sup> o mn\u011b v\u00ed\u0161, a\u0165 sed\u00e1m nebo vst\u00e1v\u00e1m,<br \/>postihne\u0161 m\u00e9 \u00fam<strong>y<\/strong>sly u\u017e z d\u00e1lky.<\/p>\n<p>&#8211; <sup>3<\/span><\/sup> A\u0165 jdu nebo le\u017e\u00edm, tys tak ur\u010dil,<br \/>v\u0161echny moje cesty js<strong>ou<\/strong> ti zn\u00e1my.<\/p>\n<p>&#8211; <sup>4<\/span><\/sup> Je\u0161t\u011b nem\u00e1m slovo na jazyku,<br \/>a ty, Pane, u\u017e je sl<strong>y<\/strong>\u0161\u00ed\u0161 cel\u00e9.<\/p>\n<p>&#8211; <sup>5<\/span><\/sup> Zp\u0159edu, zezadu m\u011b obep\u00edn\u00e1\u0161,<br \/>pevn\u011b na mn\u011b spo\u010d<strong>\u00ed<\/strong>v\u00e1 tv\u00e1 ruka.<\/p>\n<p>&#8211; <sup>6<\/span><\/sup> Hodn\u00e1 \u00fa\u017easu mi je tv\u00e1 znalost,<br \/>nedostupn\u00e1, nepoch<strong>o<\/strong>piteln\u00e1.<\/p>\n<p>&#8211; <sup>7<\/span><\/sup> Kam bych mohl p\u0159ed tv\u00fdm duchem j\u00edt,<br \/>kam bych mohl prchnout p\u0159<strong>e<\/strong>d tvou tv\u00e1\u0159\u00ed?<\/p>\n<p>&#8211; <sup>8<\/span><\/sup> Vystoupil bych do nebe &#8211; jsi tam;<br \/>ustlal bych si v podsv<strong>\u011b<\/strong>t\u00ed &#8211; i tam jsi.<\/p>\n<p>&#8211; <sup>9<\/span><\/sup> Kdybych si vzal k\u0159\u00eddla jit\u0159enky,<br \/>snesl se a\u017e k nejzaz\u0161<strong>\u00ed<\/strong>mu mo\u0159i,<\/p>\n<p>&#8211; <sup>10<\/span><\/sup> i tam ruka tv\u00e1 m\u011b zachyt\u00ed,<br \/>pravice tv\u00e1 by m\u011b <strong>u<\/strong>chopila.<\/p>\n<p>&#8211; <sup>11<\/span><\/sup> \u0158eknu-li: &bdquo;Snad ukryje m\u011b tma,<br \/>zahal\u00edm se noc\u00ed m<strong>\u00ed<\/strong>sto sv\u011btlem,&ldquo;<\/p>\n<p>= <sup>12<\/span><\/sup> ani tma ti temn\u00e1 nebude,\u2020<br \/>noc ti zjasn\u00ed jako sv\u011btlo denn\u00ed,<br \/>temnota tv\u00fdm o\u010d\u00edm b<strong>u<\/strong>de sv\u011btlem.<\/p>\n<p>&#8211; <sup>13<\/span><\/sup> V\u017edy\u0165 ty s\u00e1m jsi stvo\u0159il moje nitro,<br \/>ty s\u00e1m jsi m\u011b v l\u016fn\u011b m<strong>a<\/strong>tky utkal.<\/p>\n<p>= <sup>14<\/span><\/sup> D\u011bkuji ti za sv\u016fj vznik tak zvl\u00e1\u0161tn\u00ed!\u2020<br \/>Podivuhodn\u00e1 jsou tvoje d\u00edla!<br \/>Dob\u0159e to m\u00e1 du\u0161e r<strong>o<\/strong>zpozn\u00e1v\u00e1.<\/p>\n<p>= <sup>15<\/span><\/sup> Podstata m\u00e1 nebyla ti tajn\u00e1,\u2020<br \/>kdy\u017e jsem j\u00e1 byl vskrytu teprv tvo\u0159en,<br \/>zplozov\u00e1n u\u017e v sam\u00e9 hl<strong>ou<\/strong>bi zem\u011b.<\/p>\n<p>&#8211; <sup>16<\/span><\/sup> P\u0159ed o\u010dima m\u011bls m\u016fj cel\u00fd \u00fad\u011bl,<br \/>v\u0161e u\u017e bylo naps<strong>\u00e1<\/strong>no v tv\u00e9 knize.<br \/>&#8211; Moje dny u\u017e byly utvo\u0159eny,<br \/>d\u0159\u00edve ne\u017e z nich kter\u00fdk<strong>o<\/strong>li vze\u0161el.<\/p>\n<p>&#8211; <sup>17<\/span><\/sup> Tv\u00e9 my\u0161lenky v\u0161ak jsou nad m\u016fj dosah,<br \/>Bo\u017ee, jejich plnost n<strong>e<\/strong>doz\u00edrn\u00e1!<\/p>\n<p>&#8211; <sup>18<\/span><\/sup> Cht\u00edt je s\u010d\u00edtat &#8211; je jich v\u00edc ne\u017e p\u00edsku;<br \/>s\u010detl bych je &#8211; u t<strong>e<\/strong>be bych z\u016fstal.<br \/>[- <\/span><\/span><sup>19<\/span><\/sup><\/span><\/span> K\u00e9\u017e bys, Bo\u017ee, zhubil bezbo\u017en\u00edka!<\/span><\/span><br \/>Jd\u011bte ode mne, vy la\u010dn\u00ed krve!<\/span><\/span><br \/>&#8211;<\/span> <sup>20<\/span><\/sup><\/span><\/span> Ti, co o tob\u011b tak lstiv\u011b mluv\u00ed,<\/span><\/span><br \/>nadarmo se bou\u0159\u00ed proti tob\u011b!<\/span><\/span><br \/>&#8211;<\/span> <sup>21<\/span><\/sup><\/span><\/span> Jak je za z\u00e1\u0161\u0165 k tob\u011b nem\u00edt v z\u00e1\u0161t\u00ed,<\/span><\/span><br \/>neprotivit si sv\u00e9 protivn\u00edky?<\/span><\/span><br \/>&#8211;<\/span> <sup>22<\/span><\/sup><\/span><\/span> Zhloubi du\u0161e sv\u00e9 je nen\u00e1vid\u00edm,<\/span><\/span><br \/>pro mne jsou i m\u00fdmi nep\u0159\u00e1teli!]<\/span><\/span><\/p>\n<p>&#8211; <sup>23<\/span><\/sup> Zkoumej, Bo\u017ee, pozn\u00e1vej m\u00e9 srdce,<br \/>zkou\u0161ej m\u011b a pozn<strong>\u00e1<\/strong>vej, jak sm\u00fd\u0161l\u00edm.<\/p>\n<p>&#8211; <sup>24<\/span><\/sup> Pohle\u010f, zdali nejdu cestou \u0161patnou,<br \/>ve\u010f m\u011b cestou v\u011bky <strong>o<\/strong>sv\u011bd\u010denou!<\/p>\n","protected":false},"excerpt":{"rendered":"<p>Pane, ty zkoum\u00e1\u0161 m\u00e9 srdce a zn\u00e1\u0161 m\u011b. = 1 Pane, ty m\u011b prohl\u00e9d\u00e1\u0161 a zn\u00e1\u0161 m\u011b,\u20202 o mn\u011b v\u00ed\u0161, a\u0165 sed\u00e1m nebo vst\u00e1v\u00e1m,postihne\u0161 m\u00e9 \u00famysly u\u017e z d\u00e1lky. &#8211; 3 A\u0165 jdu nebo le\u017e\u00edm, tys tak ur\u010dil,v\u0161echny moje cesty jsou ti zn\u00e1my. &#8211; 4 Je\u0161t\u011b nem\u00e1m slovo na jazyku,a ty, Pane, u\u017e je sly\u0161\u00ed\u0161 &#8230; <a title=\"\u017dalm 139\" class=\"read-more\" href=\"https:\/\/www.texty.santegidio.cz\/?page_id=191\" aria-label=\"More on \u017dalm 139\">Read more<\/a><\/p>\n","protected":false},"author":1,"featured_media":0,"parent":29,"menu_order":0,"comment_status":"closed","ping_status":"closed","template":"","meta":{"_uag_custom_page_level_css":"","jetpack_post_was_ever_published":false,"footnotes":""},"class_list":["post-191","page","type-page","status-publish"],"uagb_featured_image_src":{"full":false,"thumbnail":false,"medium":false,"medium_large":false,"large":false,"1536x1536":false,"2048x2048":false},"uagb_author_info":{"display_name":"Pavel","author_link":"https:\/\/www.texty.santegidio.cz\/?author=1"},"uagb_comment_info":0,"uagb_excerpt":"Pane, ty zkoum\u00e1\u0161 m\u00e9 srdce a zn\u00e1\u0161 m\u011b. = 1 Pane, ty m\u011b prohl\u00e9d\u00e1\u0161 a zn\u00e1\u0161 m\u011b,\u20202 o mn\u011b v\u00ed\u0161, a\u0165 sed\u00e1m nebo vst\u00e1v\u00e1m,postihne\u0161 m\u00e9 \u00famysly u\u017e z d\u00e1lky. &#8211; 3 A\u0165 jdu nebo le\u017e\u00edm, tys tak ur\u010dil,v\u0161echny moje cesty jsou ti zn\u00e1my. &#8211; 4 Je\u0161t\u011b nem\u00e1m slovo na jazyku,a ty, Pane, u\u017e je sly\u0161\u00ed\u0161&hellip;","jetpack_sharing_enabled":true,"jetpack_shortlink":"https:\/\/wp.me\/PawMsT-35","_links":{"self":[{"href":"https:\/\/www.texty.santegidio.cz\/index.php?rest_route=\/wp\/v2\/pages\/191","targetHints":{"allow":["GET"]}}],"collection":[{"href":"https:\/\/www.texty.santegidio.cz\/index.php?rest_route=\/wp\/v2\/pages"}],"about":[{"href":"https:\/\/www.texty.santegidio.cz\/index.php?rest_route=\/wp\/v2\/types\/page"}],"author":[{"embeddable":true,"href":"https:\/\/www.texty.santegidio.cz\/index.php?rest_route=\/wp\/v2\/users\/1"}],"replies":[{"embeddable":true,"href":"https:\/\/www.texty.santegidio.cz\/index.php?rest_route=%2Fwp%2Fv2%2Fcomments&post=191"}],"version-history":[{"count":1,"href":"https:\/\/www.texty.santegidio.cz\/index.php?rest_route=\/wp\/v2\/pages\/191\/revisions"}],"predecessor-version":[{"id":1361,"href":"https:\/\/www.texty.santegidio.cz\/index.php?rest_route=\/wp\/v2\/pages\/191\/revisions\/1361"}],"up":[{"embeddable":true,"href":"https:\/\/www.texty.santegidio.cz\/index.php?rest_route=\/wp\/v2\/pages\/29"}],"wp:attachment":[{"href":"https:\/\/www.texty.santegidio.cz\/index.php?rest_route=%2Fwp%2Fv2%2Fmedia&parent=191"}],"curies":[{"name":"wp","href":"https:\/\/api.w.org\/{rel}","templated":true}]}}