{"id":183,"date":"2018-12-12T10:15:14","date_gmt":"2018-12-12T09:15:14","guid":{"rendered":"http:\/\/www.texty.santegidio.cz?page_id=183"},"modified":"2018-12-12T10:15:15","modified_gmt":"2018-12-12T09:15:15","slug":"zalm-131","status":"publish","type":"page","link":"https:\/\/www.texty.santegidio.cz\/?page_id=183","title":{"rendered":"\u017dalm 131"},"content":{"rendered":"<p>Jen v&nbsp;Bohu jsem klidn\u00fd a v&nbsp;bezpe\u010d\u00ed.<\/p>\n<p>&#8211; <sup>1<\/span><\/sup> Pane, nejsem py\u0161n\u00e9 mysli,<br \/>nepohl\u00ed\u017e\u00edm d<strong>o<\/strong>vysoka,<br \/>&#8211; neba\u017e\u00edm po velk\u00fdch v\u011bcech,<br \/>kter\u00e9 nad m<strong>ou<\/strong> m\u00edru jsou.<\/p>\n<p>&#8211; <sup>2<\/span><\/sup> Zti\u0161il, zklidnil jsem sv\u00e9 srdce.<br \/>Jako d\u00edt\u011b v kl<strong>\u00ed<\/strong>n\u011b matky,<br \/>&#8211; jako d\u00edt\u011b zkonej\u0161en\u00e9<br \/>ztichla ve mn<strong>\u011b<\/strong> du\u0161e m\u00e1.<\/p>\n<p>&#8211; <sup>3<\/span><\/sup> Izraeli, doufej v P\u00e1na<br \/>nyn\u00ed, v\u017edy <strong>a<\/strong> nav\u011bky!<\/p>\n","protected":false},"excerpt":{"rendered":"<p>Jen v&nbsp;Bohu jsem klidn\u00fd a v&nbsp;bezpe\u010d\u00ed. &#8211; 1 Pane, nejsem py\u0161n\u00e9 mysli,nepohl\u00ed\u017e\u00edm dovysoka,&#8211; neba\u017e\u00edm po velk\u00fdch v\u011bcech,kter\u00e9 nad mou m\u00edru jsou. &#8211; 2 Zti\u0161il, zklidnil jsem sv\u00e9 srdce.Jako d\u00edt\u011b v kl\u00edn\u011b matky,&#8211; jako d\u00edt\u011b zkonej\u0161en\u00e9ztichla ve mn\u011b du\u0161e m\u00e1. &#8211; 3 Izraeli, doufej v P\u00e1nanyn\u00ed, v\u017edy a nav\u011bky!<\/p>\n","protected":false},"author":1,"featured_media":0,"parent":29,"menu_order":0,"comment_status":"closed","ping_status":"closed","template":"","meta":{"_uag_custom_page_level_css":"","jetpack_post_was_ever_published":false,"footnotes":""},"class_list":["post-183","page","type-page","status-publish"],"uagb_featured_image_src":{"full":false,"thumbnail":false,"medium":false,"medium_large":false,"large":false,"1536x1536":false,"2048x2048":false},"uagb_author_info":{"display_name":"Pavel","author_link":"https:\/\/www.texty.santegidio.cz\/?author=1"},"uagb_comment_info":0,"uagb_excerpt":"Jen v&nbsp;Bohu jsem klidn\u00fd a v&nbsp;bezpe\u010d\u00ed. &#8211; 1 Pane, nejsem py\u0161n\u00e9 mysli,nepohl\u00ed\u017e\u00edm dovysoka,&#8211; neba\u017e\u00edm po velk\u00fdch v\u011bcech,kter\u00e9 nad mou m\u00edru jsou. &#8211; 2 Zti\u0161il, zklidnil jsem sv\u00e9 srdce.Jako d\u00edt\u011b v kl\u00edn\u011b matky,&#8211; jako d\u00edt\u011b zkonej\u0161en\u00e9ztichla ve mn\u011b du\u0161e m\u00e1. &#8211; 3 Izraeli, doufej v P\u00e1nanyn\u00ed, v\u017edy a nav\u011bky!","jetpack_sharing_enabled":true,"jetpack_shortlink":"https:\/\/wp.me\/PawMsT-2X","_links":{"self":[{"href":"https:\/\/www.texty.santegidio.cz\/index.php?rest_route=\/wp\/v2\/pages\/183","targetHints":{"allow":["GET"]}}],"collection":[{"href":"https:\/\/www.texty.santegidio.cz\/index.php?rest_route=\/wp\/v2\/pages"}],"about":[{"href":"https:\/\/www.texty.santegidio.cz\/index.php?rest_route=\/wp\/v2\/types\/page"}],"author":[{"embeddable":true,"href":"https:\/\/www.texty.santegidio.cz\/index.php?rest_route=\/wp\/v2\/users\/1"}],"replies":[{"embeddable":true,"href":"https:\/\/www.texty.santegidio.cz\/index.php?rest_route=%2Fwp%2Fv2%2Fcomments&post=183"}],"version-history":[{"count":1,"href":"https:\/\/www.texty.santegidio.cz\/index.php?rest_route=\/wp\/v2\/pages\/183\/revisions"}],"predecessor-version":[{"id":1353,"href":"https:\/\/www.texty.santegidio.cz\/index.php?rest_route=\/wp\/v2\/pages\/183\/revisions\/1353"}],"up":[{"embeddable":true,"href":"https:\/\/www.texty.santegidio.cz\/index.php?rest_route=\/wp\/v2\/pages\/29"}],"wp:attachment":[{"href":"https:\/\/www.texty.santegidio.cz\/index.php?rest_route=%2Fwp%2Fv2%2Fmedia&parent=183"}],"curies":[{"name":"wp","href":"https:\/\/api.w.org\/{rel}","templated":true}]}}