{"id":181,"date":"2018-12-12T10:15:14","date_gmt":"2018-12-12T09:15:14","guid":{"rendered":"http:\/\/www.texty.santegidio.cz?page_id=181"},"modified":"2018-12-12T10:15:15","modified_gmt":"2018-12-12T09:15:15","slug":"zalm-129","status":"publish","type":"page","link":"https:\/\/www.texty.santegidio.cz\/?page_id=181","title":{"rendered":"\u017dalm 129"},"content":{"rendered":"<p>Nep\u0159\u00e1tel\u00e9 m\u011b, Pane, nezdolali.<\/p>\n<p>&#8211; <sup>1<\/span><\/sup> Zle m\u011b su\u017eovali od ml\u00e1d\u00ed<br \/>&#8211; tak a\u0165 \u0159<strong>e<\/strong>kne Izrael -,<\/p>\n<p>&#8211; <sup>2<\/span><\/sup> zle m\u011b su\u017eovali od ml\u00e1d\u00ed,<br \/>ale nezd<strong>o<\/strong>lali m\u011b!<\/p>\n<p>&#8211; <sup>3<\/span><\/sup> Or\u00e1\u010di m\u00fdm h\u0159betem orali,<br \/>t\u00e1hli br<strong>\u00e1<\/strong>zdy p\u0159edlouh\u00e9.<\/p>\n<p>&#8211; <sup>4<\/span><\/sup> Av\u0161ak spravedliv\u00fd P\u00e1n, m\u016fj B\u016fh,<br \/>lana h\u0159<strong>\u00ed<\/strong>\u0161n\u00fdch zp\u0159et\u00ednal.<\/p>\n<p>&#8211; <sup>5<\/span><\/sup> A\u0165 se zahanb\u00ed a ustoup\u00ed<br \/>v\u0161ichni, kte\u0159\u00ed nen\u00e1v<strong>i<\/strong>d\u00ed Si\u00f3n!<\/p>\n<p>&#8211; <sup>6<\/span><\/sup> A\u0165 jsou jako tr\u00e1va na st\u0159ech\u00e1ch,<br \/>uschl\u00e1, je\u0161t\u011b ne\u017e ji v<strong>y<\/strong>trhaj\u00ed!<\/p>\n<p>&#8211; <sup>7<\/span><\/sup> Nenapln\u00ed ani \u017eenc\u016fm hrst,<br \/>ani n\u00e1ru\u010d t\u011bm, kdo v<strong>\u00e1<\/strong>\u017eou snopy.<\/p>\n<p>= <sup>8<\/span><\/sup> Ne\u0159eknou jim ti, co kolem jdou:\u2020<br \/>&bdquo;Po\u017eehn\u00e1n\u00ed P\u00e1n\u011b budi\u017e s v\u00e1mi!&ldquo;<br \/>&bdquo;Jm\u00e9nem P\u00e1n\u011b \u017eehn<strong>\u00e1<\/strong>me v\u00e1m v pr\u00e1ci!&ldquo;<\/p>\n","protected":false},"excerpt":{"rendered":"<p>Nep\u0159\u00e1tel\u00e9 m\u011b, Pane, nezdolali. &#8211; 1 Zle m\u011b su\u017eovali od ml\u00e1d\u00ed&#8211; tak a\u0165 \u0159ekne Izrael -, &#8211; 2 zle m\u011b su\u017eovali od ml\u00e1d\u00ed,ale nezdolali m\u011b! &#8211; 3 Or\u00e1\u010di m\u00fdm h\u0159betem orali,t\u00e1hli br\u00e1zdy p\u0159edlouh\u00e9. &#8211; 4 Av\u0161ak spravedliv\u00fd P\u00e1n, m\u016fj B\u016fh,lana h\u0159\u00ed\u0161n\u00fdch zp\u0159et\u00ednal. &#8211; 5 A\u0165 se zahanb\u00ed a ustoup\u00edv\u0161ichni, kte\u0159\u00ed nen\u00e1vid\u00ed Si\u00f3n! &#8211; 6 A\u0165 &#8230; <a title=\"\u017dalm 129\" class=\"read-more\" href=\"https:\/\/www.texty.santegidio.cz\/?page_id=181\" aria-label=\"More on \u017dalm 129\">Read more<\/a><\/p>\n","protected":false},"author":1,"featured_media":0,"parent":29,"menu_order":0,"comment_status":"closed","ping_status":"closed","template":"","meta":{"_uag_custom_page_level_css":"","jetpack_post_was_ever_published":false,"footnotes":""},"class_list":["post-181","page","type-page","status-publish"],"uagb_featured_image_src":{"full":false,"thumbnail":false,"medium":false,"medium_large":false,"large":false,"1536x1536":false,"2048x2048":false},"uagb_author_info":{"display_name":"Pavel","author_link":"https:\/\/www.texty.santegidio.cz\/?author=1"},"uagb_comment_info":0,"uagb_excerpt":"Nep\u0159\u00e1tel\u00e9 m\u011b, Pane, nezdolali. &#8211; 1 Zle m\u011b su\u017eovali od ml\u00e1d\u00ed&#8211; tak a\u0165 \u0159ekne Izrael -, &#8211; 2 zle m\u011b su\u017eovali od ml\u00e1d\u00ed,ale nezdolali m\u011b! &#8211; 3 Or\u00e1\u010di m\u00fdm h\u0159betem orali,t\u00e1hli br\u00e1zdy p\u0159edlouh\u00e9. &#8211; 4 Av\u0161ak spravedliv\u00fd P\u00e1n, m\u016fj B\u016fh,lana h\u0159\u00ed\u0161n\u00fdch zp\u0159et\u00ednal. &#8211; 5 A\u0165 se zahanb\u00ed a ustoup\u00edv\u0161ichni, kte\u0159\u00ed nen\u00e1vid\u00ed Si\u00f3n! &#8211; 6 A\u0165&hellip;","jetpack_sharing_enabled":true,"jetpack_shortlink":"https:\/\/wp.me\/PawMsT-2V","_links":{"self":[{"href":"https:\/\/www.texty.santegidio.cz\/index.php?rest_route=\/wp\/v2\/pages\/181","targetHints":{"allow":["GET"]}}],"collection":[{"href":"https:\/\/www.texty.santegidio.cz\/index.php?rest_route=\/wp\/v2\/pages"}],"about":[{"href":"https:\/\/www.texty.santegidio.cz\/index.php?rest_route=\/wp\/v2\/types\/page"}],"author":[{"embeddable":true,"href":"https:\/\/www.texty.santegidio.cz\/index.php?rest_route=\/wp\/v2\/users\/1"}],"replies":[{"embeddable":true,"href":"https:\/\/www.texty.santegidio.cz\/index.php?rest_route=%2Fwp%2Fv2%2Fcomments&post=181"}],"version-history":[{"count":1,"href":"https:\/\/www.texty.santegidio.cz\/index.php?rest_route=\/wp\/v2\/pages\/181\/revisions"}],"predecessor-version":[{"id":1351,"href":"https:\/\/www.texty.santegidio.cz\/index.php?rest_route=\/wp\/v2\/pages\/181\/revisions\/1351"}],"up":[{"embeddable":true,"href":"https:\/\/www.texty.santegidio.cz\/index.php?rest_route=\/wp\/v2\/pages\/29"}],"wp:attachment":[{"href":"https:\/\/www.texty.santegidio.cz\/index.php?rest_route=%2Fwp%2Fv2%2Fmedia&parent=181"}],"curies":[{"name":"wp","href":"https:\/\/api.w.org\/{rel}","templated":true}]}}