{"id":174,"date":"2018-12-12T10:15:14","date_gmt":"2018-12-12T09:15:14","guid":{"rendered":"http:\/\/www.texty.santegidio.cz?page_id=174"},"modified":"2018-12-12T10:15:14","modified_gmt":"2018-12-12T09:15:14","slug":"zalm-122","status":"publish","type":"page","link":"https:\/\/www.texty.santegidio.cz\/?page_id=174","title":{"rendered":"\u017dalm 122"},"content":{"rendered":"<p>Pokoj vyproste pro Jeruzal\u00e9m.<\/p>\n<p>&#8211; <sup>1<\/span><\/sup> Zaradoval jsem se, kdy\u017e mi \u0159ekli:<br \/>&bdquo;Vyd\u00e1me se do P\u00e1n<strong>o<\/strong>va domu.&ldquo;<\/p>\n<p>&#8211; <sup>2<\/span><\/sup> Stanuly u\u017e nedo\u010dkav\u00e9 nohy,<br \/>Jeruzal\u00e9me, v tv\u00fdch sl<strong>a<\/strong>vn\u00fdch bran\u00e1ch.<\/p>\n<p>&#8211; <sup>3<\/span><\/sup> Jeruzal\u00e9me, jsi vybudov\u00e1n<br \/>v pevn\u00e9 m\u011bsto, v sebe <strong>u<\/strong>zav\u0159en\u00e9!<\/p>\n<p>= <sup>4<\/span><\/sup> Putuj\u00ed sem kmeny, kmeny P\u00e1n\u011b;\u2020<br \/>tak to k\u00e1\u017ee Izraeli z\u00e1kon,<br \/>aby jm\u00e9no P\u00e1n\u011b <strong>o<\/strong>slavoval.<\/p>\n<p>&#8211; <sup>5<\/span><\/sup> Zde jsou postaveny soudn\u00ed stolce,<br \/>pevn\u00e9 stolce David<strong>o<\/strong>va domu.<\/p>\n<p>&#8211; <sup>6<\/span><\/sup> Pokoj vyproste pro Jeruzal\u00e9m:<br \/>A\u0165 jsou v bezpe\u010d\u00ed, kdo m<strong>i<\/strong>luj\u00ed t\u011b!<\/p>\n<p>&#8211; <sup>7<\/span><\/sup> A\u0165 v tv\u00fdch hradb\u00e1ch rozhost\u00ed se pokoj<br \/>a v tv\u00fdch domech bezp<strong>e<\/strong>\u010d\u00ed a\u0165 trv\u00e1!<\/p>\n<p>&#8211; <sup>8<\/span><\/sup> Pro blaho sv\u00fdch brat\u0159\u00ed a sv\u00fdch p\u0159\u00e1tel<br \/>st\u00e1le budu \u0159\u00edkat: P<strong>o<\/strong>koj v tob\u011b!<\/p>\n<p>&#8211; <sup>9<\/span><\/sup> Pro d\u016fm P\u00e1na, jen\u017e je na\u0161\u00edm Bohem,<br \/>za tv\u016fj zdar se st\u00e1le b<strong>u<\/strong>du modlit.<\/p>\n","protected":false},"excerpt":{"rendered":"<p>Pokoj vyproste pro Jeruzal\u00e9m. &#8211; 1 Zaradoval jsem se, kdy\u017e mi \u0159ekli:&bdquo;Vyd\u00e1me se do P\u00e1nova domu.&ldquo; &#8211; 2 Stanuly u\u017e nedo\u010dkav\u00e9 nohy,Jeruzal\u00e9me, v tv\u00fdch slavn\u00fdch bran\u00e1ch. &#8211; 3 Jeruzal\u00e9me, jsi vybudov\u00e1nv pevn\u00e9 m\u011bsto, v sebe uzav\u0159en\u00e9! = 4 Putuj\u00ed sem kmeny, kmeny P\u00e1n\u011b;\u2020tak to k\u00e1\u017ee Izraeli z\u00e1kon,aby jm\u00e9no P\u00e1n\u011b oslavoval. &#8211; 5 Zde jsou postaveny &#8230; <a title=\"\u017dalm 122\" class=\"read-more\" href=\"https:\/\/www.texty.santegidio.cz\/?page_id=174\" aria-label=\"More on \u017dalm 122\">Read more<\/a><\/p>\n","protected":false},"author":1,"featured_media":0,"parent":29,"menu_order":0,"comment_status":"closed","ping_status":"closed","template":"","meta":{"_uag_custom_page_level_css":"","jetpack_post_was_ever_published":false,"footnotes":""},"class_list":["post-174","page","type-page","status-publish"],"uagb_featured_image_src":{"full":false,"thumbnail":false,"medium":false,"medium_large":false,"large":false,"1536x1536":false,"2048x2048":false},"uagb_author_info":{"display_name":"Pavel","author_link":"https:\/\/www.texty.santegidio.cz\/?author=1"},"uagb_comment_info":0,"uagb_excerpt":"Pokoj vyproste pro Jeruzal\u00e9m. &#8211; 1 Zaradoval jsem se, kdy\u017e mi \u0159ekli:&bdquo;Vyd\u00e1me se do P\u00e1nova domu.&ldquo; &#8211; 2 Stanuly u\u017e nedo\u010dkav\u00e9 nohy,Jeruzal\u00e9me, v tv\u00fdch slavn\u00fdch bran\u00e1ch. &#8211; 3 Jeruzal\u00e9me, jsi vybudov\u00e1nv pevn\u00e9 m\u011bsto, v sebe uzav\u0159en\u00e9! = 4 Putuj\u00ed sem kmeny, kmeny P\u00e1n\u011b;\u2020tak to k\u00e1\u017ee Izraeli z\u00e1kon,aby jm\u00e9no P\u00e1n\u011b oslavoval. &#8211; 5 Zde jsou postaveny&hellip;","jetpack_sharing_enabled":true,"jetpack_shortlink":"https:\/\/wp.me\/PawMsT-2O","_links":{"self":[{"href":"https:\/\/www.texty.santegidio.cz\/index.php?rest_route=\/wp\/v2\/pages\/174","targetHints":{"allow":["GET"]}}],"collection":[{"href":"https:\/\/www.texty.santegidio.cz\/index.php?rest_route=\/wp\/v2\/pages"}],"about":[{"href":"https:\/\/www.texty.santegidio.cz\/index.php?rest_route=\/wp\/v2\/types\/page"}],"author":[{"embeddable":true,"href":"https:\/\/www.texty.santegidio.cz\/index.php?rest_route=\/wp\/v2\/users\/1"}],"replies":[{"embeddable":true,"href":"https:\/\/www.texty.santegidio.cz\/index.php?rest_route=%2Fwp%2Fv2%2Fcomments&post=174"}],"version-history":[{"count":1,"href":"https:\/\/www.texty.santegidio.cz\/index.php?rest_route=\/wp\/v2\/pages\/174\/revisions"}],"predecessor-version":[{"id":1344,"href":"https:\/\/www.texty.santegidio.cz\/index.php?rest_route=\/wp\/v2\/pages\/174\/revisions\/1344"}],"up":[{"embeddable":true,"href":"https:\/\/www.texty.santegidio.cz\/index.php?rest_route=\/wp\/v2\/pages\/29"}],"wp:attachment":[{"href":"https:\/\/www.texty.santegidio.cz\/index.php?rest_route=%2Fwp%2Fv2%2Fmedia&parent=174"}],"curies":[{"name":"wp","href":"https:\/\/api.w.org\/{rel}","templated":true}]}}