{"id":162,"date":"2018-12-12T10:15:12","date_gmt":"2018-12-12T09:15:12","guid":{"rendered":"http:\/\/www.texty.santegidio.cz?page_id=162"},"modified":"2018-12-12T10:15:13","modified_gmt":"2018-12-12T09:15:13","slug":"zalm-110","status":"publish","type":"page","link":"https:\/\/www.texty.santegidio.cz\/?page_id=162","title":{"rendered":"\u017dalm 110"},"content":{"rendered":"<p>Jsi kn\u011bzem nav\u011bky, tak jak j\u00edm Melchisedech byl.<\/p>\n<p>= <sup>1<\/span><\/sup> Slib P\u00e1n\u011b m\u00e9mu P\u00e1novi:\u2020<br \/>&bdquo;Se\u010f po m\u00e9 pravici,<br \/>tv\u00e9 nep\u0159\u00e1tele za podno\u017e ti k n<strong>o<\/strong>h\u00e1m polo\u017e\u00edm.&ldquo;<\/p>\n<p>&#8211; <sup>2<\/span><\/sup> \u017dezlo tv\u00e9 moci pod\u00e1 ti s\u00e1m ze Si\u00f3nu P\u00e1n:<br \/>&bdquo;Ty panuj vpr<strong>o<\/strong>st\u0159ed nep\u0159\u00e1tel!<\/p>\n<p>&#8211; <sup>3<\/span><\/sup> Tvoje je hodnost kr\u00e1lovsk\u00e1 na svat\u00fdch pahorc\u00edch,<br \/>ty z m\u00e9ho l\u016fna zplozen\u00fd, ne\u017e vz<strong>e<\/strong>\u0161la jit\u0159enka.&ldquo;<\/p>\n<p>= <sup>4<\/span><\/sup> P\u00e1n bez v\u00fdhrady p\u0159\u00edsahal:\u2020<br \/>&bdquo;Jsi kn\u011bzem nav\u011bky,<br \/>tak jak j\u00edm Melch<strong>i<\/strong>sedech byl!&ldquo;<\/p>\n<p>&#8211; <sup>5<\/span><\/sup> P\u00e1n stoj\u00ed po tv\u00e9 pravici,<br \/>v den hn\u011bvu kr<strong>\u00e1<\/strong>le zdrt\u00ed.<br \/>[= <\/span><\/span><sup>6<\/span><\/sup><\/span><\/span> On nad n\u00e1rody kon\u00e1 soud,\u2020<\/span><\/span><br \/>je nakupeno mrtv\u00fdch,<\/span><\/span><br \/>rozb\u00edj\u00ed lebky v \u0161\u00ed\u0159 i v d\u00e1l.]<\/span><\/span><\/p>\n<p>&#8211; <sup>7<\/span><\/sup> Z potoka pije u cesty,<br \/>jde se vzty\u010d<strong>e<\/strong>nou hlavou.<\/p>\n","protected":false},"excerpt":{"rendered":"<p>Jsi kn\u011bzem nav\u011bky, tak jak j\u00edm Melchisedech byl. = 1 Slib P\u00e1n\u011b m\u00e9mu P\u00e1novi:\u2020&bdquo;Se\u010f po m\u00e9 pravici,tv\u00e9 nep\u0159\u00e1tele za podno\u017e ti k noh\u00e1m polo\u017e\u00edm.&ldquo; &#8211; 2 \u017dezlo tv\u00e9 moci pod\u00e1 ti s\u00e1m ze Si\u00f3nu P\u00e1n:&bdquo;Ty panuj vprost\u0159ed nep\u0159\u00e1tel! &#8211; 3 Tvoje je hodnost kr\u00e1lovsk\u00e1 na svat\u00fdch pahorc\u00edch,ty z m\u00e9ho l\u016fna zplozen\u00fd, ne\u017e vze\u0161la jit\u0159enka.&ldquo; = &#8230; <a title=\"\u017dalm 110\" class=\"read-more\" href=\"https:\/\/www.texty.santegidio.cz\/?page_id=162\" aria-label=\"More on \u017dalm 110\">Read more<\/a><\/p>\n","protected":false},"author":1,"featured_media":0,"parent":29,"menu_order":0,"comment_status":"closed","ping_status":"closed","template":"","meta":{"_uag_custom_page_level_css":"","jetpack_post_was_ever_published":false,"footnotes":""},"class_list":["post-162","page","type-page","status-publish"],"uagb_featured_image_src":{"full":false,"thumbnail":false,"medium":false,"medium_large":false,"large":false,"1536x1536":false,"2048x2048":false},"uagb_author_info":{"display_name":"Pavel","author_link":"https:\/\/www.texty.santegidio.cz\/?author=1"},"uagb_comment_info":0,"uagb_excerpt":"Jsi kn\u011bzem nav\u011bky, tak jak j\u00edm Melchisedech byl. = 1 Slib P\u00e1n\u011b m\u00e9mu P\u00e1novi:\u2020&bdquo;Se\u010f po m\u00e9 pravici,tv\u00e9 nep\u0159\u00e1tele za podno\u017e ti k noh\u00e1m polo\u017e\u00edm.&ldquo; &#8211; 2 \u017dezlo tv\u00e9 moci pod\u00e1 ti s\u00e1m ze Si\u00f3nu P\u00e1n:&bdquo;Ty panuj vprost\u0159ed nep\u0159\u00e1tel! &#8211; 3 Tvoje je hodnost kr\u00e1lovsk\u00e1 na svat\u00fdch pahorc\u00edch,ty z m\u00e9ho l\u016fna zplozen\u00fd, ne\u017e vze\u0161la jit\u0159enka.&ldquo; =&hellip;","jetpack_sharing_enabled":true,"jetpack_shortlink":"https:\/\/wp.me\/PawMsT-2C","_links":{"self":[{"href":"https:\/\/www.texty.santegidio.cz\/index.php?rest_route=\/wp\/v2\/pages\/162","targetHints":{"allow":["GET"]}}],"collection":[{"href":"https:\/\/www.texty.santegidio.cz\/index.php?rest_route=\/wp\/v2\/pages"}],"about":[{"href":"https:\/\/www.texty.santegidio.cz\/index.php?rest_route=\/wp\/v2\/types\/page"}],"author":[{"embeddable":true,"href":"https:\/\/www.texty.santegidio.cz\/index.php?rest_route=\/wp\/v2\/users\/1"}],"replies":[{"embeddable":true,"href":"https:\/\/www.texty.santegidio.cz\/index.php?rest_route=%2Fwp%2Fv2%2Fcomments&post=162"}],"version-history":[{"count":1,"href":"https:\/\/www.texty.santegidio.cz\/index.php?rest_route=\/wp\/v2\/pages\/162\/revisions"}],"predecessor-version":[{"id":1332,"href":"https:\/\/www.texty.santegidio.cz\/index.php?rest_route=\/wp\/v2\/pages\/162\/revisions\/1332"}],"up":[{"embeddable":true,"href":"https:\/\/www.texty.santegidio.cz\/index.php?rest_route=\/wp\/v2\/pages\/29"}],"wp:attachment":[{"href":"https:\/\/www.texty.santegidio.cz\/index.php?rest_route=%2Fwp%2Fv2%2Fmedia&parent=162"}],"curies":[{"name":"wp","href":"https:\/\/api.w.org\/{rel}","templated":true}]}}