{"id":159,"date":"2018-12-12T10:15:12","date_gmt":"2018-12-12T09:15:12","guid":{"rendered":"http:\/\/www.texty.santegidio.cz?page_id=159"},"modified":"2018-12-12T10:15:13","modified_gmt":"2018-12-12T09:15:13","slug":"zalm-107","status":"publish","type":"page","link":"https:\/\/www.texty.santegidio.cz\/?page_id=159","title":{"rendered":"\u017dalm 107"},"content":{"rendered":"<p>Chvalme P\u00e1na za jeho slitov\u00e1n\u00ed.<\/p>\n<p>&#8211; <sup>1<\/span><\/sup> Slavte P\u00e1na za to, jak je dobr\u00fd,<br \/>jak a\u017e nav\u011bky je m<strong>i<\/strong>losrdn\u00fd!<\/p>\n<p>&#8211; <sup>2<\/span><\/sup> Tak a\u0165 mluv\u00ed vykoupen\u00ed P\u00e1nem,<br \/>vykoupen\u00ed z nep\u0159\u00e1t<strong>e<\/strong>lsk\u00e9 moci!<\/p>\n<p>&#8211; <sup>3<\/span><\/sup> Shrom\u00e1\u017edil je ze v\u0161ech kon\u010din zem\u011b,<br \/>kde je v\u00fdchod, z\u00e1pad, j<strong>i<\/strong>h \u010di sever.<\/p>\n<p>&#8211; <sup>4<\/span><\/sup> Bloudili nehostinnou pustinou,<br \/>nenach\u00e1zeli m\u00edsto k <strong>u<\/strong>s\u00eddlen\u00ed.<\/p>\n<p>&#8211; <sup>5<\/span><\/sup> Hladem a \u017e\u00edzn\u00ed p\u0159itom str\u00e1dali,<br \/>\u017eivot v nich ponen\u00e1hlu v<strong>y<\/strong>has\u00ednal.<\/p>\n<p>&#8211; <sup>6<\/span><\/sup> Volali tedy k P\u00e1nu v \u00fazkostech<br \/>a on je z jejich b\u00eddy v<strong>y<\/strong>svobodil.<\/p>\n<p>&#8211; <sup>7<\/span><\/sup> Na spr\u00e1vnou cestu on je uvedl,<br \/>aby tak do\u0161li m\u00edsta k <strong>o<\/strong>s\u00eddlen\u00ed.<\/p>\n<p>&#8211; <sup>8<\/span><\/sup> A\u0165 chv\u00e1l\u00ed P\u00e1na za slitov\u00e1n\u00ed,<br \/>za divy, kter\u00e9 k dobru l<strong>i<\/strong>d\u00ed konal!<\/p>\n<p>&#8211; <sup>9<\/span><\/sup> Nap\u00e1jel hrdlo jejich \u017e\u00edzniv\u00e9,<br \/>la\u010dn\u00edc\u00ed hrdlo plnil d<strong>o<\/strong>brotami.<\/p>\n<p>&#8211; <sup>10<\/span><\/sup> V\u011bzeli ve smrteln\u00fdch temnot\u00e1ch,<br \/>vr\u017eeni do b\u00eddy a d<strong>o<\/strong> okov\u016f,<\/p>\n<p>&#8211; <sup>11<\/span><\/sup> \u017ee Bo\u017e\u00edm p\u0159\u00edkaz\u016fm se vzp\u00edrali<br \/>a opovrhli radou N<strong>e<\/strong>jvy\u0161\u0161\u00edho.<\/p>\n<p>&#8211; <sup>12<\/span><\/sup> I bylo jejich srdce zkru\u0161eno,<br \/>\u017ee padali, a nikdo n<strong>e<\/strong>pomohl.<\/p>\n<p>&#8211; <sup>13<\/span><\/sup> Volali tedy k P\u00e1nu v \u00fazkostech<br \/>a on je z jejich b\u00eddy v<strong>y<\/strong>svobodil.<\/p>\n<p>&#8211; <sup>14<\/span><\/sup> Z t\u011bch temnot smrteln\u00fdch je vyvedl,<br \/>p\u0159elomil jejich ok<strong>o<\/strong>vy a strhl.<\/p>\n<p>&#8211; <sup>15<\/span><\/sup> A\u0165 chv\u00e1l\u00ed P\u00e1na za slitov\u00e1n\u00ed,<br \/>a divy, kter\u00e9 k dobru l<strong>i<\/strong>d\u00ed konal;<\/p>\n<p>&#8211; <sup>16<\/span><\/sup> za to, \u017ee br\u00e1ny z bronzu rozrazil,<br \/>z\u00e1vory \u017eelezn\u00e9 \u017ee zl<strong>o<\/strong>mil vedv\u00ed.<\/p>\n<p>&#8211; <sup>17<\/span><\/sup> Ochurav\u011bli pro svou nepravost,<br \/>zkru\u0161eni byli za sv\u00e9 t<strong>\u011b<\/strong>\u017ek\u00e9 viny.<\/p>\n<p>&#8211; <sup>18<\/span><\/sup> U\u017e se jim ka\u017ed\u00fd pokrm o\u0161klivil,<br \/>tak\u017ee u\u017e m\u011bli bl\u00edzko k br<strong>a<\/strong>n\u00e1m smrti.<\/p>\n<p>&#8211; <sup>19<\/span><\/sup> Volali tedy P\u00e1na v \u00fazkostech<br \/>a on je z jejich b\u00eddy v<strong>y<\/strong>svobodil.<\/p>\n<p>&#8211; <sup>20<\/span><\/sup> Seslal sv\u00e9 slovo, j\u00edm je uzdravil<br \/>a zachr\u00e1nil je op\u011bt p\u0159<strong>e<\/strong>d z\u00e1hubou.<\/p>\n<p>&#8211; <sup>21<\/span><\/sup> A\u0165 chv\u00e1l\u00ed P\u00e1na za slitov\u00e1n\u00ed,<br \/>za divy, kter\u00e9 k dobru l<strong>i<\/strong>d\u00ed konal!<\/p>\n<p>&#8211; <sup>22<\/span><\/sup> A\u0165 p\u0159in\u00e1\u0161ej\u00ed ob\u011b\u0165 d\u011bkovnou,<br \/>s j\u00e1sotem rozhla\u0161uj\u00ed j<strong>e<\/strong>ho skutky!<\/p>\n<p>&#8211; <sup>23<\/span><\/sup> V lod\u00edch se vyd\u00e1vali na mo\u0159e,<br \/>po mnoha vod\u00e1ch pluli z<strong>a<\/strong> obchodem;<\/p>\n<p>&#8211; <sup>24<\/span><\/sup> p\u0159itom pak d\u00edla P\u00e1n\u011b v\u00eddali,<br \/>\u017easli nad jeho divy v m<strong>o<\/strong>\u0159sk\u00e9 hloubi.<\/p>\n<p>&#8211; <sup>25<\/span><\/sup> P\u0159ik\u00e1zal, zdvihl v\u00edtr bou\u0159liv\u00fd,<br \/>ten mo\u0159sk\u00e9 vlny do vys<strong>o<\/strong>ka vzdouval.<\/p>\n<p>&#8211; <sup>26<\/span><\/sup> Vzl\u00e9tali k nebi, do vln padali,<br \/>\u017ee hr\u016fzou v nich a\u017e du\u0161e zk<strong>o<\/strong>m\u00edrala.<\/p>\n<p>&#8211; <sup>27<\/span><\/sup> Zm\u00edtali, k\u00e1celi se opile,<br \/>se v\u0161\u00ed svou dovednost\u00ed b<strong>y<\/strong>li v konc\u00edch.<\/p>\n<p>&#8211; <sup>28<\/span><\/sup> Volali tedy k P\u00e1nu v \u00fazkostech<br \/>a on je z jejich b\u00eddy v<strong>y<\/strong>svobodil.<\/p>\n<p>&#8211; <sup>29<\/span><\/sup> Bou\u0159liv\u00fd vichr zti\u0161il ve v\u00e1nek<br \/>a zklidnilo se mo\u0159sk\u00e9 v<strong>l<\/strong>nobit\u00ed.<\/p>\n<p>&#8211; <sup>30<\/span><\/sup> Radovali se z toho zti\u0161en\u00ed;<br \/>a p\u0159ivedl je k tou\u017een<strong>\u00e9<\/strong>mu m\u00edstu.<\/p>\n<p>&#8211; <sup>31<\/span><\/sup> A\u0165 chv\u00e1l\u00ed P\u00e1na za slitov\u00e1n\u00ed,<br \/>za divy, kter\u00e9 k dobru l<strong>i<\/strong>d\u00ed konal!<\/p>\n<p>&#8211; <sup>32<\/span><\/sup> A\u0165 ve shrom\u00e1\u017ed\u011bn\u00ed ho veleb\u00ed,<br \/>ve sboru star\u0161\u00edch a\u0165 jej <strong>o<\/strong>slavuj\u00ed!<\/p>\n<p>&#8211; <sup>33<\/span><\/sup> On prom\u011b\u0148oval \u0159eky v pou\u0161t\u011b,<br \/>prameny ve v<strong>y<\/strong>prahlou zem,<\/p>\n<p>&#8211; <sup>34<\/span><\/sup> \u00farodn\u00e9 kraje v soln\u00e9 pl\u00e1n\u011b &#8211;<br \/>za to, \u017ee zl\u00fd b<strong>y<\/strong>l tamn\u00ed lid.<\/p>\n<p>&#8211; <sup>35<\/span><\/sup> Pou\u0161\u0165 zase zm\u011bnil na jezero,<br \/>vyprahlou hl<strong>\u00ed<\/strong>nu na pramen:<\/p>\n<p>&#8211; <sup>36<\/span><\/sup> tam us\u00eddlil pak hladov\u00edc\u00ed,<br \/>m\u011bsta si m<strong>o<\/strong>hli zbudovat.<\/p>\n<p>&#8211; <sup>37<\/span><\/sup> Z\u0159\u00eddili pole, vinohrady<br \/>a m\u011bli h<strong>o<\/strong>jnou \u00farodu.<\/p>\n<p>&#8211; <sup>38<\/span><\/sup> \u017dehnal jim, rozrostli se hojn\u011b,<br \/>i chovn\u00e9 zv<strong>\u011b<\/strong>\u0159e m\u011bli dost,<\/p>\n<p>&#8211; <sup>39<\/span><\/sup> kdy\u017e zas jich ubylo a ch\u0159adli<br \/>pod t\u00edhou str\u00e1d<strong>\u00e1<\/strong>n\u00ed a ran.<\/p>\n<p>&#8211; <sup>40<\/span><\/sup> Ten v\u0161ak, jen\u017e poni\u017euje mocn\u00e9<br \/>a d\u00e1 jim bl<strong>ou<\/strong>dit na pou\u0161ti,<\/p>\n<p>&#8211; <sup>41<\/span><\/sup> chud\u00e1ka znova zdvihl z b\u00eddy,<br \/>jak st\u00e1do zmn<strong>o<\/strong>\u017eil jeho rod.<\/p>\n<p>&#8211; <sup>42<\/span><\/sup> S radost\u00ed to vid\u00ed bohabojn\u00ed,<br \/>v\u0161echna zloba mus\u00ed skl<strong>a<\/strong>pnout \u00fasta.<\/p>\n<p>&#8211; <sup>43<\/span><\/sup> Kdo jsi moudr\u00fd, m\u011bj to na pam\u011bti!<br \/>V srdci chovej skutky l<strong>\u00e1<\/strong>sky P\u00e1n\u011b!<\/p>\n","protected":false},"excerpt":{"rendered":"<p>Chvalme P\u00e1na za jeho slitov\u00e1n\u00ed. &#8211; 1 Slavte P\u00e1na za to, jak je dobr\u00fd,jak a\u017e nav\u011bky je milosrdn\u00fd! &#8211; 2 Tak a\u0165 mluv\u00ed vykoupen\u00ed P\u00e1nem,vykoupen\u00ed z nep\u0159\u00e1telsk\u00e9 moci! &#8211; 3 Shrom\u00e1\u017edil je ze v\u0161ech kon\u010din zem\u011b,kde je v\u00fdchod, z\u00e1pad, jih \u010di sever. &#8211; 4 Bloudili nehostinnou pustinou,nenach\u00e1zeli m\u00edsto k us\u00eddlen\u00ed. &#8211; 5 Hladem a \u017e\u00edzn\u00ed &#8230; <a title=\"\u017dalm 107\" class=\"read-more\" href=\"https:\/\/www.texty.santegidio.cz\/?page_id=159\" aria-label=\"More on \u017dalm 107\">Read more<\/a><\/p>\n","protected":false},"author":1,"featured_media":0,"parent":29,"menu_order":0,"comment_status":"closed","ping_status":"closed","template":"","meta":{"_uag_custom_page_level_css":"","jetpack_post_was_ever_published":false,"footnotes":""},"class_list":["post-159","page","type-page","status-publish"],"uagb_featured_image_src":{"full":false,"thumbnail":false,"medium":false,"medium_large":false,"large":false,"1536x1536":false,"2048x2048":false},"uagb_author_info":{"display_name":"Pavel","author_link":"https:\/\/www.texty.santegidio.cz\/?author=1"},"uagb_comment_info":0,"uagb_excerpt":"Chvalme P\u00e1na za jeho slitov\u00e1n\u00ed. &#8211; 1 Slavte P\u00e1na za to, jak je dobr\u00fd,jak a\u017e nav\u011bky je milosrdn\u00fd! &#8211; 2 Tak a\u0165 mluv\u00ed vykoupen\u00ed P\u00e1nem,vykoupen\u00ed z nep\u0159\u00e1telsk\u00e9 moci! &#8211; 3 Shrom\u00e1\u017edil je ze v\u0161ech kon\u010din zem\u011b,kde je v\u00fdchod, z\u00e1pad, jih \u010di sever. &#8211; 4 Bloudili nehostinnou pustinou,nenach\u00e1zeli m\u00edsto k us\u00eddlen\u00ed. &#8211; 5 Hladem a \u017e\u00edzn\u00ed&hellip;","jetpack_sharing_enabled":true,"jetpack_shortlink":"https:\/\/wp.me\/PawMsT-2z","_links":{"self":[{"href":"https:\/\/www.texty.santegidio.cz\/index.php?rest_route=\/wp\/v2\/pages\/159","targetHints":{"allow":["GET"]}}],"collection":[{"href":"https:\/\/www.texty.santegidio.cz\/index.php?rest_route=\/wp\/v2\/pages"}],"about":[{"href":"https:\/\/www.texty.santegidio.cz\/index.php?rest_route=\/wp\/v2\/types\/page"}],"author":[{"embeddable":true,"href":"https:\/\/www.texty.santegidio.cz\/index.php?rest_route=\/wp\/v2\/users\/1"}],"replies":[{"embeddable":true,"href":"https:\/\/www.texty.santegidio.cz\/index.php?rest_route=%2Fwp%2Fv2%2Fcomments&post=159"}],"version-history":[{"count":1,"href":"https:\/\/www.texty.santegidio.cz\/index.php?rest_route=\/wp\/v2\/pages\/159\/revisions"}],"predecessor-version":[{"id":1329,"href":"https:\/\/www.texty.santegidio.cz\/index.php?rest_route=\/wp\/v2\/pages\/159\/revisions\/1329"}],"up":[{"embeddable":true,"href":"https:\/\/www.texty.santegidio.cz\/index.php?rest_route=\/wp\/v2\/pages\/29"}],"wp:attachment":[{"href":"https:\/\/www.texty.santegidio.cz\/index.php?rest_route=%2Fwp%2Fv2%2Fmedia&parent=159"}],"curies":[{"name":"wp","href":"https:\/\/api.w.org\/{rel}","templated":true}]}}