{"id":156,"date":"2018-12-12T10:15:12","date_gmt":"2018-12-12T09:15:12","guid":{"rendered":"http:\/\/www.texty.santegidio.cz?page_id=156"},"modified":"2018-12-12T10:15:13","modified_gmt":"2018-12-12T09:15:13","slug":"zalm-104","status":"publish","type":"page","link":"https:\/\/www.texty.santegidio.cz\/?page_id=156","title":{"rendered":"\u017dalm 104"},"content":{"rendered":"<p>Pane, m\u016fj Bo\u017ee, jsi nadev\u0161e velk\u00fd.<\/p>\n<p>&#8211; <sup>1<\/span><\/sup> Dobro\u0159e\u010d P\u00e1nu, chval jej, m\u00e1 du\u0161e!<br \/>Pane, m\u016fj Bo\u017ee, jsi nad<strong>e<\/strong>v\u0161e velk\u00fd,<br \/>&#8211; od\u011bn\u00fd kr\u00e1sou a vzne\u0161enost\u00ed,<br \/><sup>2<\/span><\/sup> jako pl\u00e1\u0161t\u011bm sv<strong>\u011b<\/strong>tlem se hal\u00ed\u0161.<br \/>&#8211; Nebesa pne\u0161 jak stanovou plachtu,<br \/><sup>3<\/span><\/sup> s\u00edn\u011b sv\u00e9 zbudovals n<strong>a<\/strong>d vodami,<br \/>&#8211; z let\u00edc\u00edch mra\u010den si povoz \u010din\u00ed\u0161,<br \/>na k\u0159\u00eddlech v\u011btru se k z<strong>e<\/strong>mi sn\u00e1\u0161\u00ed\u0161,<\/p>\n<p>&#8211; <sup>4<\/span><\/sup> vichry si bere\u0161 za svoje posly,<br \/>plameny za sv\u00e9 sl<strong>u<\/strong>\u017eebn\u00edky.<\/p>\n<p>&#8211; <sup>5<\/span><\/sup> V z\u00e1kladech mocn\u00fdch jsi upevnil zemi,<br \/>tak\u017ee a\u017e do v\u011bk\u016f nez<strong>a<\/strong>kol\u00eds\u00e1.<\/p>\n<p>&#8211; <sup>6<\/span><\/sup> Pramo\u0159e jako rouchem ji krylo,<br \/>vody st\u00e1ly a\u017e n<strong>a<\/strong>d horami.<\/p>\n<p>&#8211; <sup>7<\/span><\/sup> P\u0159ed tvou hrozbou st\u00e1hly se zp\u00e1tky,<br \/>prchaly p\u0159ed hlasem tv<strong>\u00e9<\/strong>ho hromu.<\/p>\n<p>&#8211; <sup>8<\/span><\/sup> Vzestouply do hor, do dolin klesly,<br \/>na m\u00edsta, kter\u00e1 t<strong>y<\/strong>s jim ur\u010dil.<\/p>\n<p>&#8211; <sup>9<\/span><\/sup> Dal jsi jim hranici, p\u0159es kterou nesm\u00ed,<br \/>aby zas nemohly zapl<strong>a<\/strong>vit zemi.<\/p>\n<p>&#8211; <sup>10<\/span><\/sup> Pramen\u016fm k\u00e1zal jsi v potoc\u00edch st\u00e9kat,<br \/>v \u00fadol\u00edch mezi hor<strong>a<\/strong>mi plynout.<\/p>\n<p>&#8211; <sup>11<\/span><\/sup> V\u0161echnu zv\u011b\u0159 poln\u00ed nap\u00e1jej\u00ed,<br \/>divoc\u00ed osli h<strong>a<\/strong>s\u00ed v nich \u017e\u00edze\u0148.<\/p>\n<p>&#8211; <sup>12<\/span><\/sup> P\u0159i nich pak hn\u00edzd\u00ed nebesk\u00e9 ptactvo,<br \/>v\u011btvov\u00edm strom\u016f zn<strong>\u00ed<\/strong> jeho zp\u011bv.<\/p>\n<p>&#8211; <sup>13<\/span><\/sup> Z obla\u010dn\u00fdch s\u00eddel nap\u00e1j\u00ed\u0161 hory,<br \/>vl\u00e1hu z tv\u00fdch komor zem dos<strong>y<\/strong>ta pije.<\/p>\n<p>&#8211; <sup>14<\/span><\/sup> D\u00e1v\u00e1\u0161 r\u016fst p\u00edci, j\u00ed\u017e st\u00e1da se \u017eiv\u00ed,<br \/>rostlin\u00e1m, kter\u00e9 jsou k u\u017e<strong>i<\/strong>tku lidem;<br \/>&#8211; vyd\u00e1v\u00e1\u0161 pro n\u011b ze zem\u011b chl\u00e9b,<br \/><sup>15<\/span><\/sup> kter\u00fd dod\u00e1v\u00e1 \u010dlov<strong>\u011b<\/strong>ku s\u00edly,<br \/>&#8211; v\u00edno, je\u017e \u010dlov\u011bku pot\u011b\u0161\u00ed srdce,<br \/>\u017ee se mu tv\u00e1\u0159 jak ol<strong>e<\/strong>jem sv\u00edt\u00ed.<\/p>\n<p>&#8211; <sup>16<\/span><\/sup> Dosyta pije i stromov\u00ed P\u00e1n\u011b,<br \/>lib\u00e1nsk\u00e9 cedry, je\u017e s<strong>\u00e1<\/strong>zel on s\u00e1m.<\/p>\n<p>&#8211; <sup>17<\/span><\/sup> V nich pak si pt\u00e1ci stav\u011bj\u00ed hn\u00edzda,<br \/>v cyp\u0159i\u0161\u00edch domov si <strong>u<\/strong>d\u011blal \u010d\u00e1p.<\/p>\n<p>&#8211; <sup>18<\/span><\/sup> Horsk\u00e9 \u0161t\u00edty kamz\u00edk\u016fm pat\u0159\u00ed,<br \/>ve skal\u00e1ch jezevci n<strong>a<\/strong>\u0161li si skryt.<\/p>\n<p>&#8211; <sup>19<\/span><\/sup> M\u011bs\u00edc jsi u\u010dinil m\u011b\u0159idlem \u010dasu,<br \/>slunce pak v\u00ed, kdy z<strong>a<\/strong>padat m\u00e1.<\/p>\n<p>&#8211; <sup>20<\/span><\/sup> Kdy\u017e se\u0161le\u0161 soumrak a setm\u00ed se na noc,<br \/>za\u010dne v n\u00ed obch\u00e1zet d<strong>i<\/strong>vok\u00e1 zv\u011b\u0159.<\/p>\n<p>&#8211; <sup>21<\/span><\/sup> Lv\u00ed\u010data s \u0159evem si \u017e\u00e1daj\u00ed ko\u0159ist,<br \/>od Boha \u010dek<strong>a<\/strong>j\u00ed pokrm sv\u016fj.<\/p>\n<p>&#8211; <sup>22<\/span><\/sup> Kdy\u017e slunce vych\u00e1z\u00ed, st\u00e1hnou se op\u011bt<br \/>ulehnout do sv\u00fdch d<strong>ou<\/strong>pat a nor.<\/p>\n<p>&#8211; <sup>23<\/span><\/sup> Tehdy pak \u010dlov\u011bk vykro\u010d\u00ed k pr\u00e1ci,<br \/>aby v n\u00ed setrval p<strong>o<\/strong> cel\u00fd den.<\/p>\n<p>= <sup>24<\/span><\/sup> Kterak jsou \u010detn\u00e1, Pane, tv\u00e1 d\u00edla!\u2020<br \/>V\u0161echno jsi stvo\u0159il a u\u010dinil moud\u0159e,<br \/>plna je tv<strong>\u00e9<\/strong>ho tvorstva zem.<\/p>\n<p>= <sup>25<\/span><\/sup> Tam mo\u0159e mocn\u00e9 a velk\u00e9 a \u0161ir\u00e9,\u2020<br \/>v n\u011bm se to hem\u017e\u00ed bezpo\u010dtem tvor\u016f,<br \/>hav\u011bti drobn\u00e9 i v<strong>e<\/strong>lik\u00fdch stv\u016fr.<\/p>\n<p>&#8211; <sup>26<\/span><\/sup> Lodi j\u00edm pluj\u00ed, i leviatan,<br \/>stvo\u0159ils jej, aby si v<strong>e<\/strong> vln\u00e1ch hr\u00e1l.<\/p>\n<p>&#8211; <sup>27<\/span><\/sup> Na tebe \u010dek\u00e1 v\u0161echno a v\u0161ichni,<br \/>\u017ee jim d\u00e1\u0161 ob\u017e<strong>i<\/strong>vu v prav\u00fd \u010das.<\/p>\n<p>&#8211; <sup>28<\/span><\/sup> A ty ji d\u00e1v\u00e1\u0161, a oni si berou,<br \/>dobrem se syt\u00ed, kdy\u017e <strong>o<\/strong>tev\u0159e\u0161 dla\u0148.<\/p>\n<p>= <sup>29<\/span><\/sup> Skryje\u0161-li p\u0159ed nimi tv\u00e1\u0159, tu se zd\u011bs\u00ed,\u2020<br \/>kdy\u017e jim odejme\u0161 dech, oni hynou,<br \/>op\u011bt se vrac<strong>e<\/strong>j\u00ed ve sv\u016fj prach.<\/p>\n<p>&#8211; <sup>30<\/span><\/sup> Se\u0161le\u0161-li ducha, tvo\u0159\u00ed se nov\u00ed:<br \/>tak zemi obn<strong>o<\/strong>vuje\u0161 tv\u00e1\u0159.<\/p>\n<p>&#8211; <sup>31<\/span><\/sup> A\u0165 trv\u00e1 nav\u011bky sl\u00e1va P\u00e1n\u011b,<br \/>a\u0165 se P\u00e1n rad<strong>u<\/strong>je ze sv\u00fdch d\u011bl!<\/p>\n<p>&#8211; <sup>32<\/span><\/sup> Zem\u011b se zachv\u00ed, kdy\u017e pohl\u00e9dne na ni,<br \/>kou\u0159\u00ed se z hor, kdy\u017e j<strong>e<\/strong>n se jich tkne.<\/p>\n<p>&#8211; <sup>33<\/span><\/sup> P\u00e1nu chci zp\u00edvat, co budu d\u00fdchat,<br \/>Bohu chci hr\u00e1ti, c<strong>o<\/strong> budu \u017eiv.<\/p>\n<p>&#8211; <sup>34<\/span><\/sup> K\u00e9\u017e se mu zal\u00edb\u00ed moje p\u00edsn\u011b!<br \/>J\u00e1 se chci v P<strong>\u00e1<\/strong>nu radovat!<\/p>\n<p>= <sup>35<\/span><\/sup> K\u00e9\u017e jen by h\u0159\u00ed\u0161n\u00ed ze sv\u011bta se\u0161li,\u2020<br \/>k\u00e9\u017e by u\u017e bezbo\u017en\u00fdch nebylo nikde!<br \/>Dobro\u0159e\u010d P<strong>\u00e1<\/strong>nu, du\u0161e m\u00e1!<\/p>\n","protected":false},"excerpt":{"rendered":"<p>Pane, m\u016fj Bo\u017ee, jsi nadev\u0161e velk\u00fd. &#8211; 1 Dobro\u0159e\u010d P\u00e1nu, chval jej, m\u00e1 du\u0161e!Pane, m\u016fj Bo\u017ee, jsi nadev\u0161e velk\u00fd,&#8211; od\u011bn\u00fd kr\u00e1sou a vzne\u0161enost\u00ed,2 jako pl\u00e1\u0161t\u011bm sv\u011btlem se hal\u00ed\u0161.&#8211; Nebesa pne\u0161 jak stanovou plachtu,3 s\u00edn\u011b sv\u00e9 zbudovals nad vodami,&#8211; z let\u00edc\u00edch mra\u010den si povoz \u010din\u00ed\u0161,na k\u0159\u00eddlech v\u011btru se k zemi sn\u00e1\u0161\u00ed\u0161, &#8211; 4 vichry si bere\u0161 &#8230; <a title=\"\u017dalm 104\" class=\"read-more\" href=\"https:\/\/www.texty.santegidio.cz\/?page_id=156\" aria-label=\"More on \u017dalm 104\">Read more<\/a><\/p>\n","protected":false},"author":1,"featured_media":0,"parent":29,"menu_order":0,"comment_status":"closed","ping_status":"closed","template":"","meta":{"_uag_custom_page_level_css":"","jetpack_post_was_ever_published":false,"footnotes":""},"class_list":["post-156","page","type-page","status-publish"],"uagb_featured_image_src":{"full":false,"thumbnail":false,"medium":false,"medium_large":false,"large":false,"1536x1536":false,"2048x2048":false},"uagb_author_info":{"display_name":"Pavel","author_link":"https:\/\/www.texty.santegidio.cz\/?author=1"},"uagb_comment_info":0,"uagb_excerpt":"Pane, m\u016fj Bo\u017ee, jsi nadev\u0161e velk\u00fd. &#8211; 1 Dobro\u0159e\u010d P\u00e1nu, chval jej, m\u00e1 du\u0161e!Pane, m\u016fj Bo\u017ee, jsi nadev\u0161e velk\u00fd,&#8211; od\u011bn\u00fd kr\u00e1sou a vzne\u0161enost\u00ed,2 jako pl\u00e1\u0161t\u011bm sv\u011btlem se hal\u00ed\u0161.&#8211; Nebesa pne\u0161 jak stanovou plachtu,3 s\u00edn\u011b sv\u00e9 zbudovals nad vodami,&#8211; z let\u00edc\u00edch mra\u010den si povoz \u010din\u00ed\u0161,na k\u0159\u00eddlech v\u011btru se k zemi sn\u00e1\u0161\u00ed\u0161, &#8211; 4 vichry si bere\u0161&hellip;","jetpack_sharing_enabled":true,"jetpack_shortlink":"https:\/\/wp.me\/PawMsT-2w","_links":{"self":[{"href":"https:\/\/www.texty.santegidio.cz\/index.php?rest_route=\/wp\/v2\/pages\/156","targetHints":{"allow":["GET"]}}],"collection":[{"href":"https:\/\/www.texty.santegidio.cz\/index.php?rest_route=\/wp\/v2\/pages"}],"about":[{"href":"https:\/\/www.texty.santegidio.cz\/index.php?rest_route=\/wp\/v2\/types\/page"}],"author":[{"embeddable":true,"href":"https:\/\/www.texty.santegidio.cz\/index.php?rest_route=\/wp\/v2\/users\/1"}],"replies":[{"embeddable":true,"href":"https:\/\/www.texty.santegidio.cz\/index.php?rest_route=%2Fwp%2Fv2%2Fcomments&post=156"}],"version-history":[{"count":1,"href":"https:\/\/www.texty.santegidio.cz\/index.php?rest_route=\/wp\/v2\/pages\/156\/revisions"}],"predecessor-version":[{"id":1326,"href":"https:\/\/www.texty.santegidio.cz\/index.php?rest_route=\/wp\/v2\/pages\/156\/revisions\/1326"}],"up":[{"embeddable":true,"href":"https:\/\/www.texty.santegidio.cz\/index.php?rest_route=\/wp\/v2\/pages\/29"}],"wp:attachment":[{"href":"https:\/\/www.texty.santegidio.cz\/index.php?rest_route=%2Fwp%2Fv2%2Fmedia&parent=156"}],"curies":[{"name":"wp","href":"https:\/\/api.w.org\/{rel}","templated":true}]}}