{"id":136,"date":"2018-12-12T10:15:10","date_gmt":"2018-12-12T09:15:10","guid":{"rendered":"http:\/\/www.texty.santegidio.cz?page_id=136"},"modified":"2018-12-12T10:15:11","modified_gmt":"2018-12-12T09:15:11","slug":"zalm-84","status":"publish","type":"page","link":"https:\/\/www.texty.santegidio.cz\/?page_id=136","title":{"rendered":"\u017dalm 84"},"content":{"rendered":"<p>\u0160\u0165astn\u00ed ti, kdo bydl\u00ed v&nbsp;dom\u011b Bo\u017e\u00edm.<\/p>\n<p>&#8211; <sup>2<\/span><\/sup> Jak tv\u00e9 p\u0159\u00edbytky jsou mil\u00e9,<br \/>P<strong>a<\/strong>ne z\u00e1stup\u016f!<\/p>\n<p>&#8211; <sup>3<\/span><\/sup> Po n\u00e1dvo\u0159\u00edch P\u00e1n\u011b tou\u017e\u00ed, prahne du\u0161e m\u00e1,<br \/>srdce m\u00e9 i t\u011blo j\u00e1s\u00e1 k B<strong>o<\/strong>hu \u017eiv\u00e9mu.<\/p>\n<p>= <sup>4<\/span><\/sup> I pt\u00e1k nach\u00e1z\u00ed sv\u016fj domov,\u2020<br \/>hn\u00edzdo vla\u0161tovka,<br \/>kam si ukl<strong>\u00e1<\/strong>d\u00e1 sv\u00e9 mlad\u00e9,<br \/>&#8211; u tv\u00fdch olt\u00e1\u0159\u016f &#8211; Pane z\u00e1stup\u016f,<br \/>kr<strong>\u00e1<\/strong>li, Bo\u017ee m\u016fj!<\/p>\n<p>&#8211; <sup>5<\/span><\/sup> \u0160\u0165astni, kdo v tv\u00e9m dom\u011b bydl\u00ed,<br \/>kdo t<strong>\u011b<\/strong> veleb\u00ed!<\/p>\n<p>&#8211; <sup>6<\/span><\/sup> \u0160\u0165asten, kdo t\u011b vyhled\u00e1v\u00e1,<br \/>p<strong>l<\/strong>n\u00fd d\u016fv\u011bry!<\/p>\n<p>&#8211; <sup>7<\/span><\/sup> Z vyschl\u00e9 rokle, kterou p\u016fjdou, pramen u\u010din\u00ed,<br \/>rann\u00ed d\u00e9\u0161\u0165 ji po\u017eehn\u00e1n\u00edm vl<strong>\u00e1<\/strong>hy zahal\u00ed.<\/p>\n<p>&#8211; <sup>8<\/span><\/sup> Kr\u00e1\u010dej\u00ed v\u017edy s v\u011bt\u0161\u00ed silou,<br \/>hled\u00ed k Bohu n<strong>a<\/strong> Si\u00f3n\u011b.<\/p>\n<p>&#8211; <sup>9<\/span><\/sup> Vysly\u0161 moje zbo\u017en\u00e9 prosby, Pane z\u00e1stup\u016f,<br \/>modlitb\u011b m\u00e9 pop\u0159ej sluchu, B<strong>o<\/strong>\u017ee J\u00e1kob\u016fv!<\/p>\n<p>&#8211; <sup>10<\/span><\/sup> Shl\u00e9dni na n\u00e1\u0161 \u0161t\u00edt, \u00f3 Bo\u017ee,<br \/>pohle\u010f jasn\u011b v&nbsp;tv\u00e1\u0159 Pom<strong>a<\/strong>zan\u00e9mu!<\/p>\n<p>&#8211; <sup>11<\/span><\/sup> Lep\u0161\u00ed jeden den v tv\u00e9m dom\u011b<br \/>n<strong>e<\/strong>\u017eli doma sta!<br \/>&#8211; Lep\u0161\u00ed p\u0159ed svatyn\u00ed Bo\u017e\u00ed le\u017eet na prahu,<br \/>ne\u017eli me\u0161kat v st<strong>a<\/strong>nech h\u0159\u00ed\u0161n\u00fdch.<\/p>\n<p>= <sup>12<\/span><\/sup> Nebo\u0165 P\u00e1n je \u0161t\u00edt i slunce,\u2020<br \/>milost je a \u010dest.<br \/>Nev\u00e1h\u00e1 a dobro d\u00e1v\u00e1 l<strong>i<\/strong>dem bez \u00fahon.<\/p>\n<p>&#8211; <sup>13<\/span><\/sup> \u0160\u0165asten je, kdo v tebe douf\u00e1,<br \/>P<strong>a<\/strong>ne z\u00e1stup\u016f!<\/p>\n","protected":false},"excerpt":{"rendered":"<p>\u0160\u0165astn\u00ed ti, kdo bydl\u00ed v&nbsp;dom\u011b Bo\u017e\u00edm. &#8211; 2 Jak tv\u00e9 p\u0159\u00edbytky jsou mil\u00e9,Pane z\u00e1stup\u016f! &#8211; 3 Po n\u00e1dvo\u0159\u00edch P\u00e1n\u011b tou\u017e\u00ed, prahne du\u0161e m\u00e1,srdce m\u00e9 i t\u011blo j\u00e1s\u00e1 k Bohu \u017eiv\u00e9mu. = 4 I pt\u00e1k nach\u00e1z\u00ed sv\u016fj domov,\u2020hn\u00edzdo vla\u0161tovka,kam si ukl\u00e1d\u00e1 sv\u00e9 mlad\u00e9,&#8211; u tv\u00fdch olt\u00e1\u0159\u016f &#8211; Pane z\u00e1stup\u016f,kr\u00e1li, Bo\u017ee m\u016fj! &#8211; 5 \u0160\u0165astni, kdo v &#8230; <a title=\"\u017dalm 84\" class=\"read-more\" href=\"https:\/\/www.texty.santegidio.cz\/?page_id=136\" aria-label=\"More on \u017dalm 84\">Read more<\/a><\/p>\n","protected":false},"author":1,"featured_media":0,"parent":29,"menu_order":0,"comment_status":"closed","ping_status":"closed","template":"","meta":{"_uag_custom_page_level_css":"","jetpack_post_was_ever_published":false,"footnotes":""},"class_list":["post-136","page","type-page","status-publish"],"uagb_featured_image_src":{"full":false,"thumbnail":false,"medium":false,"medium_large":false,"large":false,"1536x1536":false,"2048x2048":false},"uagb_author_info":{"display_name":"Pavel","author_link":"https:\/\/www.texty.santegidio.cz\/?author=1"},"uagb_comment_info":0,"uagb_excerpt":"\u0160\u0165astn\u00ed ti, kdo bydl\u00ed v&nbsp;dom\u011b Bo\u017e\u00edm. &#8211; 2 Jak tv\u00e9 p\u0159\u00edbytky jsou mil\u00e9,Pane z\u00e1stup\u016f! &#8211; 3 Po n\u00e1dvo\u0159\u00edch P\u00e1n\u011b tou\u017e\u00ed, prahne du\u0161e m\u00e1,srdce m\u00e9 i t\u011blo j\u00e1s\u00e1 k Bohu \u017eiv\u00e9mu. = 4 I pt\u00e1k nach\u00e1z\u00ed sv\u016fj domov,\u2020hn\u00edzdo vla\u0161tovka,kam si ukl\u00e1d\u00e1 sv\u00e9 mlad\u00e9,&#8211; u tv\u00fdch olt\u00e1\u0159\u016f &#8211; Pane z\u00e1stup\u016f,kr\u00e1li, Bo\u017ee m\u016fj! &#8211; 5 \u0160\u0165astni, kdo v&hellip;","jetpack_sharing_enabled":true,"jetpack_shortlink":"https:\/\/wp.me\/PawMsT-2c","_links":{"self":[{"href":"https:\/\/www.texty.santegidio.cz\/index.php?rest_route=\/wp\/v2\/pages\/136","targetHints":{"allow":["GET"]}}],"collection":[{"href":"https:\/\/www.texty.santegidio.cz\/index.php?rest_route=\/wp\/v2\/pages"}],"about":[{"href":"https:\/\/www.texty.santegidio.cz\/index.php?rest_route=\/wp\/v2\/types\/page"}],"author":[{"embeddable":true,"href":"https:\/\/www.texty.santegidio.cz\/index.php?rest_route=\/wp\/v2\/users\/1"}],"replies":[{"embeddable":true,"href":"https:\/\/www.texty.santegidio.cz\/index.php?rest_route=%2Fwp%2Fv2%2Fcomments&post=136"}],"version-history":[{"count":1,"href":"https:\/\/www.texty.santegidio.cz\/index.php?rest_route=\/wp\/v2\/pages\/136\/revisions"}],"predecessor-version":[{"id":1306,"href":"https:\/\/www.texty.santegidio.cz\/index.php?rest_route=\/wp\/v2\/pages\/136\/revisions\/1306"}],"up":[{"embeddable":true,"href":"https:\/\/www.texty.santegidio.cz\/index.php?rest_route=\/wp\/v2\/pages\/29"}],"wp:attachment":[{"href":"https:\/\/www.texty.santegidio.cz\/index.php?rest_route=%2Fwp%2Fv2%2Fmedia&parent=136"}],"curies":[{"name":"wp","href":"https:\/\/api.w.org\/{rel}","templated":true}]}}