{"id":132,"date":"2018-12-12T10:15:08","date_gmt":"2018-12-12T09:15:08","guid":{"rendered":"http:\/\/www.texty.santegidio.cz?page_id=132"},"modified":"2018-12-12T10:15:10","modified_gmt":"2018-12-12T09:15:10","slug":"zalm-80","status":"publish","type":"page","link":"https:\/\/www.texty.santegidio.cz\/?page_id=132","title":{"rendered":"\u017dalm 80"},"content":{"rendered":"<p>Rozjasni tv\u00e1\u0159, Pane, a budem zachr\u00e1n\u011bni.<\/p>\n<p>= <sup>2<\/span><\/sup> Usly\u0161 n\u00e1s, ty, jen\u017e pase\u0161 Izrael,\u2020<br \/>Josef\u016fv lid jak svoje st\u00e1do vod\u00ed\u0161,<br \/>ty, kter\u00fd tr\u016fn\u00ed\u0161 nad ch<strong>e<\/strong>rub\u00edny,<\/p>\n<p>= <sup>3<\/span><\/sup> uka\u017e se, a\u0165 t\u011b v pln\u00e9 sl\u00e1v\u011b spat\u0159\u00ed\u2020<br \/>Efra\u00edm, Benjam\u00edn i Manasse!<br \/>Vzbu\u010f svoji moc a zachr<strong>\u00e1<\/strong>nit n\u00e1s posp\u011b\u0161!<\/p>\n<p>&#8211; <sup>4<\/span><\/sup> Povznes n\u00e1s op\u011bt, Pane z\u00e1stup\u016f,<br \/>rozjasni tv\u00e1\u0159, a budem z<strong>a<\/strong>chr\u00e1n\u011bni!<\/p>\n<p>&#8211; <sup>5<\/span><\/sup> Jak dlouho je\u0161t\u011b, Pane z\u00e1stup\u016f,<br \/>m\u00edn\u00ed\u0161 se hn\u011bvat, kdy\u017e tv\u016fj l<strong>i<\/strong>d t\u011b vz\u00fdv\u00e1?<\/p>\n<p>&#8211; <sup>6<\/span><\/sup> Slzav\u00fdm chlebem jsi jej nasytil,<br \/>slzami napojil jej v p<strong>l<\/strong>n\u00e9 m\u00ed\u0159e.<\/p>\n<p>&#8211; <sup>7<\/span><\/sup> Za p\u0159edm\u011bt p\u0159e jsi n\u00e1s dal soused\u016fm,<br \/>a\u017e se n\u00e1m proto nep\u0159\u00e1t<strong>e<\/strong>l\u00e9 sm\u011bj\u00ed.<\/p>\n<p>&#8211; <sup>8<\/span><\/sup> Povznes n\u00e1s op\u011bt, Pane z\u00e1stup\u016f,<br \/>rozjasni tv\u00e1\u0159, a budem z<strong>a<\/strong>chr\u00e1n\u011bni!<\/p>\n<p>&#8211; <sup>9<\/span><\/sup> S\u00e1m r\u00e9vu z Egypta jsi p\u0159enesl,<br \/>s\u00e1m vyhnals pohany a r<strong>\u00e9<\/strong>vu vsadil.<\/p>\n<p>&#8211; <sup>10<\/span><\/sup> S\u00e1m p\u0159ipravil jsi pro ni m\u00edsta dost,<br \/>vko\u0159enila se, zapln<strong>i<\/strong>la zemi.<\/p>\n<p>&#8211; <sup>11<\/span><\/sup> Sv\u00fdm st\u00ednem cel\u00e9 hory pokryla<br \/>a sv\u00fdmi ratolestmi B<strong>o<\/strong>\u017e\u00ed cedry.<\/p>\n<p>&#8211; <sup>12<\/span><\/sup> A\u017e k mo\u0159i vyhnala sv\u00e9 \u00faponky,<br \/>a\u017e k Eufratu sv\u00e9 \u010dil\u00e9 l<strong>e<\/strong>torosty.<\/p>\n<p>&#8211; <sup>13<\/span><\/sup> Pro\u010d jen jsi strhl jej\u00ed ohradu?<br \/>Te\u010f, kdo jde kolem, na n\u00ed hr<strong>o<\/strong>zny sb\u00edr\u00e1,<\/p>\n<p>&#8211; <sup>14<\/span><\/sup> te\u010f kanec divo\u010d\u00e1k ji pusto\u0161\u00ed,<br \/>kdekter\u00e1 poln\u00ed zv\u011b\u0159 se n<strong>a<\/strong> n\u00ed pase.<\/p>\n<p>= <sup>15<\/span><\/sup> Obra\u0165 se, Pane z\u00e1stup\u016f, zas k n\u00e1m!\u2020<br \/>Popat\u0159i z v\u00fd\u0161in nebesk\u00fdch a pohle\u010f!<br \/>Svou p\u00e9\u010d\u00ed se zas <strong>u<\/strong>jmi r\u00e9vy sv\u00e9,<\/p>\n<p>&#8211; <sup>16<\/span><\/sup> zahrady, ji\u017e jsi vys\u00e1zel svou pa\u017e\u00ed,<br \/>v\u00fdhonku, kter\u00fd s\u00e1m js<strong>i<\/strong> vyp\u011bstil.<\/p>\n<p>&#8211; <sup>17<\/span><\/sup> Ti, kdo ji sp\u00e1lili a zni\u010dili,<br \/>a\u0165 zhynou hr\u016fzou, zdrc<strong>e<\/strong>ni tvou tv\u00e1\u0159\u00ed!<\/p>\n<p>&#8211; <sup>18<\/span><\/sup> Chra\u0148 mu\u017ee, jen\u017e je po tv\u00e9 pravici,<br \/>chra\u0148 syna \u010dlov\u011bka, jej\u017e v<strong>y<\/strong>choval sis!<\/p>\n<p>&#8211; <sup>19<\/span><\/sup> O\u017eiv n\u00e1s, nespust\u00edme se t\u011b ji\u017e,<br \/>vz\u00fdvat a chv\u00e1lit bud<strong>e<\/strong>me tv\u00e9 jm\u00e9no!<\/p>\n<p>&#8211; <sup>20<\/span><\/sup> Povznes n\u00e1s op\u011bt, Pane z\u00e1stup\u016f,<br \/>rozjasni tv\u00e1\u0159, a budem z<strong>a<\/strong>chr\u00e1n\u011bni!<\/p>\n","protected":false},"excerpt":{"rendered":"<p>Rozjasni tv\u00e1\u0159, Pane, a budem zachr\u00e1n\u011bni. = 2 Usly\u0161 n\u00e1s, ty, jen\u017e pase\u0161 Izrael,\u2020Josef\u016fv lid jak svoje st\u00e1do vod\u00ed\u0161,ty, kter\u00fd tr\u016fn\u00ed\u0161 nad cherub\u00edny, = 3 uka\u017e se, a\u0165 t\u011b v pln\u00e9 sl\u00e1v\u011b spat\u0159\u00ed\u2020Efra\u00edm, Benjam\u00edn i Manasse!Vzbu\u010f svoji moc a zachr\u00e1nit n\u00e1s posp\u011b\u0161! &#8211; 4 Povznes n\u00e1s op\u011bt, Pane z\u00e1stup\u016f,rozjasni tv\u00e1\u0159, a budem zachr\u00e1n\u011bni! &#8211; 5 &#8230; <a title=\"\u017dalm 80\" class=\"read-more\" href=\"https:\/\/www.texty.santegidio.cz\/?page_id=132\" aria-label=\"More on \u017dalm 80\">Read more<\/a><\/p>\n","protected":false},"author":1,"featured_media":0,"parent":29,"menu_order":0,"comment_status":"closed","ping_status":"closed","template":"","meta":{"_uag_custom_page_level_css":"","jetpack_post_was_ever_published":false,"footnotes":""},"class_list":["post-132","page","type-page","status-publish"],"uagb_featured_image_src":{"full":false,"thumbnail":false,"medium":false,"medium_large":false,"large":false,"1536x1536":false,"2048x2048":false},"uagb_author_info":{"display_name":"Pavel","author_link":"https:\/\/www.texty.santegidio.cz\/?author=1"},"uagb_comment_info":0,"uagb_excerpt":"Rozjasni tv\u00e1\u0159, Pane, a budem zachr\u00e1n\u011bni. = 2 Usly\u0161 n\u00e1s, ty, jen\u017e pase\u0161 Izrael,\u2020Josef\u016fv lid jak svoje st\u00e1do vod\u00ed\u0161,ty, kter\u00fd tr\u016fn\u00ed\u0161 nad cherub\u00edny, = 3 uka\u017e se, a\u0165 t\u011b v pln\u00e9 sl\u00e1v\u011b spat\u0159\u00ed\u2020Efra\u00edm, Benjam\u00edn i Manasse!Vzbu\u010f svoji moc a zachr\u00e1nit n\u00e1s posp\u011b\u0161! &#8211; 4 Povznes n\u00e1s op\u011bt, Pane z\u00e1stup\u016f,rozjasni tv\u00e1\u0159, a budem zachr\u00e1n\u011bni! &#8211; 5&hellip;","jetpack_sharing_enabled":true,"jetpack_shortlink":"https:\/\/wp.me\/PawMsT-28","_links":{"self":[{"href":"https:\/\/www.texty.santegidio.cz\/index.php?rest_route=\/wp\/v2\/pages\/132","targetHints":{"allow":["GET"]}}],"collection":[{"href":"https:\/\/www.texty.santegidio.cz\/index.php?rest_route=\/wp\/v2\/pages"}],"about":[{"href":"https:\/\/www.texty.santegidio.cz\/index.php?rest_route=\/wp\/v2\/types\/page"}],"author":[{"embeddable":true,"href":"https:\/\/www.texty.santegidio.cz\/index.php?rest_route=\/wp\/v2\/users\/1"}],"replies":[{"embeddable":true,"href":"https:\/\/www.texty.santegidio.cz\/index.php?rest_route=%2Fwp%2Fv2%2Fcomments&post=132"}],"version-history":[{"count":1,"href":"https:\/\/www.texty.santegidio.cz\/index.php?rest_route=\/wp\/v2\/pages\/132\/revisions"}],"predecessor-version":[{"id":1302,"href":"https:\/\/www.texty.santegidio.cz\/index.php?rest_route=\/wp\/v2\/pages\/132\/revisions\/1302"}],"up":[{"embeddable":true,"href":"https:\/\/www.texty.santegidio.cz\/index.php?rest_route=\/wp\/v2\/pages\/29"}],"wp:attachment":[{"href":"https:\/\/www.texty.santegidio.cz\/index.php?rest_route=%2Fwp%2Fv2%2Fmedia&parent=132"}],"curies":[{"name":"wp","href":"https:\/\/api.w.org\/{rel}","templated":true}]}}