{"id":126,"date":"2018-12-12T10:15:08","date_gmt":"2018-12-12T09:15:08","guid":{"rendered":"http:\/\/www.texty.santegidio.cz?page_id=126"},"modified":"2018-12-12T10:15:09","modified_gmt":"2018-12-12T09:15:09","slug":"zalm-74","status":"publish","type":"page","link":"https:\/\/www.texty.santegidio.cz\/?page_id=126","title":{"rendered":"\u017dalm 74"},"content":{"rendered":"<p>Neponech, Pane, chud\u00e9 sv\u00e9 v&nbsp;zapomenut\u00ed.<\/p>\n<p>&#8211; <sup>1<\/span><\/sup> Pro\u010d, Bo\u017ee, jsi n\u00e1s u\u017e zavrhl nav\u017edy?<br \/>Pro\u010d k ovc\u00edm tv\u00e9 pastvy pl<strong>a<\/strong>ne tv\u016fj hn\u011bv?<\/p>\n<p>= <sup>2<\/span><\/sup> Bu\u010f pam\u011btliv obce, ji\u017e z\u00edskal sis kdysi,\u2020<br \/>kmene, jej\u017e vykoupils, aby ti pat\u0159il,<br \/>sv\u00e9 hory Si\u00f3n, kde s<strong>\u00ed<\/strong>dlo jsi m\u011bl.<\/p>\n<p>&#8211; <sup>3<\/span><\/sup> Zami\u0159 sv\u00e9 kroky k prad\u00e1vn\u00fdm trosk\u00e1m,<br \/>v tv\u00e9 svatyni nep\u0159\u00edtel zp<strong>u<\/strong>sto\u0161il v\u0161e.<\/p>\n<p>&#8211; <sup>4<\/span><\/sup> Ryk nep\u0159\u00e1tel hu\u010del v tv\u00e9 p\u0159esvat\u00e9 s\u00edni,<br \/>sv\u00e1 znamen\u00ed vzty\u010dili <strong>u<\/strong>prost\u0159ed n\u00ed.<\/p>\n<p>&#8211; <sup>5<\/span><\/sup> \u0158\u00e1dili tak jako ten, kdo si v hou\u0161t\u00ed<br \/>sekyrou chvoj\u00ed n<strong>a<\/strong>sekat jde,<\/p>\n<p>&#8211; <sup>6<\/span><\/sup> ve\u0161ker\u00e9 d\u0159ev\u011bn\u00e9 d\u00edlo a \u0159ezby<br \/>t\u0159\u00ed\u0161tili mlatem <strong>a<\/strong> sekyrou.<\/p>\n<p>&#8211; <sup>7<\/span><\/sup> S\u017eehli tvou svatyni, znesv\u011btili<br \/>stan tv\u00e9ho jm\u00e9na a\u017e d<strong>o<\/strong> z\u00e1klad\u016f.<\/p>\n<p>&#8211; <sup>8<\/span><\/sup> \u0158ekli si: &bdquo;Zni\u010dme jim po cel\u00e9 zemi<br \/>svatyn\u011b Bo\u017e\u00ed a v<strong>y<\/strong>palme je!&ldquo;<\/p>\n<p>&#8211; <sup>9<\/span><\/sup> Jsme bez sv\u00fdch znamen\u00ed, proroka nen\u00ed<br \/>a nikdo z n\u00e1s nev\u00ed, jak dl<strong>ou<\/strong>ho je\u0161t\u011b &#8230;<\/p>\n<p>&#8211; <sup>10<\/span><\/sup> Jak dlouho se, Bo\u017ee, sm\u00ed protivn\u00edk rouhat?<br \/>Nav\u017edy sm\u00ed nep\u0159\u00edtel t<strong>u<\/strong>pit tv\u00e9 jm\u00e9no?<\/p>\n<p>&#8211; <sup>11<\/span><\/sup> Pro\u010d od n\u00e1s odtahuje\u0161 svou ruku,<br \/>nech\u00e1v\u00e1\u0161 v kl\u00edn\u011b sv<strong>ou<\/strong> pravici?<\/p>\n<p>&#8211; <sup>12<\/span><\/sup> V\u017edy\u0165 ty jsi od v\u011bk\u016f, Pane, m\u00fdm kr\u00e1lem,<br \/>jen\u017e skutky sp\u00e1sy na z<strong>e<\/strong>mi kon\u00e1.<\/p>\n<p>&#8211; <sup>13<\/span><\/sup> Ty svou moc\u00ed rozd\u011blil jsi mo\u0159e,<br \/>dra\u010d\u00ed lebky ve v<strong>o<\/strong>d\u00e1ch jsi zdrtil.<\/p>\n<p>&#8211; <sup>14<\/span><\/sup> Leviatanu jsi hlavy t\u0159\u00ed\u0161til,<br \/>\u017eralok\u016fm jsi za p<strong>o<\/strong>krm jej d\u00e1val.<\/p>\n<p>&#8211; <sup>15<\/span><\/sup> Byst\u0159in\u00e1m a z\u0159\u00eddl\u016fm dal jsi trysknout,<br \/>vysu\u0161il jsi mocn\u00e9 v<strong>o<\/strong>dn\u00ed toky.<\/p>\n<p>&#8211; <sup>16<\/span><\/sup> Tv\u016fj je den a tv\u00e1 je noc,<br \/>tv\u00fdm d\u00edlem ust\u00e1len\u00ed m\u011bs<strong>\u00ed<\/strong>ce i slunce.<\/p>\n<p>&#8211; <sup>17<\/span><\/sup> Vymezil jsi v\u0161echny zem\u011bp\u00e1sy,<br \/>stvo\u0159ils letn\u00ed obd<strong>o<\/strong>b\u00ed a zimn\u00ed.<\/p>\n<p>&#8211; <sup>18<\/span><\/sup> Pomni: tup\u00ed t\u011b nep\u0159\u00edtel, Pane,<br \/>nemoudr\u00fd lid tv\u00e9mu jm<strong>\u00e9<\/strong>nu se rouh\u00e1!<\/p>\n<p>&#8211; <sup>19<\/span><\/sup> Du\u0161i, je\u017e vz\u00fdv\u00e1 t\u011b, nevydej smrti,<br \/>chud\u00e9 sv\u00e9 neponech v zap<strong>o<\/strong>menut\u00ed!<\/p>\n<p>&#8211; <sup>20<\/span><\/sup> Do smlouvy pohle\u010f: zem ve v\u0161ech koutech<br \/>plna je ston\u016f a n\u00e1s<strong>i<\/strong>ln\u00fdch skutk\u016f.<\/p>\n<p>&#8211; <sup>21<\/span><\/sup> Utiskl\u00e9 nenech v hanb\u011b a han\u011b,<br \/>nuzn\u00fd a slab\u00fd a\u0165 chv<strong>\u00e1<\/strong>l\u00ed tv\u00e9 jm\u00e9no!<\/p>\n<p>&#8211; <sup>22<\/span><\/sup> Povsta\u0148, Pane, sv\u00e9 v\u011bci se ujmi,<br \/>pamatuj, kterak t\u011b ur<strong>\u00e1<\/strong>\u017e\u00ed bl\u00e1zen!<\/p>\n<p>&#8211; <sup>23<\/span><\/sup> Vzpome\u0148 si na k\u0159ik sv\u00fdch protivn\u00edk\u016f,<br \/>na v\u0159\u00edskot t\u011bch, kdo na t<strong>e<\/strong>be so\u010d\u00ed!<\/p>\n","protected":false},"excerpt":{"rendered":"<p>Neponech, Pane, chud\u00e9 sv\u00e9 v&nbsp;zapomenut\u00ed. &#8211; 1 Pro\u010d, Bo\u017ee, jsi n\u00e1s u\u017e zavrhl nav\u017edy?Pro\u010d k ovc\u00edm tv\u00e9 pastvy plane tv\u016fj hn\u011bv? = 2 Bu\u010f pam\u011btliv obce, ji\u017e z\u00edskal sis kdysi,\u2020kmene, jej\u017e vykoupils, aby ti pat\u0159il,sv\u00e9 hory Si\u00f3n, kde s\u00eddlo jsi m\u011bl. &#8211; 3 Zami\u0159 sv\u00e9 kroky k prad\u00e1vn\u00fdm trosk\u00e1m,v tv\u00e9 svatyni nep\u0159\u00edtel zpusto\u0161il v\u0161e. &#8211; &#8230; <a title=\"\u017dalm 74\" class=\"read-more\" href=\"https:\/\/www.texty.santegidio.cz\/?page_id=126\" aria-label=\"More on \u017dalm 74\">Read more<\/a><\/p>\n","protected":false},"author":1,"featured_media":0,"parent":29,"menu_order":0,"comment_status":"closed","ping_status":"closed","template":"","meta":{"_uag_custom_page_level_css":"","jetpack_post_was_ever_published":false,"footnotes":""},"class_list":["post-126","page","type-page","status-publish"],"uagb_featured_image_src":{"full":false,"thumbnail":false,"medium":false,"medium_large":false,"large":false,"1536x1536":false,"2048x2048":false},"uagb_author_info":{"display_name":"Pavel","author_link":"https:\/\/www.texty.santegidio.cz\/?author=1"},"uagb_comment_info":0,"uagb_excerpt":"Neponech, Pane, chud\u00e9 sv\u00e9 v&nbsp;zapomenut\u00ed. &#8211; 1 Pro\u010d, Bo\u017ee, jsi n\u00e1s u\u017e zavrhl nav\u017edy?Pro\u010d k ovc\u00edm tv\u00e9 pastvy plane tv\u016fj hn\u011bv? = 2 Bu\u010f pam\u011btliv obce, ji\u017e z\u00edskal sis kdysi,\u2020kmene, jej\u017e vykoupils, aby ti pat\u0159il,sv\u00e9 hory Si\u00f3n, kde s\u00eddlo jsi m\u011bl. &#8211; 3 Zami\u0159 sv\u00e9 kroky k prad\u00e1vn\u00fdm trosk\u00e1m,v tv\u00e9 svatyni nep\u0159\u00edtel zpusto\u0161il v\u0161e. &#8211;&hellip;","jetpack_sharing_enabled":true,"jetpack_shortlink":"https:\/\/wp.me\/PawMsT-22","_links":{"self":[{"href":"https:\/\/www.texty.santegidio.cz\/index.php?rest_route=\/wp\/v2\/pages\/126","targetHints":{"allow":["GET"]}}],"collection":[{"href":"https:\/\/www.texty.santegidio.cz\/index.php?rest_route=\/wp\/v2\/pages"}],"about":[{"href":"https:\/\/www.texty.santegidio.cz\/index.php?rest_route=\/wp\/v2\/types\/page"}],"author":[{"embeddable":true,"href":"https:\/\/www.texty.santegidio.cz\/index.php?rest_route=\/wp\/v2\/users\/1"}],"replies":[{"embeddable":true,"href":"https:\/\/www.texty.santegidio.cz\/index.php?rest_route=%2Fwp%2Fv2%2Fcomments&post=126"}],"version-history":[{"count":1,"href":"https:\/\/www.texty.santegidio.cz\/index.php?rest_route=\/wp\/v2\/pages\/126\/revisions"}],"predecessor-version":[{"id":1296,"href":"https:\/\/www.texty.santegidio.cz\/index.php?rest_route=\/wp\/v2\/pages\/126\/revisions\/1296"}],"up":[{"embeddable":true,"href":"https:\/\/www.texty.santegidio.cz\/index.php?rest_route=\/wp\/v2\/pages\/29"}],"wp:attachment":[{"href":"https:\/\/www.texty.santegidio.cz\/index.php?rest_route=%2Fwp%2Fv2%2Fmedia&parent=126"}],"curies":[{"name":"wp","href":"https:\/\/api.w.org\/{rel}","templated":true}]}}