{"id":116,"date":"2018-12-12T10:15:08","date_gmt":"2018-12-12T09:15:08","guid":{"rendered":"http:\/\/www.texty.santegidio.cz?page_id=116"},"modified":"2018-12-12T10:15:09","modified_gmt":"2018-12-12T09:15:09","slug":"zalm-64","status":"publish","type":"page","link":"https:\/\/www.texty.santegidio.cz\/?page_id=116","title":{"rendered":"\u017dalm 64"},"content":{"rendered":"<p>Ka\u017ed\u00fd \u010dlov\u011bk bude mluvit o z\u00e1sahu P\u00e1n\u011b.<\/p>\n<p>&#8211; <sup>2<\/span><\/sup> Usly\u0161, Bo\u017ee, moje na\u0159\u00edk\u00e1n\u00ed,<br \/>p\u0159ed hr\u016fzami nep\u0159<strong>\u00e1<\/strong>tel m\u011b zachra\u0148!<\/p>\n<p>&#8211; <sup>3<\/span><\/sup> Dej mi \u00fakryt p\u0159ed ni\u010demnou sme\u010dkou,<br \/>dor\u00e1\u017een\u00edm t\u011bch, kdo p<strong>\u00e1<\/strong>\u0161ou k\u0159ivdy!<\/p>\n<p>&#8211; <sup>4<\/span><\/sup> Jazyky si brous\u00ed jako me\u010de,<br \/>zl\u00fdmi slovy st\u0159\u00edl<strong>e<\/strong>j\u00ed jak \u0161\u00edpy,<\/p>\n<p>&#8211; <sup>5<\/span><\/sup> ze z\u00e1lohy stihnou nevinn\u00e9ho,<br \/>zas\u00e1hnou ho n\u00e1hle, n<strong>e<\/strong>vid\u011bni.<\/p>\n<p>= <sup>6<\/span><\/sup> Odhodlan\u011b kuj\u00ed zhoubn\u00e9 pl\u00e1ny,\u2020<br \/>kopou j\u00e1my, tajn\u011b kladou l\u00e9\u010dky,<br \/>\u0159\u00edkaj\u00ed si: &bdquo;Kdo n\u00e1s m<strong>\u016f<\/strong>\u017ee vid\u011bt,<\/p>\n<p>= <sup>7<\/span><\/sup> kdo prohl\u00e9dne utajen\u00fd z\u00e1m\u011br?&ldquo;\u2020<br \/>Prohl\u00e9dne ho ten, jen\u017e vid\u00ed na dno,<br \/>do hlubiny \u010dlov\u011bk<strong>o<\/strong>va srdce.<\/p>\n<p>&#8211; <sup>8<\/span><\/sup> B\u016fh je v\u011bru stihne sv\u00fdmi \u0161\u00edpy,<br \/>r\u00e1ny zas\u00e1hnou je zn<strong>e<\/strong>nad\u00e1n\u00ed.<\/p>\n<p>&#8211; <sup>9<\/span><\/sup> D\u00e1 jim padnout za ten jejich jazyk,<br \/>ka\u017ed\u00fd nad nimi jen k<strong>\u00fd<\/strong>vne hlavou.<\/p>\n<p>= <sup>10<\/span><\/sup> V\u0161ichni lid\u00e9 zachv\u011bj\u00ed se b\u00e1zn\u00ed,\u2020<br \/>budou mluvit o z\u00e1sahu P\u00e1n\u011b,<br \/>nebo\u0165 rozpoznaj\u00ed j<strong>e<\/strong>ho d\u00edlo.<\/p>\n<p>= <sup>11<\/span><\/sup> Spravedliv\u00fd raduje se z P\u00e1na,\u2020<br \/>ut\u00edk\u00e1 se k n\u011bmu, j\u00edm se chlub\u00ed<br \/>ka\u017ed\u00fd, kdo je up\u0159\u00edmn<strong>\u00e9<\/strong>ho srdce.<\/p>\n","protected":false},"excerpt":{"rendered":"<p>Ka\u017ed\u00fd \u010dlov\u011bk bude mluvit o z\u00e1sahu P\u00e1n\u011b. &#8211; 2 Usly\u0161, Bo\u017ee, moje na\u0159\u00edk\u00e1n\u00ed,p\u0159ed hr\u016fzami nep\u0159\u00e1tel m\u011b zachra\u0148! &#8211; 3 Dej mi \u00fakryt p\u0159ed ni\u010demnou sme\u010dkou,dor\u00e1\u017een\u00edm t\u011bch, kdo p\u00e1\u0161ou k\u0159ivdy! &#8211; 4 Jazyky si brous\u00ed jako me\u010de,zl\u00fdmi slovy st\u0159\u00edlej\u00ed jak \u0161\u00edpy, &#8211; 5 ze z\u00e1lohy stihnou nevinn\u00e9ho,zas\u00e1hnou ho n\u00e1hle, nevid\u011bni. = 6 Odhodlan\u011b kuj\u00ed zhoubn\u00e9 pl\u00e1ny,\u2020kopou &#8230; <a title=\"\u017dalm 64\" class=\"read-more\" href=\"https:\/\/www.texty.santegidio.cz\/?page_id=116\" aria-label=\"More on \u017dalm 64\">Read more<\/a><\/p>\n","protected":false},"author":1,"featured_media":0,"parent":29,"menu_order":0,"comment_status":"closed","ping_status":"closed","template":"","meta":{"_uag_custom_page_level_css":"","jetpack_post_was_ever_published":false,"footnotes":""},"class_list":["post-116","page","type-page","status-publish"],"uagb_featured_image_src":{"full":false,"thumbnail":false,"medium":false,"medium_large":false,"large":false,"1536x1536":false,"2048x2048":false},"uagb_author_info":{"display_name":"Pavel","author_link":"https:\/\/www.texty.santegidio.cz\/?author=1"},"uagb_comment_info":0,"uagb_excerpt":"Ka\u017ed\u00fd \u010dlov\u011bk bude mluvit o z\u00e1sahu P\u00e1n\u011b. &#8211; 2 Usly\u0161, Bo\u017ee, moje na\u0159\u00edk\u00e1n\u00ed,p\u0159ed hr\u016fzami nep\u0159\u00e1tel m\u011b zachra\u0148! &#8211; 3 Dej mi \u00fakryt p\u0159ed ni\u010demnou sme\u010dkou,dor\u00e1\u017een\u00edm t\u011bch, kdo p\u00e1\u0161ou k\u0159ivdy! &#8211; 4 Jazyky si brous\u00ed jako me\u010de,zl\u00fdmi slovy st\u0159\u00edlej\u00ed jak \u0161\u00edpy, &#8211; 5 ze z\u00e1lohy stihnou nevinn\u00e9ho,zas\u00e1hnou ho n\u00e1hle, nevid\u011bni. = 6 Odhodlan\u011b kuj\u00ed zhoubn\u00e9 pl\u00e1ny,\u2020kopou&hellip;","jetpack_sharing_enabled":true,"jetpack_shortlink":"https:\/\/wp.me\/PawMsT-1S","_links":{"self":[{"href":"https:\/\/www.texty.santegidio.cz\/index.php?rest_route=\/wp\/v2\/pages\/116","targetHints":{"allow":["GET"]}}],"collection":[{"href":"https:\/\/www.texty.santegidio.cz\/index.php?rest_route=\/wp\/v2\/pages"}],"about":[{"href":"https:\/\/www.texty.santegidio.cz\/index.php?rest_route=\/wp\/v2\/types\/page"}],"author":[{"embeddable":true,"href":"https:\/\/www.texty.santegidio.cz\/index.php?rest_route=\/wp\/v2\/users\/1"}],"replies":[{"embeddable":true,"href":"https:\/\/www.texty.santegidio.cz\/index.php?rest_route=%2Fwp%2Fv2%2Fcomments&post=116"}],"version-history":[{"count":1,"href":"https:\/\/www.texty.santegidio.cz\/index.php?rest_route=\/wp\/v2\/pages\/116\/revisions"}],"predecessor-version":[{"id":1286,"href":"https:\/\/www.texty.santegidio.cz\/index.php?rest_route=\/wp\/v2\/pages\/116\/revisions\/1286"}],"up":[{"embeddable":true,"href":"https:\/\/www.texty.santegidio.cz\/index.php?rest_route=\/wp\/v2\/pages\/29"}],"wp:attachment":[{"href":"https:\/\/www.texty.santegidio.cz\/index.php?rest_route=%2Fwp%2Fv2%2Fmedia&parent=116"}],"curies":[{"name":"wp","href":"https:\/\/api.w.org\/{rel}","templated":true}]}}