{"id":107,"date":"2018-12-12T10:15:06","date_gmt":"2018-12-12T09:15:06","guid":{"rendered":"http:\/\/www.texty.santegidio.cz?page_id=107"},"modified":"2018-12-12T10:15:07","modified_gmt":"2018-12-12T09:15:07","slug":"zalm-55","status":"publish","type":"page","link":"https:\/\/www.texty.santegidio.cz\/?page_id=107","title":{"rendered":"\u017dalm 55"},"content":{"rendered":"<p>Vol\u00e1m k&nbsp;tob\u011b, Pane, vysvobo\u010f m\u011b.<\/p>\n<p>&#8211; <sup>2<\/span><\/sup> Naklo\u0148, Bo\u017ee, sluch k m\u00e9 modlitb\u011b,<br \/>nestra\u0148 se m\u00fdch \u00fap\u011bnl<strong>i<\/strong>v\u00fdch proseb,<\/p>\n<p>&#8211; <sup>3<\/span><\/sup> sly\u0161 m\u011b pozorn\u011b a vysly\u0161 m\u011b,<br \/>neklidn\u00fd jsem ve sv\u00e9 skl<strong>\u00ed<\/strong>\u010denosti.<\/p>\n<p>&#8211; <sup>4<\/span><\/sup> Zd\u011b\u0161en\u00fd jsem k\u0159ikem nep\u0159\u00e1tel,<br \/>\u00fatiskem a zlobou b<strong>e<\/strong>zbo\u017en\u00edk\u016f.<br \/>&#8211; Rozpoutali zhoubu proti mn\u011b,<br \/>zu\u0159iv\u011b se na m\u011b <strong>o<\/strong>sopuj\u00ed.<\/p>\n<p>&#8211; <sup>5<\/span><\/sup> Srdce se mi v prsou tetel\u00ed,<br \/>\u00fazkost smrteln\u00e1 m\u011b z<strong>a<\/strong>chv\u00e1tila,<\/p>\n<p>&#8211; <sup>6<\/span><\/sup> pad\u00e1 na m\u011b strach a zd\u011b\u0161en\u00ed,<br \/>le\u017e\u00ed na mn\u011b nev\u00fdsl<strong>o<\/strong>vn\u00e1 hr\u016fza.<\/p>\n<p>&#8211; <sup>7<\/span><\/sup> \u0158\u00edk\u00e1m si: M\u00edt k\u0159\u00eddla holub\u00ed,<br \/>ulet\u011bl bych, a\u017e bych d<strong>o<\/strong>\u0161el klidu.<\/p>\n<p>&#8211; <sup>8<\/span><\/sup> Ulet\u011bl bych r\u00e1d co nejd\u00e1le,<br \/>noclehem bych z\u016fstal n<strong>\u011b<\/strong>kde v pou\u0161ti,<\/p>\n<p>&#8211; <sup>9<\/span><\/sup> vyhledal bych si tam \u00fatulek<br \/>na ochranu p\u0159ed div<strong>o<\/strong>k\u00fdm vichrem,<\/p>\n<p>= <sup>10<\/span><\/sup> p\u0159ed bou\u0159en\u00edm jejich hrdel, Pane,\u2020<br \/>p\u0159ed z\u00e1plavou jejich jazyk\u016f.<br \/>V m\u011bst\u011b vid\u00edm n\u00e1s<strong>i<\/strong>l\u00ed a sv\u00e1ry;<\/p>\n<p>= <sup>11<\/span><\/sup> ve dne v noci brous\u00ed kolem n\u011bj,\u2020<br \/>po hradebn\u00edch zdech je obch\u00e1zej\u00ed,<br \/>uvnit\u0159 vl\u00e1dne bezpr<strong>\u00e1<\/strong>v\u00ed a \u00fatisk.<\/p>\n<p>&#8211; <sup>12<\/span><\/sup> V jeho st\u0159edu \u010d\u00edh\u00e1 z\u00e1huba,<br \/>klam a k\u0159ivda z tr\u017ei\u0161\u0165 n<strong>e<\/strong>odch\u00e1z\u00ed.<\/p>\n<p>&#8211; <sup>13<\/span><\/sup> Kdyby potupil m\u011b nep\u0159\u00edtel,<br \/>k\u0159ivdu od n\u011bj dov<strong>e<\/strong>dl bych sn\u00e1\u0161et;<br \/>&#8211; kdyby na mne tak zle dot\u00edral,<br \/>kdo m\u011b nen\u00e1vid\u00ed, sch<strong>o<\/strong>val bych se.<\/p>\n<p>&#8211; <sup>14<\/span><\/sup> Tys v\u0161ak to byl, \u010dlov\u011bk jako j\u00e1,<br \/>ty, m\u016fj bl\u00edzk\u00fd d\u016fv<strong>\u011b<\/strong>rn\u00edk a p\u0159\u00edtel!<\/p>\n<p>&#8211; <sup>15<\/span><\/sup> Slasti p\u0159\u00e1telstv\u00ed jsme ty a j\u00e1<br \/>pro\u017e\u00edvali spolu v d<strong>o<\/strong>m\u011b P\u00e1n\u011b.<br \/>[- <\/span><\/span><sup>16<\/span><\/sup><\/span><\/span> K\u00e9\u017e je za to zmatek posedne,<\/span><\/span><br \/>k\u00e9\u017e jsou za to uchv\u00e1ceni smrt\u00ed.<\/span><\/span><br \/>&#8211;<\/span> K\u00e9\u017e jdou do podsv\u011bt\u00ed za\u017eiva,<\/span><\/span><br \/>kdy\u017e je v jejich domech plno zloby!]<\/span><\/span><\/p>\n<p>&#8211; <sup>17<\/span><\/sup> J\u00e1 v\u0161ak budu k P\u00e1nu volat d\u00e1l,<br \/>P\u00e1n se smiluje a z<strong>a<\/strong>chr\u00e1n\u00ed m\u011b.<\/p>\n<p>&#8211; <sup>18<\/span><\/sup> Ve\u010der, za jitra i v&nbsp;poledne<br \/>budu kv\u00edlet zhloubi sv<strong>\u00e9<\/strong>ho srdce.<\/p>\n<p>&#8211; <sup>19<\/span><\/sup> On m\u00e9 na\u0159\u00edk\u00e1n\u00ed vysly\u0161\u00ed,<br \/>vysvobod\u00ed pok<strong>o<\/strong>jn\u011b m\u016fj \u017eivot.<br \/>&#8211; Nebo\u0165 lu\u010di\u0161tn\u00edci bl\u00edzko jsou,<br \/>z bl\u00edzkosti u\u017e na mne d<strong>o<\/strong>t\u00edraj\u00ed.<\/p>\n<p>= <sup>20<\/span><\/sup> Ismael a Jaalam a ti, kte\u0159\u00ed ob\u00fdvaj\u00ed na v\u00fdchod\u011b;\u2020<br \/>na v\u00fdm\u011bnu nep\u0159istupuj\u00ed,<br \/>nebo\u0165 odm\u00edtaj\u00ed b<strong>\u00e1<\/strong>t se Boha.<\/p>\n<p>&#8211; <sup>21<\/span><\/sup> Ka\u017ed\u00fd proti jeho p\u0159\u00e1tel\u016fm<br \/>zdv\u00edh\u00e1 ruku, znesv\u011bc<strong>u<\/strong>je smlouvu.<\/p>\n<p>&#8211; <sup>22<\/span><\/sup> Nad m\u00e1slo je hlad\u0161\u00ed jeho \u0159e\u010d,<br \/>ale v srdci hot<strong>o<\/strong>v\u00ed se k boji;<br \/>&#8211; slova lahodn\u011bj\u0161\u00ed oleje,<br \/>ale jsou to vytas<strong>e<\/strong>n\u00e9 me\u010de.<\/p>\n<p>= <sup>23<\/span><\/sup> Sv\u011b\u0159 se P\u00e1nu ve sv\u00e9 nesn\u00e1zi,\u2020<br \/>on t\u011b zachov\u00e1 a nedopust\u00ed,<br \/>aby spravedliv\u00fd p<strong>a<\/strong>dl nav\u017edy.<\/p>\n<p>&#8211; <sup>24<\/span><\/sup> Je v\u0161ak, Pane, svrhne\u0161 do hrobu,<br \/>\u017ee se mu\u017ei krv<strong>a<\/strong>v\u00ed a lstiv\u00ed<br \/>&#8211; nedo\u017eij\u00ed p\u016flky \u017eivota!<br \/>Kde\u017eto j\u00e1 jen v tebe d<strong>\u016f<\/strong>v\u011b\u0159uji.<\/p>\n","protected":false},"excerpt":{"rendered":"<p>Vol\u00e1m k&nbsp;tob\u011b, Pane, vysvobo\u010f m\u011b. &#8211; 2 Naklo\u0148, Bo\u017ee, sluch k m\u00e9 modlitb\u011b,nestra\u0148 se m\u00fdch \u00fap\u011bnliv\u00fdch proseb, &#8211; 3 sly\u0161 m\u011b pozorn\u011b a vysly\u0161 m\u011b,neklidn\u00fd jsem ve sv\u00e9 skl\u00ed\u010denosti. &#8211; 4 Zd\u011b\u0161en\u00fd jsem k\u0159ikem nep\u0159\u00e1tel,\u00fatiskem a zlobou bezbo\u017en\u00edk\u016f.&#8211; Rozpoutali zhoubu proti mn\u011b,zu\u0159iv\u011b se na m\u011b osopuj\u00ed. &#8211; 5 Srdce se mi v prsou tetel\u00ed,\u00fazkost smrteln\u00e1 &#8230; <a title=\"\u017dalm 55\" class=\"read-more\" href=\"https:\/\/www.texty.santegidio.cz\/?page_id=107\" aria-label=\"More on \u017dalm 55\">Read more<\/a><\/p>\n","protected":false},"author":1,"featured_media":0,"parent":29,"menu_order":0,"comment_status":"closed","ping_status":"closed","template":"","meta":{"_uag_custom_page_level_css":"","jetpack_post_was_ever_published":false,"footnotes":""},"class_list":["post-107","page","type-page","status-publish"],"uagb_featured_image_src":{"full":false,"thumbnail":false,"medium":false,"medium_large":false,"large":false,"1536x1536":false,"2048x2048":false},"uagb_author_info":{"display_name":"Pavel","author_link":"https:\/\/www.texty.santegidio.cz\/?author=1"},"uagb_comment_info":0,"uagb_excerpt":"Vol\u00e1m k&nbsp;tob\u011b, Pane, vysvobo\u010f m\u011b. &#8211; 2 Naklo\u0148, Bo\u017ee, sluch k m\u00e9 modlitb\u011b,nestra\u0148 se m\u00fdch \u00fap\u011bnliv\u00fdch proseb, &#8211; 3 sly\u0161 m\u011b pozorn\u011b a vysly\u0161 m\u011b,neklidn\u00fd jsem ve sv\u00e9 skl\u00ed\u010denosti. &#8211; 4 Zd\u011b\u0161en\u00fd jsem k\u0159ikem nep\u0159\u00e1tel,\u00fatiskem a zlobou bezbo\u017en\u00edk\u016f.&#8211; Rozpoutali zhoubu proti mn\u011b,zu\u0159iv\u011b se na m\u011b osopuj\u00ed. &#8211; 5 Srdce se mi v prsou tetel\u00ed,\u00fazkost smrteln\u00e1&hellip;","jetpack_sharing_enabled":true,"jetpack_shortlink":"https:\/\/wp.me\/PawMsT-1J","_links":{"self":[{"href":"https:\/\/www.texty.santegidio.cz\/index.php?rest_route=\/wp\/v2\/pages\/107","targetHints":{"allow":["GET"]}}],"collection":[{"href":"https:\/\/www.texty.santegidio.cz\/index.php?rest_route=\/wp\/v2\/pages"}],"about":[{"href":"https:\/\/www.texty.santegidio.cz\/index.php?rest_route=\/wp\/v2\/types\/page"}],"author":[{"embeddable":true,"href":"https:\/\/www.texty.santegidio.cz\/index.php?rest_route=\/wp\/v2\/users\/1"}],"replies":[{"embeddable":true,"href":"https:\/\/www.texty.santegidio.cz\/index.php?rest_route=%2Fwp%2Fv2%2Fcomments&post=107"}],"version-history":[{"count":1,"href":"https:\/\/www.texty.santegidio.cz\/index.php?rest_route=\/wp\/v2\/pages\/107\/revisions"}],"predecessor-version":[{"id":1277,"href":"https:\/\/www.texty.santegidio.cz\/index.php?rest_route=\/wp\/v2\/pages\/107\/revisions\/1277"}],"up":[{"embeddable":true,"href":"https:\/\/www.texty.santegidio.cz\/index.php?rest_route=\/wp\/v2\/pages\/29"}],"wp:attachment":[{"href":"https:\/\/www.texty.santegidio.cz\/index.php?rest_route=%2Fwp%2Fv2%2Fmedia&parent=107"}],"curies":[{"name":"wp","href":"https:\/\/api.w.org\/{rel}","templated":true}]}}