{"id":106,"date":"2018-12-12T10:15:06","date_gmt":"2018-12-12T09:15:06","guid":{"rendered":"http:\/\/www.texty.santegidio.cz?page_id=106"},"modified":"2018-12-12T10:15:07","modified_gmt":"2018-12-12T09:15:07","slug":"zalm-54","status":"publish","type":"page","link":"https:\/\/www.texty.santegidio.cz\/?page_id=106","title":{"rendered":"\u017dalm 54"},"content":{"rendered":"<p>Z&nbsp;ka\u017ed\u00e9 t\u00edsn\u011b, Pane, jsi m\u011b vyprostil.<\/p>\n<p>&#8211; <sup>3<\/span><\/sup> Bo\u017ee, pro sv\u00e9 jm\u00e9no m\u011b zachra\u0148,<br \/>svou moc\u00ed zj<strong>e<\/strong>dnej mi pr\u00e1vo!<\/p>\n<p>&#8211; <sup>4<\/span><\/sup> Bo\u017ee, vysly\u0161 modlitbu moji,<br \/>pop\u0159ej sl<strong>u<\/strong>chu m\u00fdm slov\u016fm!<\/p>\n<p>= <sup>5<\/span><\/sup> Nebo\u0165 povstali proti mn\u011b zpupn\u00ed,\u2020<br \/>vzpurn\u00ed mi o \u017eivot ukl\u00e1daj\u00ed,<br \/>na Boha neb<strong>e<\/strong>rou ohled.<\/p>\n<p>&#8211; <sup>6<\/span><\/sup> A ejhle, B\u016fh je m\u00fdm pomocn\u00edkem,<br \/>P\u00e1n mi zach<strong>o<\/strong>val \u017eivot.<br \/>[- <\/span><\/span><sup>7<\/span><\/sup><\/span><\/span> Pohromou stihni m\u00e9 odp\u016frce, Pane,<\/span><\/span><br \/>pro svoji v\u011brnost je zahla\u010f!]<\/span><\/span><\/p>\n<p>&#8211; <sup>8<\/span><\/sup> Radostn\u011b vzd\u00e1m ti ob\u011b\u0165 a chv\u00e1lu<br \/>pro tv\u00e9 jm<strong>\u00e9<\/strong>no tak dobr\u00e9.<\/p>\n<p>&#8211; <sup>9<\/span><\/sup> V\u017edy\u0165 P\u00e1n m\u011b vyprostil z ka\u017ed\u00e9 t\u00edsn\u011b,<br \/>k odp\u016frc\u016fm pohl<strong>\u00ed<\/strong>\u017e\u00edm svrchu.<\/p>\n","protected":false},"excerpt":{"rendered":"<p>Z&nbsp;ka\u017ed\u00e9 t\u00edsn\u011b, Pane, jsi m\u011b vyprostil. &#8211; 3 Bo\u017ee, pro sv\u00e9 jm\u00e9no m\u011b zachra\u0148,svou moc\u00ed zjednej mi pr\u00e1vo! &#8211; 4 Bo\u017ee, vysly\u0161 modlitbu moji,pop\u0159ej sluchu m\u00fdm slov\u016fm! = 5 Nebo\u0165 povstali proti mn\u011b zpupn\u00ed,\u2020vzpurn\u00ed mi o \u017eivot ukl\u00e1daj\u00ed,na Boha neberou ohled. &#8211; 6 A ejhle, B\u016fh je m\u00fdm pomocn\u00edkem,P\u00e1n mi zachoval \u017eivot.[- 7 Pohromou stihni &#8230; <a title=\"\u017dalm 54\" class=\"read-more\" href=\"https:\/\/www.texty.santegidio.cz\/?page_id=106\" aria-label=\"More on \u017dalm 54\">Read more<\/a><\/p>\n","protected":false},"author":1,"featured_media":0,"parent":29,"menu_order":0,"comment_status":"closed","ping_status":"closed","template":"","meta":{"_uag_custom_page_level_css":"","jetpack_post_was_ever_published":false,"footnotes":""},"class_list":["post-106","page","type-page","status-publish"],"uagb_featured_image_src":{"full":false,"thumbnail":false,"medium":false,"medium_large":false,"large":false,"1536x1536":false,"2048x2048":false},"uagb_author_info":{"display_name":"Pavel","author_link":"https:\/\/www.texty.santegidio.cz\/?author=1"},"uagb_comment_info":0,"uagb_excerpt":"Z&nbsp;ka\u017ed\u00e9 t\u00edsn\u011b, Pane, jsi m\u011b vyprostil. &#8211; 3 Bo\u017ee, pro sv\u00e9 jm\u00e9no m\u011b zachra\u0148,svou moc\u00ed zjednej mi pr\u00e1vo! &#8211; 4 Bo\u017ee, vysly\u0161 modlitbu moji,pop\u0159ej sluchu m\u00fdm slov\u016fm! = 5 Nebo\u0165 povstali proti mn\u011b zpupn\u00ed,\u2020vzpurn\u00ed mi o \u017eivot ukl\u00e1daj\u00ed,na Boha neberou ohled. &#8211; 6 A ejhle, B\u016fh je m\u00fdm pomocn\u00edkem,P\u00e1n mi zachoval \u017eivot.[- 7 Pohromou stihni&hellip;","jetpack_sharing_enabled":true,"jetpack_shortlink":"https:\/\/wp.me\/PawMsT-1I","_links":{"self":[{"href":"https:\/\/www.texty.santegidio.cz\/index.php?rest_route=\/wp\/v2\/pages\/106","targetHints":{"allow":["GET"]}}],"collection":[{"href":"https:\/\/www.texty.santegidio.cz\/index.php?rest_route=\/wp\/v2\/pages"}],"about":[{"href":"https:\/\/www.texty.santegidio.cz\/index.php?rest_route=\/wp\/v2\/types\/page"}],"author":[{"embeddable":true,"href":"https:\/\/www.texty.santegidio.cz\/index.php?rest_route=\/wp\/v2\/users\/1"}],"replies":[{"embeddable":true,"href":"https:\/\/www.texty.santegidio.cz\/index.php?rest_route=%2Fwp%2Fv2%2Fcomments&post=106"}],"version-history":[{"count":1,"href":"https:\/\/www.texty.santegidio.cz\/index.php?rest_route=\/wp\/v2\/pages\/106\/revisions"}],"predecessor-version":[{"id":1276,"href":"https:\/\/www.texty.santegidio.cz\/index.php?rest_route=\/wp\/v2\/pages\/106\/revisions\/1276"}],"up":[{"embeddable":true,"href":"https:\/\/www.texty.santegidio.cz\/index.php?rest_route=\/wp\/v2\/pages\/29"}],"wp:attachment":[{"href":"https:\/\/www.texty.santegidio.cz\/index.php?rest_route=%2Fwp%2Fv2%2Fmedia&parent=106"}],"curies":[{"name":"wp","href":"https:\/\/api.w.org\/{rel}","templated":true}]}}