{"id":1043,"date":"2018-10-10T14:09:44","date_gmt":"2018-10-10T12:09:44","guid":{"rendered":"http:\/\/www.texty.santegidio.cz?page_id=1043"},"modified":"2018-10-10T14:09:44","modified_gmt":"2018-10-10T12:09:44","slug":"trisaghion","status":"publish","type":"page","link":"https:\/\/www.texty.santegidio.cz\/?page_id=1043","title":{"rendered":"Trisaghion"},"content":{"rendered":"<p>P\u0159ijmi, Pane,<br \/> tuto ve\u010dern&iacute; modlitbu,<br \/> na sklonku dne,<br \/> p\u0159ed temnotami h\u0159&iacute;chu,<br \/> noc&iacute; tohoto sv\u011bta;<br \/> z\u016fsta\u0148 s&nbsp;n&aacute;mi,<br \/> nebo\u0165 se p\u0159ipozd&iacute;v&aacute;<br \/> a&nbsp;kon\u010d&iacute; den,<br \/> ty, kter&yacute; jsi svat&eacute; sv\u011btlo,<br \/> radostn&eacute; a&nbsp;nekone\u010dn&eacute;.<\/p>\n<p> Bo\u017ee svat&yacute;, svat&yacute;, siln&yacute;,<br \/> svat&yacute; a&nbsp;nesmrteln&yacute;, smiluj se nad n&aacute;mi.<\/p>\n<p> Bo\u017ee svat&yacute;, svat&yacute;, siln&yacute;,<br \/> svat&yacute; a&nbsp;nesmrteln&yacute;, smiluj se nad n&aacute;mi.<\/p>\n<p> Bo\u017ee svat&yacute;, svat&yacute;, siln&yacute;,<br \/> svat&yacute; a&nbsp;nesmrteln&yacute;, smiluj se nad n&aacute;mi.<\/p>\n<p> Sl&aacute;va Otci, i&nbsp;Synu, i&nbsp;Duchu svat&eacute;mu,<br \/> nyn&iacute; i&nbsp;v\u017edycky a&nbsp;na v\u011bky v\u011bk\u016f.<br \/> Amen.<\/p>\n<p> Svat&aacute; Trojice, smiluj se nad n&aacute;mi.<br \/> Pane, p\u0159ijmi zahlazen&iacute; na&scaron;eho h\u0159&iacute;chu,<br \/> Pane, odpus\u0165 n&aacute;m na&scaron;e nepravosti.<br \/> Svat&yacute;, ochra\u0148uj n&aacute;s,<br \/> uzdrav na&scaron;e neduhy.<\/p>\n<p> Pane, smiluj se,<br \/> Pane, smiluj se,<br \/> Pane, smiluj se.<\/p>\n<p> Sl&aacute;va Otci, i&nbsp;Synu i&nbsp;Duchu svat&eacute;mu, <br \/> nyn&iacute; i&nbsp;v\u017edycky a&nbsp;na v\u011bky v\u011bk\u016f. <br \/> Amen.<\/p>\n","protected":false},"excerpt":{"rendered":"<p>P\u0159ijmi, Pane, tuto ve\u010dern&iacute; modlitbu, na sklonku dne, p\u0159ed temnotami h\u0159&iacute;chu, noc&iacute; tohoto sv\u011bta; z\u016fsta\u0148 s&nbsp;n&aacute;mi, nebo\u0165 se p\u0159ipozd&iacute;v&aacute; a&nbsp;kon\u010d&iacute; den, ty, kter&yacute; jsi svat&eacute; sv\u011btlo, radostn&eacute; a&nbsp;nekone\u010dn&eacute;. Bo\u017ee svat&yacute;, svat&yacute;, siln&yacute;, svat&yacute; a&nbsp;nesmrteln&yacute;, smiluj se nad n&aacute;mi. Bo\u017ee svat&yacute;, svat&yacute;, siln&yacute;, svat&yacute; a&nbsp;nesmrteln&yacute;, smiluj se nad n&aacute;mi. Bo\u017ee svat&yacute;, svat&yacute;, siln&yacute;, svat&yacute; a&nbsp;nesmrteln&yacute;, smiluj &#8230; <a title=\"Trisaghion\" class=\"read-more\" href=\"https:\/\/www.texty.santegidio.cz\/?page_id=1043\" aria-label=\"More on Trisaghion\">Read more<\/a><\/p>\n","protected":false},"author":1,"featured_media":0,"parent":708,"menu_order":0,"comment_status":"open","ping_status":"open","template":"","meta":{"_uag_custom_page_level_css":"","jetpack_post_was_ever_published":false,"footnotes":""},"class_list":["post-1043","page","type-page","status-publish"],"uagb_featured_image_src":{"full":false,"thumbnail":false,"medium":false,"medium_large":false,"large":false,"1536x1536":false,"2048x2048":false},"uagb_author_info":{"display_name":"Pavel","author_link":"https:\/\/www.texty.santegidio.cz\/?author=1"},"uagb_comment_info":0,"uagb_excerpt":"P\u0159ijmi, Pane, tuto ve\u010dern&iacute; modlitbu, na sklonku dne, p\u0159ed temnotami h\u0159&iacute;chu, noc&iacute; tohoto sv\u011bta; z\u016fsta\u0148 s&nbsp;n&aacute;mi, nebo\u0165 se p\u0159ipozd&iacute;v&aacute; a&nbsp;kon\u010d&iacute; den, ty, kter&yacute; jsi svat&eacute; sv\u011btlo, radostn&eacute; a&nbsp;nekone\u010dn&eacute;. Bo\u017ee svat&yacute;, svat&yacute;, siln&yacute;, svat&yacute; a&nbsp;nesmrteln&yacute;, smiluj se nad n&aacute;mi. Bo\u017ee svat&yacute;, svat&yacute;, siln&yacute;, svat&yacute; a&nbsp;nesmrteln&yacute;, smiluj se nad n&aacute;mi. Bo\u017ee svat&yacute;, svat&yacute;, siln&yacute;, svat&yacute; a&nbsp;nesmrteln&yacute;, smiluj&hellip;","jetpack_sharing_enabled":true,"jetpack_shortlink":"https:\/\/wp.me\/PawMsT-gP","_links":{"self":[{"href":"https:\/\/www.texty.santegidio.cz\/index.php?rest_route=\/wp\/v2\/pages\/1043","targetHints":{"allow":["GET"]}}],"collection":[{"href":"https:\/\/www.texty.santegidio.cz\/index.php?rest_route=\/wp\/v2\/pages"}],"about":[{"href":"https:\/\/www.texty.santegidio.cz\/index.php?rest_route=\/wp\/v2\/types\/page"}],"author":[{"embeddable":true,"href":"https:\/\/www.texty.santegidio.cz\/index.php?rest_route=\/wp\/v2\/users\/1"}],"replies":[{"embeddable":true,"href":"https:\/\/www.texty.santegidio.cz\/index.php?rest_route=%2Fwp%2Fv2%2Fcomments&post=1043"}],"version-history":[{"count":0,"href":"https:\/\/www.texty.santegidio.cz\/index.php?rest_route=\/wp\/v2\/pages\/1043\/revisions"}],"up":[{"embeddable":true,"href":"https:\/\/www.texty.santegidio.cz\/index.php?rest_route=\/wp\/v2\/pages\/708"}],"wp:attachment":[{"href":"https:\/\/www.texty.santegidio.cz\/index.php?rest_route=%2Fwp%2Fv2%2Fmedia&parent=1043"}],"curies":[{"name":"wp","href":"https:\/\/api.w.org\/{rel}","templated":true}]}}