{"id":1034,"date":"2018-10-10T14:09:44","date_gmt":"2018-10-10T12:09:44","guid":{"rendered":"http:\/\/www.texty.santegidio.cz?page_id=1034"},"modified":"2018-10-10T14:09:44","modified_gmt":"2018-10-10T12:09:44","slug":"modlitba-s-matkou-bozi-za-zemrele","status":"publish","type":"page","link":"https:\/\/www.texty.santegidio.cz\/?page_id=1034","title":{"rendered":"Modlitba s Matkou Bo\u017e\u00ed za zem\u0159el\u00e9"},"content":{"rendered":"<p>Pane Je\u017e&iacute;&scaron;i,<br \/> kter&yacute; jsi vzal do sv&yacute;ch rukou<br \/> slab&yacute; \u017eivot sv&eacute; Matky,<br \/> aby se zrodila v&nbsp;nebes&iacute;ch,<br \/> p\u0159ijmi dnes toto tv&eacute; d&iacute;t\u011b,<br \/> pozvedni je ze st&iacute;nu smrti<br \/> a&nbsp;p\u0159ive\u010f je k&nbsp;sob\u011b,<br \/> aby \u017eilo v&nbsp;tv&eacute;m dom\u011b<br \/> sv\u011btla a&nbsp;pokoje.<br \/> Ty, Pane,<br \/> kter&yacute; n&aacute;s miluje&scaron; v\u011b\u010dnou l&aacute;skou<br \/> a&nbsp;chce&scaron;, aby nikdo nezahynul,<br \/> pamatuj na n\u011b a&nbsp;na v&scaron;echny<br \/> ve sv&eacute;m kr&aacute;lovstv&iacute;.<br \/> Amen.<\/p>\n","protected":false},"excerpt":{"rendered":"<p>Pane Je\u017e&iacute;&scaron;i, kter&yacute; jsi vzal do sv&yacute;ch rukou slab&yacute; \u017eivot sv&eacute; Matky, aby se zrodila v&nbsp;nebes&iacute;ch, p\u0159ijmi dnes toto tv&eacute; d&iacute;t\u011b, pozvedni je ze st&iacute;nu smrti a&nbsp;p\u0159ive\u010f je k&nbsp;sob\u011b, aby \u017eilo v&nbsp;tv&eacute;m dom\u011b sv\u011btla a&nbsp;pokoje. Ty, Pane, kter&yacute; n&aacute;s miluje&scaron; v\u011b\u010dnou l&aacute;skou a&nbsp;chce&scaron;, aby nikdo nezahynul, pamatuj na n\u011b a&nbsp;na v&scaron;echny ve sv&eacute;m kr&aacute;lovstv&iacute;. Amen.<\/p>\n","protected":false},"author":1,"featured_media":0,"parent":706,"menu_order":0,"comment_status":"open","ping_status":"open","template":"","meta":{"_uag_custom_page_level_css":"","jetpack_post_was_ever_published":false,"footnotes":""},"class_list":["post-1034","page","type-page","status-publish"],"uagb_featured_image_src":{"full":false,"thumbnail":false,"medium":false,"medium_large":false,"large":false,"1536x1536":false,"2048x2048":false},"uagb_author_info":{"display_name":"Pavel","author_link":"https:\/\/www.texty.santegidio.cz\/?author=1"},"uagb_comment_info":0,"uagb_excerpt":"Pane Je\u017e&iacute;&scaron;i, kter&yacute; jsi vzal do sv&yacute;ch rukou slab&yacute; \u017eivot sv&eacute; Matky, aby se zrodila v&nbsp;nebes&iacute;ch, p\u0159ijmi dnes toto tv&eacute; d&iacute;t\u011b, pozvedni je ze st&iacute;nu smrti a&nbsp;p\u0159ive\u010f je k&nbsp;sob\u011b, aby \u017eilo v&nbsp;tv&eacute;m dom\u011b sv\u011btla a&nbsp;pokoje. Ty, Pane, kter&yacute; n&aacute;s miluje&scaron; v\u011b\u010dnou l&aacute;skou a&nbsp;chce&scaron;, aby nikdo nezahynul, pamatuj na n\u011b a&nbsp;na v&scaron;echny ve sv&eacute;m kr&aacute;lovstv&iacute;. Amen.","jetpack_sharing_enabled":true,"jetpack_shortlink":"https:\/\/wp.me\/PawMsT-gG","_links":{"self":[{"href":"https:\/\/www.texty.santegidio.cz\/index.php?rest_route=\/wp\/v2\/pages\/1034","targetHints":{"allow":["GET"]}}],"collection":[{"href":"https:\/\/www.texty.santegidio.cz\/index.php?rest_route=\/wp\/v2\/pages"}],"about":[{"href":"https:\/\/www.texty.santegidio.cz\/index.php?rest_route=\/wp\/v2\/types\/page"}],"author":[{"embeddable":true,"href":"https:\/\/www.texty.santegidio.cz\/index.php?rest_route=\/wp\/v2\/users\/1"}],"replies":[{"embeddable":true,"href":"https:\/\/www.texty.santegidio.cz\/index.php?rest_route=%2Fwp%2Fv2%2Fcomments&post=1034"}],"version-history":[{"count":0,"href":"https:\/\/www.texty.santegidio.cz\/index.php?rest_route=\/wp\/v2\/pages\/1034\/revisions"}],"up":[{"embeddable":true,"href":"https:\/\/www.texty.santegidio.cz\/index.php?rest_route=\/wp\/v2\/pages\/706"}],"wp:attachment":[{"href":"https:\/\/www.texty.santegidio.cz\/index.php?rest_route=%2Fwp%2Fv2%2Fmedia&parent=1034"}],"curies":[{"name":"wp","href":"https:\/\/api.w.org\/{rel}","templated":true}]}}