{"id":1022,"date":"2018-10-10T14:09:34","date_gmt":"2018-10-10T12:09:34","guid":{"rendered":"http:\/\/www.texty.santegidio.cz?page_id=1022"},"modified":"2018-10-10T14:09:34","modified_gmt":"2018-10-10T12:09:34","slug":"hymnus-k-svatemu-jilji","status":"publish","type":"page","link":"https:\/\/www.texty.santegidio.cz\/?page_id=1022","title":{"rendered":"Hymnus k svat\u00e9mu Jilj\u00ed"},"content":{"rendered":"<p>&Oacute;&nbsp;svat&yacute; Jilj&iacute;,<br \/> p\u0159i&scaron;el jsi z&nbsp;V&yacute;chodu a\u017e k&nbsp;n&aacute;m,<br \/> abys sv\u011bd\u010dil o&nbsp;radosti Evangelia<br \/> modlitbou a&nbsp;p\u0159&aacute;telstv&iacute;m<br \/> k&nbsp;tomu, kdo je chud&yacute;, nemocn&yacute; a&nbsp;bezbrann&yacute;.<br \/> &nbsp;<br \/> N&aacute;sleduj&iacute;ce tv&eacute;ho p\u0159&iacute;kladu<br \/> se mnoz&iacute; setkali s&nbsp;P&aacute;nem<br \/> a&nbsp;zamilovali si nejchud&scaron;&iacute;.<br \/> &nbsp;<br \/> &Oacute;&nbsp;blahoslaven&yacute; Jilj&iacute;, pomoz n&aacute;m<br \/> v&nbsp;t\u011b\u017ekostech \u017eivota<br \/> naj&iacute;t &uacute;t\u011bchu<br \/> v&nbsp;bl&iacute;zkosti P&aacute;na<br \/> a&nbsp;v&nbsp;p\u0159&aacute;telstv&iacute; jeho svat&yacute;ch.<br \/> Nyn&iacute; i&nbsp;v\u017edycky.<br \/> Amen.<\/p>\n<p><\/p>\n","protected":false},"excerpt":{"rendered":"<p>&Oacute;&nbsp;svat&yacute; Jilj&iacute;, p\u0159i&scaron;el jsi z&nbsp;V&yacute;chodu a\u017e k&nbsp;n&aacute;m, abys sv\u011bd\u010dil o&nbsp;radosti Evangelia modlitbou a&nbsp;p\u0159&aacute;telstv&iacute;m k&nbsp;tomu, kdo je chud&yacute;, nemocn&yacute; a&nbsp;bezbrann&yacute;. &nbsp; N&aacute;sleduj&iacute;ce tv&eacute;ho p\u0159&iacute;kladu se mnoz&iacute; setkali s&nbsp;P&aacute;nem a&nbsp;zamilovali si nejchud&scaron;&iacute;. &nbsp; &Oacute;&nbsp;blahoslaven&yacute; Jilj&iacute;, pomoz n&aacute;m v&nbsp;t\u011b\u017ekostech \u017eivota naj&iacute;t &uacute;t\u011bchu v&nbsp;bl&iacute;zkosti P&aacute;na a&nbsp;v&nbsp;p\u0159&aacute;telstv&iacute; jeho svat&yacute;ch. Nyn&iacute; i&nbsp;v\u017edycky. Amen.<\/p>\n","protected":false},"author":1,"featured_media":0,"parent":704,"menu_order":0,"comment_status":"open","ping_status":"open","template":"","meta":{"_uag_custom_page_level_css":"","jetpack_post_was_ever_published":false,"footnotes":""},"class_list":["post-1022","page","type-page","status-publish"],"uagb_featured_image_src":{"full":false,"thumbnail":false,"medium":false,"medium_large":false,"large":false,"1536x1536":false,"2048x2048":false},"uagb_author_info":{"display_name":"Pavel","author_link":"https:\/\/www.texty.santegidio.cz\/?author=1"},"uagb_comment_info":0,"uagb_excerpt":"&Oacute;&nbsp;svat&yacute; Jilj&iacute;, p\u0159i&scaron;el jsi z&nbsp;V&yacute;chodu a\u017e k&nbsp;n&aacute;m, abys sv\u011bd\u010dil o&nbsp;radosti Evangelia modlitbou a&nbsp;p\u0159&aacute;telstv&iacute;m k&nbsp;tomu, kdo je chud&yacute;, nemocn&yacute; a&nbsp;bezbrann&yacute;. &nbsp; N&aacute;sleduj&iacute;ce tv&eacute;ho p\u0159&iacute;kladu se mnoz&iacute; setkali s&nbsp;P&aacute;nem a&nbsp;zamilovali si nejchud&scaron;&iacute;. &nbsp; &Oacute;&nbsp;blahoslaven&yacute; Jilj&iacute;, pomoz n&aacute;m v&nbsp;t\u011b\u017ekostech \u017eivota naj&iacute;t &uacute;t\u011bchu v&nbsp;bl&iacute;zkosti P&aacute;na a&nbsp;v&nbsp;p\u0159&aacute;telstv&iacute; jeho svat&yacute;ch. Nyn&iacute; i&nbsp;v\u017edycky. Amen.","jetpack_sharing_enabled":true,"jetpack_shortlink":"https:\/\/wp.me\/PawMsT-gu","_links":{"self":[{"href":"https:\/\/www.texty.santegidio.cz\/index.php?rest_route=\/wp\/v2\/pages\/1022","targetHints":{"allow":["GET"]}}],"collection":[{"href":"https:\/\/www.texty.santegidio.cz\/index.php?rest_route=\/wp\/v2\/pages"}],"about":[{"href":"https:\/\/www.texty.santegidio.cz\/index.php?rest_route=\/wp\/v2\/types\/page"}],"author":[{"embeddable":true,"href":"https:\/\/www.texty.santegidio.cz\/index.php?rest_route=\/wp\/v2\/users\/1"}],"replies":[{"embeddable":true,"href":"https:\/\/www.texty.santegidio.cz\/index.php?rest_route=%2Fwp%2Fv2%2Fcomments&post=1022"}],"version-history":[{"count":0,"href":"https:\/\/www.texty.santegidio.cz\/index.php?rest_route=\/wp\/v2\/pages\/1022\/revisions"}],"up":[{"embeddable":true,"href":"https:\/\/www.texty.santegidio.cz\/index.php?rest_route=\/wp\/v2\/pages\/704"}],"wp:attachment":[{"href":"https:\/\/www.texty.santegidio.cz\/index.php?rest_route=%2Fwp%2Fv2%2Fmedia&parent=1022"}],"curies":[{"name":"wp","href":"https:\/\/api.w.org\/{rel}","templated":true}]}}