{"id":1021,"date":"2018-10-10T14:09:34","date_gmt":"2018-10-10T12:09:34","guid":{"rendered":"http:\/\/www.texty.santegidio.cz?page_id=1021"},"modified":"2018-10-10T14:09:34","modified_gmt":"2018-10-10T12:09:34","slug":"modlitba-se-svatym-jiljim","status":"publish","type":"page","link":"https:\/\/www.texty.santegidio.cz\/?page_id=1021","title":{"rendered":"Modlitba se svat\u00fdm Jilj\u00edm"},"content":{"rendered":"<p>&Oacute;&nbsp;Bo\u017ee, kter&yacute; jsi u\u010dinil sv&eacute;ho slu\u017eebn&iacute;ka Jilj&iacute;ho<br \/> milosrdn&yacute;m p\u0159&iacute;mluvcem<br \/> za odpu&scaron;t\u011bn&iacute; h\u0159&iacute;ch\u016f<br \/> a&nbsp;uzdraven&iacute; nemoc&iacute;<br \/> v&scaron;ech lid&iacute;:<br \/> dej tak&eacute; n&aacute;m<br \/> odpu&scaron;t\u011bn&iacute; na&scaron;ich h\u0159&iacute;ch\u016f,<br \/> osvobozen&iacute; z&nbsp;nebezpe\u010d&iacute;<br \/> a&nbsp;vytou\u017een&yacute; pokoj<br \/> v&nbsp;nebesk&eacute; bla\u017eenosti.<br \/> Skrze Krista, na&scaron;eho P&aacute;na.<br \/> Amen.<br \/> <em>(Akvilejsk&yacute; sakrament&aacute;\u0159)<\/em><\/p>\n","protected":false},"excerpt":{"rendered":"<p>&Oacute;&nbsp;Bo\u017ee, kter&yacute; jsi u\u010dinil sv&eacute;ho slu\u017eebn&iacute;ka Jilj&iacute;ho milosrdn&yacute;m p\u0159&iacute;mluvcem za odpu&scaron;t\u011bn&iacute; h\u0159&iacute;ch\u016f a&nbsp;uzdraven&iacute; nemoc&iacute; v&scaron;ech lid&iacute;: dej tak&eacute; n&aacute;m odpu&scaron;t\u011bn&iacute; na&scaron;ich h\u0159&iacute;ch\u016f, osvobozen&iacute; z&nbsp;nebezpe\u010d&iacute; a&nbsp;vytou\u017een&yacute; pokoj v&nbsp;nebesk&eacute; bla\u017eenosti. Skrze Krista, na&scaron;eho P&aacute;na. Amen. (Akvilejsk&yacute; sakrament&aacute;\u0159)<\/p>\n","protected":false},"author":1,"featured_media":0,"parent":704,"menu_order":0,"comment_status":"open","ping_status":"open","template":"","meta":{"_uag_custom_page_level_css":"","jetpack_post_was_ever_published":false,"footnotes":""},"class_list":["post-1021","page","type-page","status-publish"],"uagb_featured_image_src":{"full":false,"thumbnail":false,"medium":false,"medium_large":false,"large":false,"1536x1536":false,"2048x2048":false},"uagb_author_info":{"display_name":"Pavel","author_link":"https:\/\/www.texty.santegidio.cz\/?author=1"},"uagb_comment_info":0,"uagb_excerpt":"&Oacute;&nbsp;Bo\u017ee, kter&yacute; jsi u\u010dinil sv&eacute;ho slu\u017eebn&iacute;ka Jilj&iacute;ho milosrdn&yacute;m p\u0159&iacute;mluvcem za odpu&scaron;t\u011bn&iacute; h\u0159&iacute;ch\u016f a&nbsp;uzdraven&iacute; nemoc&iacute; v&scaron;ech lid&iacute;: dej tak&eacute; n&aacute;m odpu&scaron;t\u011bn&iacute; na&scaron;ich h\u0159&iacute;ch\u016f, osvobozen&iacute; z&nbsp;nebezpe\u010d&iacute; a&nbsp;vytou\u017een&yacute; pokoj v&nbsp;nebesk&eacute; bla\u017eenosti. Skrze Krista, na&scaron;eho P&aacute;na. Amen. (Akvilejsk&yacute; sakrament&aacute;\u0159)","jetpack_sharing_enabled":true,"jetpack_shortlink":"https:\/\/wp.me\/PawMsT-gt","_links":{"self":[{"href":"https:\/\/www.texty.santegidio.cz\/index.php?rest_route=\/wp\/v2\/pages\/1021","targetHints":{"allow":["GET"]}}],"collection":[{"href":"https:\/\/www.texty.santegidio.cz\/index.php?rest_route=\/wp\/v2\/pages"}],"about":[{"href":"https:\/\/www.texty.santegidio.cz\/index.php?rest_route=\/wp\/v2\/types\/page"}],"author":[{"embeddable":true,"href":"https:\/\/www.texty.santegidio.cz\/index.php?rest_route=\/wp\/v2\/users\/1"}],"replies":[{"embeddable":true,"href":"https:\/\/www.texty.santegidio.cz\/index.php?rest_route=%2Fwp%2Fv2%2Fcomments&post=1021"}],"version-history":[{"count":0,"href":"https:\/\/www.texty.santegidio.cz\/index.php?rest_route=\/wp\/v2\/pages\/1021\/revisions"}],"up":[{"embeddable":true,"href":"https:\/\/www.texty.santegidio.cz\/index.php?rest_route=\/wp\/v2\/pages\/704"}],"wp:attachment":[{"href":"https:\/\/www.texty.santegidio.cz\/index.php?rest_route=%2Fwp%2Fv2%2Fmedia&parent=1021"}],"curies":[{"name":"wp","href":"https:\/\/api.w.org\/{rel}","templated":true}]}}