{"id":102,"date":"2018-12-12T10:15:06","date_gmt":"2018-12-12T09:15:06","guid":{"rendered":"http:\/\/www.texty.santegidio.cz?page_id=102"},"modified":"2018-12-12T10:15:07","modified_gmt":"2018-12-12T09:15:07","slug":"zalm-50","status":"publish","type":"page","link":"https:\/\/www.texty.santegidio.cz\/?page_id=102","title":{"rendered":"\u017dalm 50"},"content":{"rendered":"<p>Ob\u011b\u0165 chv\u00e1ly Bohu p\u0159in\u00e1\u0161ej.<\/p>\n<p>&#8211; <sup>1<\/span><\/sup> P\u00e1n mluv\u00ed, P\u00e1n a B\u016fh, a vol\u00e1 zem<br \/>od slunce v\u00fdchodu <strong>a<\/strong>\u017e na z\u00e1pad.<\/p>\n<p>&#8211; <sup>2<\/span><\/sup> Ze Si\u00f3nu, t\u00e9 hory p\u0159ekr\u00e1sn\u00e9,<br \/>se v oslniv\u00e9 z<strong>\u00e1<\/strong>\u0159i zjevuje.<\/p>\n<p>= <sup>3<\/span><\/sup> To p\u0159ich\u00e1z\u00ed n\u00e1\u0161 B\u016fh, a neml\u010d\u00ed,\u2020<br \/>v\u0161espaluj\u00edc\u00ed ohe\u0148 p\u0159ed n\u00edm jde,<br \/>okolo n\u011bho b<strong>ou<\/strong>\u0159e bur\u00e1c\u00ed.<\/p>\n<p>&#8211; <sup>4<\/span><\/sup> Svol\u00e1v\u00e1 shora nebesa i zem,<br \/>odhodl\u00e1n konat nad sv<strong>\u00fd<\/strong>m lidem soud:<\/p>\n<p>&#8211; <sup>5<\/span><\/sup> &bdquo;Shrom\u00e1\u017ed\u011bte mi moje vyvolen\u00e9,<br \/>co p\u0159i ob\u011bti stvrd<strong>i<\/strong>li mou smlouvu!&ldquo;<\/p>\n<p>&#8211; <sup>6<\/span><\/sup> A nebe hl\u00e1s\u00e1 jeho spravedlnost,<br \/>\u017ee on je B\u016fh a pr<strong>\u00e1<\/strong>vem rozsoud\u00ed.<\/p>\n<p>&#8211; <sup>7<\/span><\/sup> &bdquo;Sly\u0161, m\u016fj lide, nyn\u00ed promluv\u00edm!<br \/>Izraeli, proti t<strong>o<\/strong>b\u011b sv\u011bd\u010d\u00edm.<br \/>&#8211; Vin\u00edm t\u011b a soud\u00edm tv\u00e1\u0159\u00ed v tv\u00e1\u0159,<br \/>nebo\u0165 j\u00e1 jsem P\u00e1n a j<strong>\u00e1<\/strong> jsem B\u016fh tv\u016fj!<\/p>\n<p>&#8211; <sup>8<\/span><\/sup> Nek\u00e1r\u00e1m t\u011b pro tv\u00e9 ob\u011bti,<br \/>m\u00e1m tv\u00e9 \u017eertvy st\u00e1le p\u0159<strong>e<\/strong>d o\u010dima.<\/p>\n<p>&#8211; <sup>9<\/span><\/sup> Nevezmu v\u0161ak b\u00fdky z chl\u00e9v\u016f tv\u00fdch,<br \/>ani nechci kozly z tv<strong>\u00e9<\/strong>ho st\u00e1da.<\/p>\n<p>&#8211; <sup>10<\/span><\/sup> V\u017edy\u0165 mi pat\u0159\u00ed v\u0161echna lesn\u00ed zv\u011b\u0159,<br \/>tis\u00edce m\u00e1m zv\u00ed\u0159at n<strong>a<\/strong> sv\u00fdch hor\u00e1ch.<\/p>\n<p>&#8211; <sup>11<\/span><\/sup> Zn\u00e1m i v\u0161echno ptactvo nebesk\u00e9,<br \/>m\u00e9 je v\u0161e, co na p<strong>o<\/strong>l\u00edch se hem\u017e\u00ed.<\/p>\n<p>&#8211; <sup>12<\/span><\/sup> Kdybych la\u010dn\u011bl, tob\u011b nepov\u00edm;<br \/>m\u016fj je sv\u011bt i v\u0161e, co <strong>o<\/strong>bsahuje.<\/p>\n<p>&#8211; <sup>13<\/span><\/sup> Co\u017epak j\u00e1 chci b\u00fd\u010d\u00ed maso j\u00edst,<br \/>co\u017epak se chci nap\u00edt k<strong>o<\/strong>zl\u00ed krve?<\/p>\n<p>&#8211; <sup>14<\/span><\/sup> Ob\u011b\u0165 chv\u00e1ly Bohu p\u0159in\u00e1\u0161ej,<br \/>pl\u0148 sv\u00e9 sliby v\u016f\u010di N<strong>e<\/strong>jvy\u0161\u0161\u00edmu!<\/p>\n<p>&#8211; <sup>15<\/span><\/sup> Ke mn\u011b volej za dn\u016f sou\u017een\u00ed,<br \/>vysvobod\u00edm t\u011b a vzd<strong>\u00e1<\/strong>\u0161 mi \u00factu!&ldquo;<\/p>\n<p>= <sup>16<\/span><\/sup> Kde\u017eto h\u0159\u00ed\u0161n\u00edkovi \u0159ekne B\u016fh:\u2020<br \/>&bdquo;Na\u010d mi od\u0159\u00edk\u00e1v\u00e1\u0161 p\u0159ik\u00e1z\u00e1n\u00ed<br \/>a mou smlouvu darmo b<strong>e<\/strong>re\u0161 do \u00fast,<\/p>\n<p>&#8211; <sup>17<\/span><\/sup> kdy\u017e se vzp\u00edr\u00e1\u0161 m\u00e9mu veden\u00ed,<br \/>odhazuje\u0161 za hl<strong>a<\/strong>vu m\u00e1 slova?<\/p>\n<p>&#8211; <sup>18<\/span><\/sup> Zlod\u011bje kdy\u017e vid\u00ed\u0161, b\u011b\u017e\u00ed\u0161 s n\u00edm,<br \/>s cizolo\u017en\u00edky jsi j<strong>e<\/strong>dna ruka;<\/p>\n<p>&#8211; <sup>19<\/span><\/sup> \u00fasta ke \u0161patnostem otv\u00edr\u00e1\u0161<br \/>a tv\u016fj jazyk osn<strong>u<\/strong>je le\u017e na le\u017e;<\/p>\n<p>&#8211; <sup>20<\/span><\/sup> o sv\u00e9m bratru mluv\u00ed\u0161 hanebn\u011b,<br \/>na syna sv\u00e9 matky k<strong>y<\/strong>d\u00e1\u0161 hanu.<\/p>\n<p>&#8211; <sup>21<\/span><\/sup> Tohle d\u011bl\u00e1\u0161; kdybych k tomu ml\u010del,<br \/>myslil bys, \u017ee j\u00e1 js<strong>e<\/strong>m jako ty.<\/p>\n<p>&#8211; <sup>22<\/span><\/sup> Pochopte, kdo jste Boha zapomn\u011bli,<br \/>ne\u017eli v\u00e1s vyd\u00e1m zk\u00e1ze b<strong>e<\/strong>z \u00faniku!<\/p>\n<p>&#8211; <sup>23<\/span><\/sup> Mne uct\u00edv\u00e1, kdo vzd\u00e1v\u00e1 ob\u011b\u0165 chv\u00e1ly;<br \/>kdo spr\u00e1vn\u011b \u017eije, dojde B<strong>o<\/strong>\u017e\u00ed sp\u00e1sy!&ldquo;<\/p>\n","protected":false},"excerpt":{"rendered":"<p>Ob\u011b\u0165 chv\u00e1ly Bohu p\u0159in\u00e1\u0161ej. &#8211; 1 P\u00e1n mluv\u00ed, P\u00e1n a B\u016fh, a vol\u00e1 zemod slunce v\u00fdchodu a\u017e na z\u00e1pad. &#8211; 2 Ze Si\u00f3nu, t\u00e9 hory p\u0159ekr\u00e1sn\u00e9,se v oslniv\u00e9 z\u00e1\u0159i zjevuje. = 3 To p\u0159ich\u00e1z\u00ed n\u00e1\u0161 B\u016fh, a neml\u010d\u00ed,\u2020v\u0161espaluj\u00edc\u00ed ohe\u0148 p\u0159ed n\u00edm jde,okolo n\u011bho bou\u0159e bur\u00e1c\u00ed. &#8211; 4 Svol\u00e1v\u00e1 shora nebesa i zem,odhodl\u00e1n konat nad sv\u00fdm &#8230; <a title=\"\u017dalm 50\" class=\"read-more\" href=\"https:\/\/www.texty.santegidio.cz\/?page_id=102\" aria-label=\"More on \u017dalm 50\">Read more<\/a><\/p>\n","protected":false},"author":1,"featured_media":0,"parent":29,"menu_order":0,"comment_status":"closed","ping_status":"closed","template":"","meta":{"_uag_custom_page_level_css":"","jetpack_post_was_ever_published":false,"footnotes":""},"class_list":["post-102","page","type-page","status-publish"],"uagb_featured_image_src":{"full":false,"thumbnail":false,"medium":false,"medium_large":false,"large":false,"1536x1536":false,"2048x2048":false},"uagb_author_info":{"display_name":"Pavel","author_link":"https:\/\/www.texty.santegidio.cz\/?author=1"},"uagb_comment_info":0,"uagb_excerpt":"Ob\u011b\u0165 chv\u00e1ly Bohu p\u0159in\u00e1\u0161ej. &#8211; 1 P\u00e1n mluv\u00ed, P\u00e1n a B\u016fh, a vol\u00e1 zemod slunce v\u00fdchodu a\u017e na z\u00e1pad. &#8211; 2 Ze Si\u00f3nu, t\u00e9 hory p\u0159ekr\u00e1sn\u00e9,se v oslniv\u00e9 z\u00e1\u0159i zjevuje. = 3 To p\u0159ich\u00e1z\u00ed n\u00e1\u0161 B\u016fh, a neml\u010d\u00ed,\u2020v\u0161espaluj\u00edc\u00ed ohe\u0148 p\u0159ed n\u00edm jde,okolo n\u011bho bou\u0159e bur\u00e1c\u00ed. &#8211; 4 Svol\u00e1v\u00e1 shora nebesa i zem,odhodl\u00e1n konat nad sv\u00fdm&hellip;","jetpack_sharing_enabled":true,"jetpack_shortlink":"https:\/\/wp.me\/PawMsT-1E","_links":{"self":[{"href":"https:\/\/www.texty.santegidio.cz\/index.php?rest_route=\/wp\/v2\/pages\/102","targetHints":{"allow":["GET"]}}],"collection":[{"href":"https:\/\/www.texty.santegidio.cz\/index.php?rest_route=\/wp\/v2\/pages"}],"about":[{"href":"https:\/\/www.texty.santegidio.cz\/index.php?rest_route=\/wp\/v2\/types\/page"}],"author":[{"embeddable":true,"href":"https:\/\/www.texty.santegidio.cz\/index.php?rest_route=\/wp\/v2\/users\/1"}],"replies":[{"embeddable":true,"href":"https:\/\/www.texty.santegidio.cz\/index.php?rest_route=%2Fwp%2Fv2%2Fcomments&post=102"}],"version-history":[{"count":1,"href":"https:\/\/www.texty.santegidio.cz\/index.php?rest_route=\/wp\/v2\/pages\/102\/revisions"}],"predecessor-version":[{"id":1272,"href":"https:\/\/www.texty.santegidio.cz\/index.php?rest_route=\/wp\/v2\/pages\/102\/revisions\/1272"}],"up":[{"embeddable":true,"href":"https:\/\/www.texty.santegidio.cz\/index.php?rest_route=\/wp\/v2\/pages\/29"}],"wp:attachment":[{"href":"https:\/\/www.texty.santegidio.cz\/index.php?rest_route=%2Fwp%2Fv2%2Fmedia&parent=102"}],"curies":[{"name":"wp","href":"https:\/\/api.w.org\/{rel}","templated":true}]}}