{"id":1017,"date":"2018-10-10T14:09:34","date_gmt":"2018-10-10T12:09:34","guid":{"rendered":"http:\/\/www.texty.santegidio.cz?page_id=1017"},"modified":"2018-10-10T14:09:34","modified_gmt":"2018-10-10T12:09:34","slug":"raduj-se-o-panno","status":"publish","type":"page","link":"https:\/\/www.texty.santegidio.cz\/?page_id=1017","title":{"rendered":"Raduj se, \u00f3 Panno"},"content":{"rendered":"<p>Raduj se, &oacute;&nbsp;Panno, Matko Bo\u017e&iacute;,<br \/> jsi pro n&aacute;s pramenem svat&yacute;ch tajemstv&iacute;,<br \/> jsi hojn&yacute;m zdrojem vody.<br \/> &nbsp;<br \/> Raduj se, &oacute;&nbsp;Panno, Matko Bo\u017e&iacute;,<br \/> p\u0159edstavuje&scaron; prastarou studnici vod<br \/> a&nbsp;sm&yacute;v&aacute;&scaron; skvrny na&scaron;ich h\u0159&iacute;ch\u016f.<br \/> &nbsp;<br \/> Raduj se, &oacute;&nbsp;Panno, Matko Bo\u017e&iacute;,<br \/> studnice, kter&aacute; o\u010dis\u0165uje srdce,<br \/> prameni, z&nbsp;n\u011bho\u017e st&aacute;le pr&yacute;&scaron;t&iacute; radost,<br \/> nyn&iacute; i&nbsp;v\u017edycky.<br \/> Amen.<br \/> <em>(Hymnus Akathistos)<\/em><\/p>\n<p><\/p>\n","protected":false},"excerpt":{"rendered":"<p>Raduj se, &oacute;&nbsp;Panno, Matko Bo\u017e&iacute;, jsi pro n&aacute;s pramenem svat&yacute;ch tajemstv&iacute;, jsi hojn&yacute;m zdrojem vody. &nbsp; Raduj se, &oacute;&nbsp;Panno, Matko Bo\u017e&iacute;, p\u0159edstavuje&scaron; prastarou studnici vod a&nbsp;sm&yacute;v&aacute;&scaron; skvrny na&scaron;ich h\u0159&iacute;ch\u016f. &nbsp; Raduj se, &oacute;&nbsp;Panno, Matko Bo\u017e&iacute;, studnice, kter&aacute; o\u010dis\u0165uje srdce, prameni, z&nbsp;n\u011bho\u017e st&aacute;le pr&yacute;&scaron;t&iacute; radost, nyn&iacute; i&nbsp;v\u017edycky. Amen. (Hymnus Akathistos)<\/p>\n","protected":false},"author":1,"featured_media":0,"parent":704,"menu_order":0,"comment_status":"open","ping_status":"open","template":"","meta":{"_uag_custom_page_level_css":"","jetpack_post_was_ever_published":false,"footnotes":""},"class_list":["post-1017","page","type-page","status-publish"],"uagb_featured_image_src":{"full":false,"thumbnail":false,"medium":false,"medium_large":false,"large":false,"1536x1536":false,"2048x2048":false},"uagb_author_info":{"display_name":"Pavel","author_link":"https:\/\/www.texty.santegidio.cz\/?author=1"},"uagb_comment_info":0,"uagb_excerpt":"Raduj se, &oacute;&nbsp;Panno, Matko Bo\u017e&iacute;, jsi pro n&aacute;s pramenem svat&yacute;ch tajemstv&iacute;, jsi hojn&yacute;m zdrojem vody. &nbsp; Raduj se, &oacute;&nbsp;Panno, Matko Bo\u017e&iacute;, p\u0159edstavuje&scaron; prastarou studnici vod a&nbsp;sm&yacute;v&aacute;&scaron; skvrny na&scaron;ich h\u0159&iacute;ch\u016f. &nbsp; Raduj se, &oacute;&nbsp;Panno, Matko Bo\u017e&iacute;, studnice, kter&aacute; o\u010dis\u0165uje srdce, prameni, z&nbsp;n\u011bho\u017e st&aacute;le pr&yacute;&scaron;t&iacute; radost, nyn&iacute; i&nbsp;v\u017edycky. Amen. (Hymnus Akathistos)","jetpack_sharing_enabled":true,"jetpack_shortlink":"https:\/\/wp.me\/PawMsT-gp","_links":{"self":[{"href":"https:\/\/www.texty.santegidio.cz\/index.php?rest_route=\/wp\/v2\/pages\/1017","targetHints":{"allow":["GET"]}}],"collection":[{"href":"https:\/\/www.texty.santegidio.cz\/index.php?rest_route=\/wp\/v2\/pages"}],"about":[{"href":"https:\/\/www.texty.santegidio.cz\/index.php?rest_route=\/wp\/v2\/types\/page"}],"author":[{"embeddable":true,"href":"https:\/\/www.texty.santegidio.cz\/index.php?rest_route=\/wp\/v2\/users\/1"}],"replies":[{"embeddable":true,"href":"https:\/\/www.texty.santegidio.cz\/index.php?rest_route=%2Fwp%2Fv2%2Fcomments&post=1017"}],"version-history":[{"count":0,"href":"https:\/\/www.texty.santegidio.cz\/index.php?rest_route=\/wp\/v2\/pages\/1017\/revisions"}],"up":[{"embeddable":true,"href":"https:\/\/www.texty.santegidio.cz\/index.php?rest_route=\/wp\/v2\/pages\/704"}],"wp:attachment":[{"href":"https:\/\/www.texty.santegidio.cz\/index.php?rest_route=%2Fwp%2Fv2%2Fmedia&parent=1017"}],"curies":[{"name":"wp","href":"https:\/\/api.w.org\/{rel}","templated":true}]}}